{"id":2167,"date":"2025-06-28T12:05:48","date_gmt":"2025-06-28T10:05:48","guid":{"rendered":"https:\/\/uj.adatbank.ro\/lexikon\/termek\/banffy-farkas-losonczi-br\/"},"modified":"2025-06-28T12:05:48","modified_gmt":"2025-06-28T10:05:48","slug":"banffy-farkas-losonczi-br","status":"publish","type":"product","link":"https:\/\/uj.adatbank.ro\/lexikon\/termek\/banffy-farkas-losonczi-br\/","title":{"rendered":"B\u00c1NFFY Farkas, losonczi br."},"content":{"rendered":"<p>Szenttelke, 1566., \u2020\u00a01591: dob\u00f3kai f\u0151isp\u00e1n. \u2013 Feles\u00e9ge: Bethlen Kl\u00e1ra (Keresd, 1568. jan. 11.- Boncida 1589, lefejezt\u00e9k). \u2013 \u0150 \u00e9s testv\u00e9re Krist\u00f3f \u00faj adom\u00e1nyt kaptak t\u00f6bb falu \u00e9s r\u00e9szj\u00f3sz\u00e1gra (1578. \u00e1pr. 9.) t\u00f6bbek k\u00f6z\u00f6tt Magyar\u00f3n \u00e9s Holtmaroson. B\u00e1thori Krist\u00f3f Petky Mih\u00e1ly hely\u00e9be udvarhelysz\u00e9ki kir\u00e1lyb\u00edr\u00f3v\u00e1 \u00e9s udvarhelyi v\u00e1rkap\u00edt\u00e1nny\u00e1 nevezte ki (1580. j\u00fal. 4.). Cs\u00edk-Gyergy\u00f3-K\u00e1szon-sz\u00e9k kir\u00e1lyb\u00edr\u00e1ja (1583.).<br \/><strong>Irod.:<\/strong> Gudenus; Horn Ildik\u00f3: Erd\u00e9lyi unit. 16. sz.; Kempelen; Nagy Iv\u00e1n; P\u00e1l-Antal 2002<\/br><\/p>\n","protected":false},"excerpt":{"rendered":"<p>Szenttelke, 1566., \u2020\u00a01591: dob\u00f3kai f\u0151isp\u00e1n. \u2013 Feles\u00e9ge: Bethlen Kl\u00e1ra (Keresd, 1568. jan. 11.- Boncida 1589, lefejezt\u00e9k). \u2013 \u0150 \u00e9s testv\u00e9re Krist\u00f3f \u00faj adom\u00e1nyt kaptak t\u00f6bb falu \u00e9s r\u00e9szj\u00f3sz\u00e1gra (1578. \u00e1pr. 9.) t\u00f6bbek k\u00f6z\u00f6tt Magyar\u00f3n \u00e9s Holtmaroson. B\u00e1thori Krist\u00f3f Petky Mih\u00e1ly hely\u00e9be udvarhelysz\u00e9ki kir\u00e1lyb\u00edr\u00f3v\u00e1 \u00e9s udvarhelyi v\u00e1rkap\u00edt\u00e1nny\u00e1 nevezte ki (1580. j\u00fal. 4.). Cs\u00edk-Gyergy\u00f3-K\u00e1szon-sz\u00e9k kir\u00e1lyb\u00edr\u00e1ja (1583.).Irod.: Gudenus; [&hellip;]<\/p>\n","protected":false},"featured_media":0,"comment_status":"open","ping_status":"closed","template":"","meta":[],"product_brand":[],"product_cat":[137],"product_tag":[],"class_list":{"0":"post-2167","1":"product","2":"type-product","3":"status-publish","5":"product_cat-maros-megyei-eletrajzi-lexikon","7":"first","8":"instock","9":"shipping-taxable","10":"product-type-simple"},"_links":{"self":[{"href":"https:\/\/uj.adatbank.ro\/lexikon\/wp-json\/wp\/v2\/product\/2167","targetHints":{"allow":["GET"]}}],"collection":[{"href":"https:\/\/uj.adatbank.ro\/lexikon\/wp-json\/wp\/v2\/product"}],"about":[{"href":"https:\/\/uj.adatbank.ro\/lexikon\/wp-json\/wp\/v2\/types\/product"}],"replies":[{"embeddable":true,"href":"https:\/\/uj.adatbank.ro\/lexikon\/wp-json\/wp\/v2\/comments?post=2167"}],"wp:attachment":[{"href":"https:\/\/uj.adatbank.ro\/lexikon\/wp-json\/wp\/v2\/media?parent=2167"}],"wp:term":[{"taxonomy":"product_brand","embeddable":true,"href":"https:\/\/uj.adatbank.ro\/lexikon\/wp-json\/wp\/v2\/product_brand?post=2167"},{"taxonomy":"product_cat","embeddable":true,"href":"https:\/\/uj.adatbank.ro\/lexikon\/wp-json\/wp\/v2\/product_cat?post=2167"},{"taxonomy":"product_tag","embeddable":true,"href":"https:\/\/uj.adatbank.ro\/lexikon\/wp-json\/wp\/v2\/product_tag?post=2167"}],"curies":[{"name":"wp","href":"https:\/\/api.w.org\/{rel}","templated":true}]}}