{"id":21672,"date":"2025-07-22T19:33:23","date_gmt":"2025-07-22T17:33:23","guid":{"rendered":"https:\/\/uj.adatbank.ro\/lexikon\/termek\/szavics-karoly\/"},"modified":"2025-07-22T19:33:23","modified_gmt":"2025-07-22T17:33:23","slug":"szavics-karoly","status":"publish","type":"product","link":"https:\/\/uj.adatbank.ro\/lexikon\/termek\/szavics-karoly\/","title":{"rendered":"SZ\u00c1VICS K\u00e1roly"},"content":{"rendered":"<p>Mv., 1950, \u00e1pr. 14 \u2020 Kv., 1999. m\u00e1rc. 9: tan\u00e1r. \u2013 Mv.-en a Pedag\u00f3giai F\u0151iskola rom\u00e1n\u2013magyar szak\u00e1n v\u00e9gzett (1973), majd Kv.-on a BBTE magyar\u2013n\u00e9met szak\u00e1n (1982). Tan\u00edtott Feny\u0151kuton, Erd\u0151csin\u00e1d, Koronka, Kocs\u00e1rd, Mez\u0151cs\u00e1v\u00e1s, Mv.-i i 3. iskola (1974\u201395); A csal\u00e1d Kv.-ra k\u00f6lt\u00f6z\u00f6tt \u00e9s a B\u00e1thory Istv\u00e1n elm\u00e9leti L\u00edceumban tan\u00edtott (1995). a Goethe Int\u00e9zet \u00f6szt\u00f6nd\u00edjasa volt (1996). Rajzolt, verset \u00edrt, f\u0151iskol\u00e1s kor\u00e1ban az Athenaeum c. lap magyar oldalait szerkesztette. Ott jelent meg egy B\u00f6ll \u2013 ford\u00edt\u00e1sa (B\u00fas a k\u00e9pem). K\u00f6z\u00f6lt az Utunkban, a L\u00e1t\u00f3ban, az \u00c9let \u00e9s Irodalomban, az \u00daj \u00cdr\u00e1sban, de f\u0151leg az aradi lapban. J\u00e1rt Kov\u00e1cs Levent\u00e9hez \u201edi\u00e1ksz\u00ednj\u00e1tszani\u201d az Apoll\u00f3 palot\u00e1ba (1971). \u2013 <strong>F. m.<\/strong>: \u00c1gak az \u0151sz fogas\u00e1n (Arad, 2001). <br \/><strong>Irod.:<\/strong> B. D.: Sz\u00e1vics (N\u00fa. 2002 okt. 26); RMKK.<\/br><\/p>\n","protected":false},"excerpt":{"rendered":"<p>Mv., 1950, \u00e1pr. 14 \u2020 Kv., 1999. m\u00e1rc. 9: tan\u00e1r. \u2013 Mv.-en a Pedag\u00f3giai F\u0151iskola rom\u00e1n\u2013magyar szak\u00e1n v\u00e9gzett (1973), majd Kv.-on a BBTE magyar\u2013n\u00e9met szak\u00e1n (1982). Tan\u00edtott Feny\u0151kuton, Erd\u0151csin\u00e1d, Koronka, Kocs\u00e1rd, Mez\u0151cs\u00e1v\u00e1s, Mv.-i i 3. iskola (1974\u201395); A csal\u00e1d Kv.-ra k\u00f6lt\u00f6z\u00f6tt \u00e9s a B\u00e1thory Istv\u00e1n elm\u00e9leti L\u00edceumban tan\u00edtott (1995). a Goethe Int\u00e9zet \u00f6szt\u00f6nd\u00edjasa volt (1996). [&hellip;]<\/p>\n","protected":false},"featured_media":0,"comment_status":"open","ping_status":"closed","template":"","meta":[],"product_brand":[],"product_cat":[137],"product_tag":[],"class_list":{"0":"post-21672","1":"product","2":"type-product","3":"status-publish","5":"product_cat-maros-megyei-eletrajzi-lexikon","7":"first","8":"instock","9":"shipping-taxable","10":"product-type-simple"},"_links":{"self":[{"href":"https:\/\/uj.adatbank.ro\/lexikon\/wp-json\/wp\/v2\/product\/21672","targetHints":{"allow":["GET"]}}],"collection":[{"href":"https:\/\/uj.adatbank.ro\/lexikon\/wp-json\/wp\/v2\/product"}],"about":[{"href":"https:\/\/uj.adatbank.ro\/lexikon\/wp-json\/wp\/v2\/types\/product"}],"replies":[{"embeddable":true,"href":"https:\/\/uj.adatbank.ro\/lexikon\/wp-json\/wp\/v2\/comments?post=21672"}],"wp:attachment":[{"href":"https:\/\/uj.adatbank.ro\/lexikon\/wp-json\/wp\/v2\/media?parent=21672"}],"wp:term":[{"taxonomy":"product_brand","embeddable":true,"href":"https:\/\/uj.adatbank.ro\/lexikon\/wp-json\/wp\/v2\/product_brand?post=21672"},{"taxonomy":"product_cat","embeddable":true,"href":"https:\/\/uj.adatbank.ro\/lexikon\/wp-json\/wp\/v2\/product_cat?post=21672"},{"taxonomy":"product_tag","embeddable":true,"href":"https:\/\/uj.adatbank.ro\/lexikon\/wp-json\/wp\/v2\/product_tag?post=21672"}],"curies":[{"name":"wp","href":"https:\/\/api.w.org\/{rel}","templated":true}]}}

SZÁVICS Károly

<p>Mv., 1950, ápr. 14 † Kv., 1999. márc. 9: tanár. – Mv.-en a Pedagógiai Főiskola román–magyar szakán végzett (1973), majd Kv.-on a BBTE magyar–német szakán (1982). Tanított Fenyőkuton, Erdőcsinád, Koronka, Kocsárd, Mezőcsávás, Mv.-i i 3. iskola (1974–95); A család Kv.-ra költözött és a Báthory István elméleti Líceumban tanított (1995). a Goethe Intézet ösztöndíjasa volt (1996). Rajzolt, verset írt, főiskolás korában az Athenaeum c. lap magyar oldalait szerkesztette. Ott jelent meg egy Böll – fordítása (Bús a képem). Közölt az Utunkban, a Látóban, az Élet és Irodalomban, az Új Írásban, de főleg az aradi lapban. Járt Kovács Leventéhez „diákszínjátszani” az Apolló palotába (1971). – <strong>F. m.</strong>: Ágak az ősz fogasán (Arad, 2001). <br /><strong>Irod.:</strong> B. D.: Szávics (Nú. 2002 okt. 26); RMKK.</br></p>

<p>Mv., 1950, ápr. 14 † Kv., 1999. márc. 9: tanár. – Mv.-en a Pedagógiai Főiskola román–magyar szakán végzett (1973), majd Kv.-on a BBTE magyar–német szakán (1982). Tanított Fenyőkuton, Erdőcsinád, Koronka, Kocsárd, Mezőcsávás, Mv.-i i 3. iskola (1974–95); A család Kv.-ra költözött és a Báthory István elméleti Líceumban tanított (1995). a Goethe Intézet ösztöndíjasa volt (1996). [&hellip;]</p>
