{"id":21678,"date":"2025-07-22T19:33:34","date_gmt":"2025-07-22T17:33:34","guid":{"rendered":"https:\/\/uj.adatbank.ro\/lexikon\/termek\/szechenyi-istvan-gr\/"},"modified":"2025-07-22T19:33:34","modified_gmt":"2025-07-22T17:33:34","slug":"szechenyi-istvan-gr","status":"publish","type":"product","link":"https:\/\/uj.adatbank.ro\/lexikon\/termek\/szechenyi-istvan-gr\/","title":{"rendered":"SZ\u00c9CHENYI Istv\u00e1n, gr."},"content":{"rendered":"<p>B\u00e9cs, 1791. szept. 21., \u2020\u00a0D\u00f6bling, 1860. \u00e1pr. 8.: politikus, \u00edr\u00f3, f\u0151nemes, miniszter, a legnagyobb m. \u2013 F\u0151 \u00e9rdemei: a MTA megalap\u00edt\u00e1sa, a Duna haj\u00f3zhat\u00f3v\u00e1 t\u00e9tele, a L\u00e1nch\u00edd \u00e9p\u00edt\u00e9se. A mv.-i Kaszin\u00f3 tiszteletbeli tagj\u00e1nak v\u00e1lasztott\u00e1k gr. Toldalagi Ferenc javaslat\u00e1ra (1835). Teleki Domokos szem\u00e9lyesen adta \u00e1t a felk\u00e9r\u00e9st, amit k\u00f6sz\u00f6nettel elfogadott. Hal\u00e1la h\u00edr\u00e9re gy\u00e1sz\u00fcnnep\u00e9lyt tartottak orsz\u00e1gszerte \u00e9s Mv.-en is (1860. m\u00e1j. 12.). A fels\u0151kereskedelmi iskol\u00e1t r\u00f3la nevezt\u00e9k el (1911). A KZST Sz\u00e9chenyi eml\u00e9k\u00fcnneps\u00e9get rendezett (1941). Ma Mv.-en utca viseli a nev\u00e9t. <br \/><strong>Irod.:<\/strong> Id\u0151t\u00e1r 1; Id\u0151t\u00e1r 3, Kem\u00e9ny Zs.; M\u00e1th\u00e9 Levente; Ol\u00e1h-G\u00e1l R\u00f3bert: Bolyai J\u00e1nos, Sz. I. \u00e9s Teleki Domokos. (N\u00fa., Sz\u00ednes Vil\u00e1g, 2010. m\u00e1rc. 13.); Szentgy\u00f6rgyi.<\/br><\/p>\n","protected":false},"excerpt":{"rendered":"<p>B\u00e9cs, 1791. szept. 21., \u2020\u00a0D\u00f6bling, 1860. \u00e1pr. 8.: politikus, \u00edr\u00f3, f\u0151nemes, miniszter, a legnagyobb m. \u2013 F\u0151 \u00e9rdemei: a MTA megalap\u00edt\u00e1sa, a Duna haj\u00f3zhat\u00f3v\u00e1 t\u00e9tele, a L\u00e1nch\u00edd \u00e9p\u00edt\u00e9se. A mv.-i Kaszin\u00f3 tiszteletbeli tagj\u00e1nak v\u00e1lasztott\u00e1k gr. Toldalagi Ferenc javaslat\u00e1ra (1835). Teleki Domokos szem\u00e9lyesen adta \u00e1t a felk\u00e9r\u00e9st, amit k\u00f6sz\u00f6nettel elfogadott. Hal\u00e1la h\u00edr\u00e9re gy\u00e1sz\u00fcnnep\u00e9lyt tartottak orsz\u00e1gszerte \u00e9s [&hellip;]<\/p>\n","protected":false},"featured_media":0,"comment_status":"open","ping_status":"closed","template":"","meta":[],"product_brand":[],"product_cat":[137],"product_tag":[],"class_list":{"0":"post-21678","1":"product","2":"type-product","3":"status-publish","5":"product_cat-maros-megyei-eletrajzi-lexikon","7":"first","8":"instock","9":"shipping-taxable","10":"product-type-simple"},"_links":{"self":[{"href":"https:\/\/uj.adatbank.ro\/lexikon\/wp-json\/wp\/v2\/product\/21678","targetHints":{"allow":["GET"]}}],"collection":[{"href":"https:\/\/uj.adatbank.ro\/lexikon\/wp-json\/wp\/v2\/product"}],"about":[{"href":"https:\/\/uj.adatbank.ro\/lexikon\/wp-json\/wp\/v2\/types\/product"}],"replies":[{"embeddable":true,"href":"https:\/\/uj.adatbank.ro\/lexikon\/wp-json\/wp\/v2\/comments?post=21678"}],"wp:attachment":[{"href":"https:\/\/uj.adatbank.ro\/lexikon\/wp-json\/wp\/v2\/media?parent=21678"}],"wp:term":[{"taxonomy":"product_brand","embeddable":true,"href":"https:\/\/uj.adatbank.ro\/lexikon\/wp-json\/wp\/v2\/product_brand?post=21678"},{"taxonomy":"product_cat","embeddable":true,"href":"https:\/\/uj.adatbank.ro\/lexikon\/wp-json\/wp\/v2\/product_cat?post=21678"},{"taxonomy":"product_tag","embeddable":true,"href":"https:\/\/uj.adatbank.ro\/lexikon\/wp-json\/wp\/v2\/product_tag?post=21678"}],"curies":[{"name":"wp","href":"https:\/\/api.w.org\/{rel}","templated":true}]}}

SZÉCHENYI István, gr.

<p>Bécs, 1791. szept. 21., † Döbling, 1860. ápr. 8.: politikus, író, főnemes, miniszter, a legnagyobb m. – Fő érdemei: a MTA megalapítása, a Duna hajózhatóvá tétele, a Lánchíd építése. A mv.-i Kaszinó tiszteletbeli tagjának választották gr. Toldalagi Ferenc javaslatára (1835). Teleki Domokos személyesen adta át a felkérést, amit köszönettel elfogadott. Halála hírére gyászünnepélyt tartottak országszerte és Mv.-en is (1860. máj. 12.). A felsőkereskedelmi iskolát róla nevezték el (1911). A KZST Széchenyi emlékünnepséget rendezett (1941). Ma Mv.-en utca viseli a nevét. <br /><strong>Irod.:</strong> Időtár 1; Időtár 3, Kemény Zs.; Máthé Levente; Oláh-Gál Róbert: Bolyai János, Sz. I. és Teleki Domokos. (Nú., Színes Világ, 2010. márc. 13.); Szentgyörgyi.</br></p>

<p>Bécs, 1791. szept. 21., † Döbling, 1860. ápr. 8.: politikus, író, főnemes, miniszter, a legnagyobb m. – Fő érdemei: a MTA megalapítása, a Duna hajózhatóvá tétele, a Lánchíd építése. A mv.-i Kaszinó tiszteletbeli tagjának választották gr. Toldalagi Ferenc javaslatára (1835). Teleki Domokos személyesen adta át a felkérést, amit köszönettel elfogadott. Halála hírére gyászünnepélyt tartottak országszerte és [&hellip;]</p>
