{"id":2168,"date":"2025-06-28T12:05:50","date_gmt":"2025-06-28T10:05:50","guid":{"rendered":"https:\/\/uj.adatbank.ro\/lexikon\/termek\/banffy-farkas-losonczi-br-2\/"},"modified":"2025-06-28T12:05:50","modified_gmt":"2025-06-28T10:05:50","slug":"banffy-farkas-losonczi-br-2","status":"publish","type":"product","link":"https:\/\/uj.adatbank.ro\/lexikon\/termek\/banffy-farkas-losonczi-br-2\/","title":{"rendered":"B\u00c1NFFY Farkas, losonczi, br."},"content":{"rendered":"<p>? \u2020\u00a0Kerel\u0151szentp\u00e1l, 1575. j\u00fal. 9: f\u0151isp\u00e1n, fejedelmi tan\u00e1csos, t\u00e1bornok, kir\u00e1lyb\u00edr\u00f3. \u2013 Feles\u00e9ge: Bethlen Kl\u00e1ra. Fi\u00fak: Ferenc. \u2013 Dob\u00f3ka vm. f\u0151isp\u00e1n, udvarhelyi v\u00e1rkapit\u00e1ny Szapolyai Zsigmond \u00e9s B\u00e1thori Krist\u00f3f tan\u00e1csosa, vez\u00e9nyl\u0151 t\u00e1bornok, Maros-Udvarhelyi kir\u00e1lyb\u00edr\u00f3 volt. Szapolyai hal\u00e1la ut\u00e1n B\u00e1thori Istv\u00e1n mellett harcolt Bekes G\u00e1sp\u00e1r ellen, Szentp\u00e1ln\u00e1l esett el. <br \/><strong>Irod.:<\/strong> Horn Ildik\u00f3: Erd\u00e9lyi unit. 16. sz.; Nagy Iv\u00e1n; P\u00e1l-Antal 2002<\/br><\/p>\n","protected":false},"excerpt":{"rendered":"<p>? \u2020\u00a0Kerel\u0151szentp\u00e1l, 1575. j\u00fal. 9: f\u0151isp\u00e1n, fejedelmi tan\u00e1csos, t\u00e1bornok, kir\u00e1lyb\u00edr\u00f3. \u2013 Feles\u00e9ge: Bethlen Kl\u00e1ra. Fi\u00fak: Ferenc. \u2013 Dob\u00f3ka vm. f\u0151isp\u00e1n, udvarhelyi v\u00e1rkapit\u00e1ny Szapolyai Zsigmond \u00e9s B\u00e1thori Krist\u00f3f tan\u00e1csosa, vez\u00e9nyl\u0151 t\u00e1bornok, Maros-Udvarhelyi kir\u00e1lyb\u00edr\u00f3 volt. Szapolyai hal\u00e1la ut\u00e1n B\u00e1thori Istv\u00e1n mellett harcolt Bekes G\u00e1sp\u00e1r ellen, Szentp\u00e1ln\u00e1l esett el. Irod.: Horn Ildik\u00f3: Erd\u00e9lyi unit. 16. sz.; Nagy Iv\u00e1n; [&hellip;]<\/p>\n","protected":false},"featured_media":0,"comment_status":"open","ping_status":"closed","template":"","meta":[],"product_brand":[],"product_cat":[137],"product_tag":[],"class_list":{"0":"post-2168","1":"product","2":"type-product","3":"status-publish","5":"product_cat-maros-megyei-eletrajzi-lexikon","7":"first","8":"instock","9":"shipping-taxable","10":"product-type-simple"},"_links":{"self":[{"href":"https:\/\/uj.adatbank.ro\/lexikon\/wp-json\/wp\/v2\/product\/2168","targetHints":{"allow":["GET"]}}],"collection":[{"href":"https:\/\/uj.adatbank.ro\/lexikon\/wp-json\/wp\/v2\/product"}],"about":[{"href":"https:\/\/uj.adatbank.ro\/lexikon\/wp-json\/wp\/v2\/types\/product"}],"replies":[{"embeddable":true,"href":"https:\/\/uj.adatbank.ro\/lexikon\/wp-json\/wp\/v2\/comments?post=2168"}],"wp:attachment":[{"href":"https:\/\/uj.adatbank.ro\/lexikon\/wp-json\/wp\/v2\/media?parent=2168"}],"wp:term":[{"taxonomy":"product_brand","embeddable":true,"href":"https:\/\/uj.adatbank.ro\/lexikon\/wp-json\/wp\/v2\/product_brand?post=2168"},{"taxonomy":"product_cat","embeddable":true,"href":"https:\/\/uj.adatbank.ro\/lexikon\/wp-json\/wp\/v2\/product_cat?post=2168"},{"taxonomy":"product_tag","embeddable":true,"href":"https:\/\/uj.adatbank.ro\/lexikon\/wp-json\/wp\/v2\/product_tag?post=2168"}],"curies":[{"name":"wp","href":"https:\/\/api.w.org\/{rel}","templated":true}]}}

BÁNFFY Farkas, losonczi, br.

<p>? † Kerelőszentpál, 1575. júl. 9: főispán, fejedelmi tanácsos, tábornok, királybíró. – Felesége: Bethlen Klára. Fiúk: Ferenc. – Dobóka vm. főispán, udvarhelyi várkapitány Szapolyai Zsigmond és Báthori Kristóf tanácsosa, vezénylő tábornok, Maros-Udvarhelyi királybíró volt. Szapolyai halála után Báthori István mellett harcolt Bekes Gáspár ellen, Szentpálnál esett el. <br /><strong>Irod.:</strong> Horn Ildikó: Erdélyi unit. 16. sz.; Nagy Iván; Pál-Antal 2002</br></p>

<p>? † Kerelőszentpál, 1575. júl. 9: főispán, fejedelmi tanácsos, tábornok, királybíró. – Felesége: Bethlen Klára. Fiúk: Ferenc. – Dobóka vm. főispán, udvarhelyi várkapitány Szapolyai Zsigmond és Báthori Kristóf tanácsosa, vezénylő tábornok, Maros-Udvarhelyi királybíró volt. Szapolyai halála után Báthori István mellett harcolt Bekes Gáspár ellen, Szentpálnál esett el. Irod.: Horn Ildikó: Erdélyi unit. 16. sz.; Nagy Iván; [&hellip;]</p>
