{"id":21680,"date":"2025-07-22T19:33:37","date_gmt":"2025-07-22T17:33:37","guid":{"rendered":"https:\/\/uj.adatbank.ro\/lexikon\/termek\/szecsenyi-tamas\/"},"modified":"2025-07-22T19:33:37","modified_gmt":"2025-07-22T17:33:37","slug":"szecsenyi-tamas","status":"publish","type":"product","link":"https:\/\/uj.adatbank.ro\/lexikon\/termek\/szecsenyi-tamas\/","title":{"rendered":"SZ\u00c9CS\u00c9NYI Tam\u00e1s"},"content":{"rendered":"<p>1299., \u2020\u00a01354.: mester, erd\u00e9lyi vajda. \u2013 A K\u00e1csics nemzets\u00e9g tagja. Erd\u00e9lyi vajda (1321\u201342). K\u00e1roly R\u00f3bert kir\u00e1lyt\u00f3l kapta Gernyeszeget (1319). A csal\u00e1d kez\u00e9n volt (\u20131395), ekkor Sz\u00e9cs\u00e9nyi Frank vajda a maga \u00e9s rokonai nev\u00e9ben Gernyeszeget, S\u00e1romberk\u00e9t, Neb\u00e1ncsot (ma Lib\u00e1ncs) \u00e9s Ebest elcser\u00e9te Zsigmond kir\u00e1llyal a Beszterce k\u00f6zel\u00e9ben lev\u0151 Harina, Bilak \u00e9s Nec birtok\u00e1\u00e9rt. Gernyeszeg 10 \u00e9vig maradt kir. birtok, ekkor (1405. j\u00fan 21) Somkereki Erd\u00e9lyi Antal kapta. A mai sz\u00e1szr\u00e9geni \u00e1g. ev. templomot \u00e9p\u00edttette, \u00c9szak-erd\u00e9lyi birtokai 20 faluban Beszterce k\u00f6zel\u00e9t\u0151l a Marossz\u00e9k hat\u00e1r\u00e1ban lev\u0151 mai V\u00e1rhegyig terjedtek. <br \/><strong>Irod.:<\/strong> Aranka; B\u00f6jthe Andor; Kelemen 2009; Nagy-Bod\u00f3 Tibor: A Telekiek \u0151si f\u00e9szke (K\u00f6zpont, 2016. j\u00fan. 16\u201322.); \u00daj \u00c9let (1971. 11. sz.).<\/br><\/p>\n","protected":false},"excerpt":{"rendered":"<p>1299., \u2020\u00a01354.: mester, erd\u00e9lyi vajda. \u2013 A K\u00e1csics nemzets\u00e9g tagja. Erd\u00e9lyi vajda (1321\u201342). K\u00e1roly R\u00f3bert kir\u00e1lyt\u00f3l kapta Gernyeszeget (1319). A csal\u00e1d kez\u00e9n volt (\u20131395), ekkor Sz\u00e9cs\u00e9nyi Frank vajda a maga \u00e9s rokonai nev\u00e9ben Gernyeszeget, S\u00e1romberk\u00e9t, Neb\u00e1ncsot (ma Lib\u00e1ncs) \u00e9s Ebest elcser\u00e9te Zsigmond kir\u00e1llyal a Beszterce k\u00f6zel\u00e9ben lev\u0151 Harina, Bilak \u00e9s Nec birtok\u00e1\u00e9rt. Gernyeszeg 10 \u00e9vig [&hellip;]<\/p>\n","protected":false},"featured_media":0,"comment_status":"open","ping_status":"closed","template":"","meta":[],"product_brand":[],"product_cat":[137],"product_tag":[],"class_list":{"0":"post-21680","1":"product","2":"type-product","3":"status-publish","5":"product_cat-maros-megyei-eletrajzi-lexikon","7":"first","8":"instock","9":"shipping-taxable","10":"product-type-simple"},"_links":{"self":[{"href":"https:\/\/uj.adatbank.ro\/lexikon\/wp-json\/wp\/v2\/product\/21680","targetHints":{"allow":["GET"]}}],"collection":[{"href":"https:\/\/uj.adatbank.ro\/lexikon\/wp-json\/wp\/v2\/product"}],"about":[{"href":"https:\/\/uj.adatbank.ro\/lexikon\/wp-json\/wp\/v2\/types\/product"}],"replies":[{"embeddable":true,"href":"https:\/\/uj.adatbank.ro\/lexikon\/wp-json\/wp\/v2\/comments?post=21680"}],"wp:attachment":[{"href":"https:\/\/uj.adatbank.ro\/lexikon\/wp-json\/wp\/v2\/media?parent=21680"}],"wp:term":[{"taxonomy":"product_brand","embeddable":true,"href":"https:\/\/uj.adatbank.ro\/lexikon\/wp-json\/wp\/v2\/product_brand?post=21680"},{"taxonomy":"product_cat","embeddable":true,"href":"https:\/\/uj.adatbank.ro\/lexikon\/wp-json\/wp\/v2\/product_cat?post=21680"},{"taxonomy":"product_tag","embeddable":true,"href":"https:\/\/uj.adatbank.ro\/lexikon\/wp-json\/wp\/v2\/product_tag?post=21680"}],"curies":[{"name":"wp","href":"https:\/\/api.w.org\/{rel}","templated":true}]}}

SZÉCSÉNYI Tamás

<p>1299., † 1354.: mester, erdélyi vajda. – A Kácsics nemzetség tagja. Erdélyi vajda (1321–42). Károly Róbert királytól kapta Gernyeszeget (1319). A család kezén volt (–1395), ekkor Szécsényi Frank vajda a maga és rokonai nevében Gernyeszeget, Sáromberkét, Nebáncsot (ma Libáncs) és Ebest elcseréte Zsigmond királlyal a Beszterce közelében levő Harina, Bilak és Nec birtokáért. Gernyeszeg 10 évig maradt kir. birtok, ekkor (1405. jún 21) Somkereki Erdélyi Antal kapta. A mai szászrégeni ág. ev. templomot építtette, Észak-erdélyi birtokai 20 faluban Beszterce közelétől a Marosszék határában levő mai Várhegyig terjedtek. <br /><strong>Irod.:</strong> Aranka; Böjthe Andor; Kelemen 2009; Nagy-Bodó Tibor: A Telekiek ősi fészke (Központ, 2016. jún. 16–22.); Új Élet (1971. 11. sz.).</br></p>

<p>1299., † 1354.: mester, erdélyi vajda. – A Kácsics nemzetség tagja. Erdélyi vajda (1321–42). Károly Róbert királytól kapta Gernyeszeget (1319). A család kezén volt (–1395), ekkor Szécsényi Frank vajda a maga és rokonai nevében Gernyeszeget, Sáromberkét, Nebáncsot (ma Libáncs) és Ebest elcseréte Zsigmond királlyal a Beszterce közelében levő Harina, Bilak és Nec birtokáért. Gernyeszeg 10 évig [&hellip;]</p>
