{"id":21682,"date":"2025-07-22T19:33:44","date_gmt":"2025-07-22T17:33:44","guid":{"rendered":"https:\/\/uj.adatbank.ro\/lexikon\/termek\/szecsi-andras-%c2%a7\/"},"modified":"2025-07-22T19:33:44","modified_gmt":"2025-07-22T17:33:44","slug":"szecsi-andras-%c2%a7","status":"publish","type":"product","link":"https:\/\/uj.adatbank.ro\/lexikon\/termek\/szecsi-andras-%c2%a7\/","title":{"rendered":"SZ\u00c9CSI Andr\u00e1s, \u00a7"},"content":{"rendered":"<p>Buk., 1934. febr. 15., \u2020 Mv., 1991. okt. 20. Sz\u00e9kelykereszt\u00faron nyugszik: fest\u0151m\u0171v\u00e9sz. \u2013 A gimn\u00e1zium als\u00f3 oszt\u00e1lyait Sz\u00e9kelykereszt\u00faron az Orb\u00e1n Bal\u00e1zs Unit. F\u0151gimn. -ban v\u00e9gezte (1949), diplom\u00e1t a tan\u00edt\u00f3k\u00e9pz\u0151ben szerzett (1953). Rajztan\u00e1ra G\u00e1lfalvi S\u00e1ndor felismerte tehets\u00e9g\u00e9t, \u00edgy ker\u00fclt a kv.-i Ion Andreescu K\u00e9pz\u0151m\u0171v\u00e9szeti F\u0151iskola Fest\u00e9szeti szak\u00e1ra (1953\u201356), Szerv\u00e1tiusz Jen\u0151, Abrudan Petru, K\u00e1d\u00e1r Tibor \u00e9s Har\u015fia Teodor voltak a tan\u00e1rai, \u201ekiv\u00e1l\u00f3 fest\u0151 v\u00e1lt bel\u0151le\u201d (K\u00e1ntor). H\u00e1rom \u00e9v ut\u00e1n kiz\u00e1rt\u00e1k a magyar forradalommal kapcsolatos \u00e1ll\u00e1sfoglal\u00e1sa miatt (1956-ban), s szabads\u00e1g\u00e1t\u00f3l is megfosztott\u00e1k, k\u00e9s\u0151bb visszat\u00e9rt Sz\u00e9kelykereszt\u00farra, majd Mv.-en \u00e9lt. Tagja volt a Rom\u00e1niai K\u00e9pz\u0151m\u0171v\u00e9szek Sz\u00f6vets\u00e9ge Maros megyei fi\u00f3kj\u00e1nak, p\u00e1r \u00e9vet dolgozott a Maros Megyei K\u00f6nyvt\u00e1rban (1960-as \u00e9vek elej\u00e9n), munkat\u00e1rsk\u00e9nt dolgozott a mv.-i R\u00e1di\u00f3ban. Festm\u00e9nyeit sz\u00edngazdags\u00e1g, er\u0151teljes hangulat- \u00e9s fesz\u00fclts\u00e9gteremt\u0151 k\u00e9szs\u00e9g jellemezte, a Sz\u00e9kelyf\u00f6ld t\u00e1jai mellett a k\u00fclf\u00f6ldi t\u00e1jak is (Amerikai Egyes\u00fclt \u00c1llamok, Olaszo., P\u00e1rizs) megjelentek, de festet portr\u00e9t, csend\u00e9letet is. Minden tartom\u00e1nyi ill. megyei t\u00e1rlaton r\u00e9szt vett (1957\u2013), sz\u00e1mos nagysiker\u0171 egy\u00e9ni ki\u00e1ll\u00edt\u00e1st rendezett (1959\u2013). Elnyerte az orsz\u00e1gos fest\u00e9szeti d\u00edjat (1973) \u00e9s egy h\u00e1rom h\u00f3napos \u00f6szt\u00f6nd\u00edjjal P\u00e1rizsba ment tanulm\u00e1ny\u00fatra. A mv.-i R\u00e1di\u00f3 magyar ad\u00e1s\u00e1nak munkat\u00e1rsa (1970\u201380), a m\u0171v\u00e9szeti rovat egyik vezet\u0151je. \u00d6tvenedik sz\u00fclet\u00e9snapj\u00e1n rendezett 35 festm\u00e9ny\u00e9t bemutat\u00f3 ki\u00e1ll\u00edt\u00e1s\u00e1n egykori tan\u00e1ra G\u00e1lfalvi S\u00e1ndor \u00e9s m\u0171v\u00e9szt\u00e1rsa Bal\u00e1zs Imre m\u00e9ltatta p\u00e1lyafut\u00e1s\u00e1t. A Sz\u00e9kelyf\u00f6ld, a Hargita t\u00e1jainak megjelen\u00edt\u0151je, de eljutott az absztrakt expresszionizmusig. Leggyakoribb t\u00e9m\u00e1ja a mag\u00e1nyos fa, de kiv\u00e1l\u00f3 portr\u00e9fest\u0151 is. Sz\u00e1mos \u00edr\u00e1sa jelent meg a V. Z.-ban, El\u0151r\u00e9-ben A H\u00e9t-ben. T\u00f6bb k\u00e9p\u00e9t a buk.-i, bp.-i, gyulafh\u00e9rv\u00e1ri, mv.-i stb. m\u00fazeumok \u0151rzik. Sz\u00e9kelykereszt\u00faron utc\u00e1t neveztek el r\u00f3la. \u2013 <strong>F. ki\u00e1ll\u00edt.: egy\u00e9ni:<\/strong> Sz\u00e9kelykereszt\u00far (1959); K\u00f6pecb\u00e1nya (1961); Mv. (1965, 1967, 1982, 1987), Kv. (1967, 1981); Sz\u00e9kelyudvarhely (1968); New York (1973); B\u00e9cs, M\u00fcnster (1989); Hatvan (1991), Eger (1992); Bp. eml\u00e9kki\u00e1ll\u00edt\u00e1s (2004); <strong>csoportos:<\/strong> Bp, Bonyh\u00e1d, Garamsz\u0151l\u0151s (1990). <br \/><strong>Irod.:<\/strong> 100 \u00e9v; Arck\u00e9pcsarnok (Igaz Sz\u00f3, 1972. 11. sz.); artportal; Banner; Bartis Ferenc: Minden\u00fctt itthon lenni: Besz\u00e9lget\u00e9s Sz. A.-val (\u00daj \u00c9let, 10. sz. 1974); D\u00e9zsi \u00d6d\u00f6n: A sz\u00fcl\u0151f\u00f6ld fest\u0151je (V. Z., 1984. m\u00e1rc. 7.); Erd\u00e9lyi L.2009; Erd\u00e9lyi Lajos 2018; Expozi\u0163ie de pictur\u0103 Sz\u00e9csi Andr\u00e1s. \/ Catalog \u2013 Katal\u00f3gus \/. (Tg. M., 1965), Expozi\u0163ie Sz\u00e9csi Andr\u00e1s. Catalog \u2013 Katal\u00f3gus (Mv., 1965); F\u00fcl\u00f6p G. D\u00e9nes: L\u00e9tharm\u00f3nia az \u00e9rintetts\u00e9g \u00e1llapot\u00e1ban (M\u00fazsa, 2004 nov. 6. 664. sz.); Gy\u00e1rf\u00e1s L. Mikl\u00f3s: Sz. A. (V. Z., 1981. szept. 6.); Gy\u00e1rf\u00e1s 2013; Haller J\u00f3zsef: Sz. A. (Rom. M. Sz\u00f3, 1991, 11. sz.); Jakabovits; K\u00e1ntor Lajos; Katona Szab\u00f3 Istv\u00e1n: Az \u00daj \u00c9let lexikona, 146. (\u00daj \u00c9let, 15. sz. 1976.); KKACs; Korunk gal\u00e9ria; Kulcs\u00e1r B\u00e9la, ifj.: Sz. A. (V. Z., 1958. m\u00e1rc. 23.); L. R.: Sz. A. ki\u00e1ll\u00edt\u00e1sa el\u00e9 (V.Z., 1959. okt. 11.); L\u00e1szl\u00f3 Ferenc: Sz. A. ki\u00e1ll\u00edt\u00e1sa Kv.-on (V. Z., 1967. m\u00e1rc. 29.); M\u00e1th\u00e9 \u00c9va: Egy f\u00e9nyesebb vil\u00e1g \u00fczenete a k\u00e9peken (Kr\u00f3nika, 2009. \u00e1pr. 7); Moln\u00e1r; (nk): Kett\u0151s szerelem szor\u00edt\u00e1s\u00e1ban (N\u00fa., M\u00fazsa, 138. sz., 1994. m\u00e1rc. 10.); Nagy Mikl\u00f3s Kund: \u201eMindig tudtam, nekem itt van a helyem\u201d (N\u00fa., M\u00fazsa, 19. sz., 1991. aug. 16.); Nagy Zolt\u00e1n: Sz. A. (\u00daj \u00c9let, 18. sz., 1986); [Nekrol\u00f3g] (N\u00fa., 1991. okt. 22.; Elment a keser\u0171-szem\u0171 fest\u0151, M\u00fazsa, 29. sz., 1991. okt. 25.); P\u00e1l \u00c1rp\u00e1d T: Sz\u00e9csi Andr\u00e1s (\u00daj \u00c9let, 22. sz. 1987); Polg\u00e1r Istv\u00e1n: Sz. A. ki\u00e1ll\u00edt\u00e1sa (V. Z., 1965. m\u00e1j. 14.); Polg\u00e1r Istv\u00e1n: A sz\u00fcl\u0151f\u00f6ld \u00fajrafelfedez\u00e9se (\u00daj \u00c9let, 24. sz., 1975.); RMIL; Simon Endre: \u00c9g \u00e9s f\u00f6ld sz\u00edn\u00f6z\u00f6nben (V. Z., 1987. szept. 26.); S\u00fck\u00f6sd Ferenc: Sz. A. t\u00e1jk\u00e9pei a St\u00fadi\u00f3 Sz\u00ednh\u00e1z el\u0151csarnok\u00e1ban (V.Z., 1967. okt. 28.); S\u00fct\u0151 Andr\u00e1s: A korszer\u0171-szem\u0171 fest\u0151 (Hevesi Szemle, 1985., 1.); Szab\u00f3-K\u00e1llai; Sz\u0151cs K\u00e1lm\u00e1n: Alkot\u00f3k m\u0171hely\u00e9ben Sz. A.-n\u00e1l (V. Z., 1967. szept. 23.); Sz\u0151cs K\u00e1lm\u00e1n: Besz\u00e9lget\u00e9s Sz. A. fest\u0151m\u0171v\u00e9sszel (V. Z., 1971. \u00e1pr. 25); Todea 2013.<\/br><\/p>\n","protected":false},"excerpt":{"rendered":"<p>Buk., 1934. febr. 15., \u2020 Mv., 1991. okt. 20. Sz\u00e9kelykereszt\u00faron nyugszik: fest\u0151m\u0171v\u00e9sz. \u2013 A gimn\u00e1zium als\u00f3 oszt\u00e1lyait Sz\u00e9kelykereszt\u00faron az Orb\u00e1n Bal\u00e1zs Unit. F\u0151gimn. -ban v\u00e9gezte (1949), diplom\u00e1t a tan\u00edt\u00f3k\u00e9pz\u0151ben szerzett (1953). Rajztan\u00e1ra G\u00e1lfalvi S\u00e1ndor felismerte tehets\u00e9g\u00e9t, \u00edgy ker\u00fclt a kv.-i Ion Andreescu K\u00e9pz\u0151m\u0171v\u00e9szeti F\u0151iskola Fest\u00e9szeti szak\u00e1ra (1953\u201356), Szerv\u00e1tiusz Jen\u0151, Abrudan Petru, K\u00e1d\u00e1r Tibor \u00e9s Har\u015fia [&hellip;]<\/p>\n","protected":false},"featured_media":0,"comment_status":"open","ping_status":"closed","template":"","meta":[],"product_brand":[],"product_cat":[137],"product_tag":[],"class_list":{"0":"post-21682","1":"product","2":"type-product","3":"status-publish","5":"product_cat-maros-megyei-eletrajzi-lexikon","7":"first","8":"instock","9":"shipping-taxable","10":"product-type-simple"},"_links":{"self":[{"href":"https:\/\/uj.adatbank.ro\/lexikon\/wp-json\/wp\/v2\/product\/21682","targetHints":{"allow":["GET"]}}],"collection":[{"href":"https:\/\/uj.adatbank.ro\/lexikon\/wp-json\/wp\/v2\/product"}],"about":[{"href":"https:\/\/uj.adatbank.ro\/lexikon\/wp-json\/wp\/v2\/types\/product"}],"replies":[{"embeddable":true,"href":"https:\/\/uj.adatbank.ro\/lexikon\/wp-json\/wp\/v2\/comments?post=21682"}],"wp:attachment":[{"href":"https:\/\/uj.adatbank.ro\/lexikon\/wp-json\/wp\/v2\/media?parent=21682"}],"wp:term":[{"taxonomy":"product_brand","embeddable":true,"href":"https:\/\/uj.adatbank.ro\/lexikon\/wp-json\/wp\/v2\/product_brand?post=21682"},{"taxonomy":"product_cat","embeddable":true,"href":"https:\/\/uj.adatbank.ro\/lexikon\/wp-json\/wp\/v2\/product_cat?post=21682"},{"taxonomy":"product_tag","embeddable":true,"href":"https:\/\/uj.adatbank.ro\/lexikon\/wp-json\/wp\/v2\/product_tag?post=21682"}],"curies":[{"name":"wp","href":"https:\/\/api.w.org\/{rel}","templated":true}]}}