{"id":21683,"date":"2025-07-22T19:33:46","date_gmt":"2025-07-22T17:33:46","guid":{"rendered":"https:\/\/uj.adatbank.ro\/lexikon\/termek\/szecsi-ferenc\/"},"modified":"2025-07-22T19:33:46","modified_gmt":"2025-07-22T17:33:46","slug":"szecsi-ferenc","status":"publish","type":"product","link":"https:\/\/uj.adatbank.ro\/lexikon\/termek\/szecsi-ferenc\/","title":{"rendered":"SZ\u00c9CSI Ferenc"},"content":{"rendered":"<p>Herkulesf\u00fcrd\u0151, 1913. j\u00fal. 11., \u2020 Bp., 1974. m\u00e1rc. 1.: sz\u00edn\u00e9sz, rendez\u0151. \u2013 Sz. Ferk\u00f3 n\u00e9ven gyerekfilm-sz\u00edn\u00e9sz volt (1917\u201324). A bp.-i sz\u00ednm\u0171v. akad.-n szerzett oklevelet (1938). A bp.-i Belv\u00e1rosi Sz\u00ednh\u00e1z (1938), a kassai sz\u00ednh\u00e1z (1939), Erd\u00e9lyi Mih\u00e1ly t\u00e1rsulat\u00e1nak tagja (1939\u201340). Kv.-on j\u00e1tszott (1941\u2013). R\u00e9szt vett a mv.-i Sz\u00e9kely Sz\u00ednh\u00e1z l\u00e9trehoz\u00e1s\u00e1ban (1944 \u2013 45). Bp.-en a V\u00edgopera f\u0151rendez\u0151je (1946\u2013), a M. R\u00e1di\u00f3 rendez\u0151je (1948\u2013); \u0151 rendezte az els\u0151 telev\u00edzi\u00f3s st\u00fadi\u00f3j\u00e1t\u00e9kot (Offenbach: Eljegyz\u00e9s l\u00e1mpaf\u00e9nyn\u00e9l; 1957. dec. 19.); a Medicina St\u00fadi\u00f3ban eg\u00e9szs\u00e9g\u00fcgyi ismeretterjeszt\u0151 filmeket k\u00e9sz\u00edtett; az \u00c1ll. D\u00e9ryn\u00e9 Sz\u00ednh\u00e1zban (1959\u201364; 1965\u201373), a F\u0151v\u00e1rosi Operettsz\u00ednh\u00e1zban, az \u00edrod. Sz\u00ednpadon rendez\u0151. A bp.-i Sz\u00ednh\u00e1z-\u00e9s Filmm\u0171v. F\u0151isk.-n besz\u00e9dm\u0171v\u00e9szetet tan\u00edtott (1950\u201353). \u2013 <strong>F. sz.:<\/strong> Csaba kir\u00e1lyfi (Hars\u00e1nyi K\u00e1lm\u00e1n: Ell\u00e1k); M\u00f3ka (Tam\u00e1si \u00c1ron: \u00c9nekes mad\u00e1r); Tibor (Ill\u00e9s Endre: T\u00f6rtet\u0151k); Ott\u00f3 (Katona J\u00f3zsef: B\u00e1nk b\u00e1n). <br \/><strong>Irod.:<\/strong> \u00daM\u00c9L.<\/br><\/p>\n","protected":false},"excerpt":{"rendered":"<p>Herkulesf\u00fcrd\u0151, 1913. j\u00fal. 11., \u2020 Bp., 1974. m\u00e1rc. 1.: sz\u00edn\u00e9sz, rendez\u0151. \u2013 Sz. Ferk\u00f3 n\u00e9ven gyerekfilm-sz\u00edn\u00e9sz volt (1917\u201324). A bp.-i sz\u00ednm\u0171v. akad.-n szerzett oklevelet (1938). A bp.-i Belv\u00e1rosi Sz\u00ednh\u00e1z (1938), a kassai sz\u00ednh\u00e1z (1939), Erd\u00e9lyi Mih\u00e1ly t\u00e1rsulat\u00e1nak tagja (1939\u201340). Kv.-on j\u00e1tszott (1941\u2013). R\u00e9szt vett a mv.-i Sz\u00e9kely Sz\u00ednh\u00e1z l\u00e9trehoz\u00e1s\u00e1ban (1944 \u2013 45). Bp.-en a V\u00edgopera [&hellip;]<\/p>\n","protected":false},"featured_media":0,"comment_status":"open","ping_status":"closed","template":"","meta":[],"product_brand":[],"product_cat":[137],"product_tag":[],"class_list":{"0":"post-21683","1":"product","2":"type-product","3":"status-publish","5":"product_cat-maros-megyei-eletrajzi-lexikon","7":"first","8":"instock","9":"shipping-taxable","10":"product-type-simple"},"_links":{"self":[{"href":"https:\/\/uj.adatbank.ro\/lexikon\/wp-json\/wp\/v2\/product\/21683","targetHints":{"allow":["GET"]}}],"collection":[{"href":"https:\/\/uj.adatbank.ro\/lexikon\/wp-json\/wp\/v2\/product"}],"about":[{"href":"https:\/\/uj.adatbank.ro\/lexikon\/wp-json\/wp\/v2\/types\/product"}],"replies":[{"embeddable":true,"href":"https:\/\/uj.adatbank.ro\/lexikon\/wp-json\/wp\/v2\/comments?post=21683"}],"wp:attachment":[{"href":"https:\/\/uj.adatbank.ro\/lexikon\/wp-json\/wp\/v2\/media?parent=21683"}],"wp:term":[{"taxonomy":"product_brand","embeddable":true,"href":"https:\/\/uj.adatbank.ro\/lexikon\/wp-json\/wp\/v2\/product_brand?post=21683"},{"taxonomy":"product_cat","embeddable":true,"href":"https:\/\/uj.adatbank.ro\/lexikon\/wp-json\/wp\/v2\/product_cat?post=21683"},{"taxonomy":"product_tag","embeddable":true,"href":"https:\/\/uj.adatbank.ro\/lexikon\/wp-json\/wp\/v2\/product_tag?post=21683"}],"curies":[{"name":"wp","href":"https:\/\/api.w.org\/{rel}","templated":true}]}}

SZÉCSI Ferenc

<p>Herkulesfürdő, 1913. júl. 11., † Bp., 1974. márc. 1.: színész, rendező. – Sz. Ferkó néven gyerekfilm-színész volt (1917–24). A bp.-i színműv. akad.-n szerzett oklevelet (1938). A bp.-i Belvárosi Színház (1938), a kassai színház (1939), Erdélyi Mihály társulatának tagja (1939–40). Kv.-on játszott (1941–). Részt vett a mv.-i Székely Színház létrehozásában (1944 – 45). Bp.-en a Vígopera főrendezője (1946–), a M. Rádió rendezője (1948–); ő rendezte az első televíziós stúdiójátékot (Offenbach: Eljegyzés lámpafénynél; 1957. dec. 19.); a Medicina Stúdióban egészségügyi ismeretterjesztő filmeket készített; az Áll. Déryné Színházban (1959–64; 1965–73), a Fővárosi Operettszínházban, az írod. Színpadon rendező. A bp.-i Színház-és Filmműv. Főisk.-n beszédművészetet tanított (1950–53). – <strong>F. sz.:</strong> Csaba királyfi (Harsányi Kálmán: Ellák); Móka (Tamási Áron: Énekes madár); Tibor (Illés Endre: Törtetők); Ottó (Katona József: Bánk bán). <br /><strong>Irod.:</strong> ÚMÉL.</br></p>

<p>Herkulesfürdő, 1913. júl. 11., † Bp., 1974. márc. 1.: színész, rendező. – Sz. Ferkó néven gyerekfilm-színész volt (1917–24). A bp.-i színműv. akad.-n szerzett oklevelet (1938). A bp.-i Belvárosi Színház (1938), a kassai színház (1939), Erdélyi Mihály társulatának tagja (1939–40). Kv.-on játszott (1941–). Részt vett a mv.-i Székely Színház létrehozásában (1944 – 45). Bp.-en a Vígopera [&hellip;]</p>
