{"id":2169,"date":"2025-06-28T12:05:52","date_gmt":"2025-06-28T10:05:52","guid":{"rendered":"https:\/\/uj.adatbank.ro\/lexikon\/termek\/banffy-ferenc\/"},"modified":"2025-06-28T12:05:52","modified_gmt":"2025-06-28T10:05:52","slug":"banffy-ferenc","status":"publish","type":"product","link":"https:\/\/uj.adatbank.ro\/lexikon\/termek\/banffy-ferenc\/","title":{"rendered":"B\u00c1NFFY Ferenc"},"content":{"rendered":"<p>? \u2020\u00a0? : bonchidai birtokos. \u2013 B\u00e1nffy Farkas fejedelmi tan\u00e1csos \u00e9s Bethlen Kl\u00e1ra fia. \u2013 K\u00fclf\u00f6ldi egyetemre peregrin\u00e1lt Baranyai Decsi Czimor J\u00e1nos t\u00e1rsas\u00e1g\u00e1ban, aki elkis\u00e9rte a tanulm\u00e1ny\u00fatj\u00e1ra Bonchid\u00e1t\u00f3l \u2013 Brass\u00f3, K\u00e9zdiv\u00e1s\u00e1rhely, Ojtozi-szoros, Tatros, B\u00e1k\u00f3, Szucs\u00e1va, Halics, Lemberg, Vars\u00f3, Danzig, Stettin, Berlin, \u2013 Wittenbergbe (1587). Hazat\u00e9rve apja bonchidai birtok\u00e1t \u00f6r\u00f6k\u00f6lte. Mihai Viteazul alatt t\u00e1bornok majd r\u00e9szt vett abban a k\u00fcld\u00f6tts\u00e9gben, mely Nicolae Petra\u015fcut Havasalf\u00f6ldre kis\u00e9rte (1600). <br \/><strong>Irod.:<\/strong> Sik\u00f3ssy L\u00e1szl\u00f3: Utaz\u00e1sok a r\u00e9gi Eur\u00f3p\u00e1ban (Buk., 1976)<\/br><\/p>\n","protected":false},"excerpt":{"rendered":"<p>? \u2020\u00a0? : bonchidai birtokos. \u2013 B\u00e1nffy Farkas fejedelmi tan\u00e1csos \u00e9s Bethlen Kl\u00e1ra fia. \u2013 K\u00fclf\u00f6ldi egyetemre peregrin\u00e1lt Baranyai Decsi Czimor J\u00e1nos t\u00e1rsas\u00e1g\u00e1ban, aki elkis\u00e9rte a tanulm\u00e1ny\u00fatj\u00e1ra Bonchid\u00e1t\u00f3l \u2013 Brass\u00f3, K\u00e9zdiv\u00e1s\u00e1rhely, Ojtozi-szoros, Tatros, B\u00e1k\u00f3, Szucs\u00e1va, Halics, Lemberg, Vars\u00f3, Danzig, Stettin, Berlin, \u2013 Wittenbergbe (1587). Hazat\u00e9rve apja bonchidai birtok\u00e1t \u00f6r\u00f6k\u00f6lte. Mihai Viteazul alatt t\u00e1bornok majd r\u00e9szt [&hellip;]<\/p>\n","protected":false},"featured_media":0,"comment_status":"open","ping_status":"closed","template":"","meta":[],"product_brand":[],"product_cat":[137],"product_tag":[],"class_list":{"0":"post-2169","1":"product","2":"type-product","3":"status-publish","5":"product_cat-maros-megyei-eletrajzi-lexikon","7":"first","8":"instock","9":"shipping-taxable","10":"product-type-simple"},"_links":{"self":[{"href":"https:\/\/uj.adatbank.ro\/lexikon\/wp-json\/wp\/v2\/product\/2169","targetHints":{"allow":["GET"]}}],"collection":[{"href":"https:\/\/uj.adatbank.ro\/lexikon\/wp-json\/wp\/v2\/product"}],"about":[{"href":"https:\/\/uj.adatbank.ro\/lexikon\/wp-json\/wp\/v2\/types\/product"}],"replies":[{"embeddable":true,"href":"https:\/\/uj.adatbank.ro\/lexikon\/wp-json\/wp\/v2\/comments?post=2169"}],"wp:attachment":[{"href":"https:\/\/uj.adatbank.ro\/lexikon\/wp-json\/wp\/v2\/media?parent=2169"}],"wp:term":[{"taxonomy":"product_brand","embeddable":true,"href":"https:\/\/uj.adatbank.ro\/lexikon\/wp-json\/wp\/v2\/product_brand?post=2169"},{"taxonomy":"product_cat","embeddable":true,"href":"https:\/\/uj.adatbank.ro\/lexikon\/wp-json\/wp\/v2\/product_cat?post=2169"},{"taxonomy":"product_tag","embeddable":true,"href":"https:\/\/uj.adatbank.ro\/lexikon\/wp-json\/wp\/v2\/product_tag?post=2169"}],"curies":[{"name":"wp","href":"https:\/\/api.w.org\/{rel}","templated":true}]}}

BÁNFFY Ferenc

<p>? † ? : bonchidai birtokos. – Bánffy Farkas fejedelmi tanácsos és Bethlen Klára fia. – Külföldi egyetemre peregrinált Baranyai Decsi Czimor János társaságában, aki elkisérte a tanulmányútjára Bonchidától – Brassó, Kézdivásárhely, Ojtozi-szoros, Tatros, Bákó, Szucsáva, Halics, Lemberg, Varsó, Danzig, Stettin, Berlin, – Wittenbergbe (1587). Hazatérve apja bonchidai birtokát örökölte. Mihai Viteazul alatt tábornok majd részt vett abban a küldöttségben, mely Nicolae Petraşcut Havasalföldre kisérte (1600). <br /><strong>Irod.:</strong> Sikóssy László: Utazások a régi Európában (Buk., 1976)</br></p>

<p>? † ? : bonchidai birtokos. – Bánffy Farkas fejedelmi tanácsos és Bethlen Klára fia. – Külföldi egyetemre peregrinált Baranyai Decsi Czimor János társaságában, aki elkisérte a tanulmányútjára Bonchidától – Brassó, Kézdivásárhely, Ojtozi-szoros, Tatros, Bákó, Szucsáva, Halics, Lemberg, Varsó, Danzig, Stettin, Berlin, – Wittenbergbe (1587). Hazatérve apja bonchidai birtokát örökölte. Mihai Viteazul alatt tábornok majd részt [&hellip;]</p>
