{"id":21690,"date":"2025-07-22T19:34:03","date_gmt":"2025-07-22T17:34:03","guid":{"rendered":"https:\/\/uj.adatbank.ro\/lexikon\/termek\/szegedi-denes-g\/"},"modified":"2025-07-22T19:34:03","modified_gmt":"2025-07-22T17:34:03","slug":"szegedi-denes-g","status":"publish","type":"product","link":"https:\/\/uj.adatbank.ro\/lexikon\/termek\/szegedi-denes-g\/","title":{"rendered":"SZEGEDI D\u00e9nes G."},"content":{"rendered":"<p>Mez\u0151fele (Maros),\u00a01915., \u2020?: keresked\u0151, gazd\u00e1lkod\u00f3. \u2013 Iskol\u00e1i elv\u00e9gz\u00e9se ut\u00e1n apja mellett gazd\u00e1lkod\u00e1st tanult, azut\u00e1n a kereskedelmi p\u00e1ly\u00e1ra l\u00e9pett Mez\u0151fel\u00e9n a Hangya \u00fcgyvezet\u0151je lett (1939). A MP \u00e9s az Erd\u00e9lyi Dalossz\u00f6vets\u00e9g tagja, a hazafias \u00e9s kultur\u00e1lis egyes\u00fcletek t\u00e1mogat\u00f3ja volt. <br \/><strong>Irod.:<\/strong> Sz\u00e9kelyf\u00f6ld \u00ed. k.<\/br><\/p>\n","protected":false},"excerpt":{"rendered":"<p>Mez\u0151fele (Maros),\u00a01915., \u2020?: keresked\u0151, gazd\u00e1lkod\u00f3. \u2013 Iskol\u00e1i elv\u00e9gz\u00e9se ut\u00e1n apja mellett gazd\u00e1lkod\u00e1st tanult, azut\u00e1n a kereskedelmi p\u00e1ly\u00e1ra l\u00e9pett Mez\u0151fel\u00e9n a Hangya \u00fcgyvezet\u0151je lett (1939). A MP \u00e9s az Erd\u00e9lyi Dalossz\u00f6vets\u00e9g tagja, a hazafias \u00e9s kultur\u00e1lis egyes\u00fcletek t\u00e1mogat\u00f3ja volt. Irod.: Sz\u00e9kelyf\u00f6ld \u00ed. k.<\/p>\n","protected":false},"featured_media":0,"comment_status":"open","ping_status":"closed","template":"","meta":[],"product_brand":[],"product_cat":[137],"product_tag":[],"class_list":{"0":"post-21690","1":"product","2":"type-product","3":"status-publish","5":"product_cat-maros-megyei-eletrajzi-lexikon","7":"first","8":"instock","9":"shipping-taxable","10":"product-type-simple"},"_links":{"self":[{"href":"https:\/\/uj.adatbank.ro\/lexikon\/wp-json\/wp\/v2\/product\/21690","targetHints":{"allow":["GET"]}}],"collection":[{"href":"https:\/\/uj.adatbank.ro\/lexikon\/wp-json\/wp\/v2\/product"}],"about":[{"href":"https:\/\/uj.adatbank.ro\/lexikon\/wp-json\/wp\/v2\/types\/product"}],"replies":[{"embeddable":true,"href":"https:\/\/uj.adatbank.ro\/lexikon\/wp-json\/wp\/v2\/comments?post=21690"}],"wp:attachment":[{"href":"https:\/\/uj.adatbank.ro\/lexikon\/wp-json\/wp\/v2\/media?parent=21690"}],"wp:term":[{"taxonomy":"product_brand","embeddable":true,"href":"https:\/\/uj.adatbank.ro\/lexikon\/wp-json\/wp\/v2\/product_brand?post=21690"},{"taxonomy":"product_cat","embeddable":true,"href":"https:\/\/uj.adatbank.ro\/lexikon\/wp-json\/wp\/v2\/product_cat?post=21690"},{"taxonomy":"product_tag","embeddable":true,"href":"https:\/\/uj.adatbank.ro\/lexikon\/wp-json\/wp\/v2\/product_tag?post=21690"}],"curies":[{"name":"wp","href":"https:\/\/api.w.org\/{rel}","templated":true}]}}