{"id":21692,"date":"2025-07-22T19:34:07","date_gmt":"2025-07-22T17:34:07","guid":{"rendered":"https:\/\/uj.adatbank.ro\/lexikon\/termek\/szegedi-ferenc\/"},"modified":"2025-07-22T19:34:07","modified_gmt":"2025-07-22T17:34:07","slug":"szegedi-ferenc","status":"publish","type":"product","link":"https:\/\/uj.adatbank.ro\/lexikon\/termek\/szegedi-ferenc\/","title":{"rendered":"SZEGEDI Ferenc"},"content":{"rendered":"<p>? \u2020?: tan\u00edt\u00f3. \u2013 Mez\u0151k\u00f6lp\u00e9nyben tan\u00edtott (1804\u201346). Szolg\u00e1lata idej\u00e9n b\u0151v\u00edtett\u00e9k \u00e9s jav\u00edtott\u00e1k a k\u00f6lp\u00e9nyi ref. templomot \u00e9s iskol\u00e1t (1818). <br \/><strong>Irod.:<\/strong> Mez\u0151k\u00f6lp\u00e9ny; Nagy P\u00e1l: Falu a Korh\u00e1ny alatt (Sz\u00e9kelyf\u00f6ld, 2006, 5. sz.).<\/br><\/p>\n","protected":false},"excerpt":{"rendered":"<p>? \u2020?: tan\u00edt\u00f3. \u2013 Mez\u0151k\u00f6lp\u00e9nyben tan\u00edtott (1804\u201346). Szolg\u00e1lata idej\u00e9n b\u0151v\u00edtett\u00e9k \u00e9s jav\u00edtott\u00e1k a k\u00f6lp\u00e9nyi ref. templomot \u00e9s iskol\u00e1t (1818). Irod.: Mez\u0151k\u00f6lp\u00e9ny; Nagy P\u00e1l: Falu a Korh\u00e1ny alatt (Sz\u00e9kelyf\u00f6ld, 2006, 5. sz.).<\/p>\n","protected":false},"featured_media":0,"comment_status":"open","ping_status":"closed","template":"","meta":[],"product_brand":[],"product_cat":[137],"product_tag":[],"class_list":{"0":"post-21692","1":"product","2":"type-product","3":"status-publish","5":"product_cat-maros-megyei-eletrajzi-lexikon","7":"first","8":"instock","9":"shipping-taxable","10":"product-type-simple"},"_links":{"self":[{"href":"https:\/\/uj.adatbank.ro\/lexikon\/wp-json\/wp\/v2\/product\/21692","targetHints":{"allow":["GET"]}}],"collection":[{"href":"https:\/\/uj.adatbank.ro\/lexikon\/wp-json\/wp\/v2\/product"}],"about":[{"href":"https:\/\/uj.adatbank.ro\/lexikon\/wp-json\/wp\/v2\/types\/product"}],"replies":[{"embeddable":true,"href":"https:\/\/uj.adatbank.ro\/lexikon\/wp-json\/wp\/v2\/comments?post=21692"}],"wp:attachment":[{"href":"https:\/\/uj.adatbank.ro\/lexikon\/wp-json\/wp\/v2\/media?parent=21692"}],"wp:term":[{"taxonomy":"product_brand","embeddable":true,"href":"https:\/\/uj.adatbank.ro\/lexikon\/wp-json\/wp\/v2\/product_brand?post=21692"},{"taxonomy":"product_cat","embeddable":true,"href":"https:\/\/uj.adatbank.ro\/lexikon\/wp-json\/wp\/v2\/product_cat?post=21692"},{"taxonomy":"product_tag","embeddable":true,"href":"https:\/\/uj.adatbank.ro\/lexikon\/wp-json\/wp\/v2\/product_tag?post=21692"}],"curies":[{"name":"wp","href":"https:\/\/api.w.org\/{rel}","templated":true}]}}