{"id":21694,"date":"2025-07-22T19:34:11","date_gmt":"2025-07-22T17:34:11","guid":{"rendered":"https:\/\/uj.adatbank.ro\/lexikon\/termek\/szegedi-gyorgy\/"},"modified":"2025-07-22T19:34:11","modified_gmt":"2025-07-22T17:34:11","slug":"szegedi-gyorgy","status":"publish","type":"product","link":"https:\/\/uj.adatbank.ro\/lexikon\/termek\/szegedi-gyorgy\/","title":{"rendered":"SZEGEDI Gy\u00f6rgy"},"content":{"rendered":"<p>Mikesz\u00e1sza, 1711. nov. 11., \u2020 Mv., 1786. jan. 3.: r. k. pap, gimn. igazgat\u00f3. \u2013 Jezsuita pap, paptan\u00e1r, kanonok, f\u0151esperes. \u2013 Kv.-on a Jezsuita Gimn. \u00e9s Akad. tanul\u00f3ja (1722\u201327), a trencs\u00e9nyi jezsuita gimn.-ban volt nov\u00edcius (1727\u2013), majd Nagyszombaton (1731\u201333) \u00e9s Kass\u00e1n (1738\u201341) tanult. A kv.-i \u00e9s a kassai jezsuita koll.-ok rektora, a kv.-i papnevel\u0151 int\u00e9zet r\u00e9gense (\u20131773). A mv.-i r. k. tanoda \u00e9s nevel\u0151h\u00e1z praefectusa (1774\u201379), esperes-pl\u00e9b\u00e1nos, c. kanonok (1779\u201380). Kezdem\u00e9nyezte, \u00e9s a hitk\u00f6zs\u00e9gn\u00e9l, valamint a f\u0151hat\u00f3s\u00e1gn\u00e1l odahatott, hogy a L\u00e1bos-h\u00e1z melletti, a Szentkir\u00e1ly-utc\u00e1ra es\u0151 telket megv\u00e1s\u00e1rolj\u00e1k \u00e9s oda, az iskola kib\u0151v\u00edt\u00e9se c\u00e9lj\u00e1b\u00f3l alkalmas \u00e9p\u00fcletet emeljenek (1781). Igy az enged\u00e9ly birtok\u00e1ban, a tanulm\u00e1nyalap 3000 frtj\u00e1nak felhaszn\u00e1l\u00e1s\u00e1val beind\u00edtotta a L\u00e1bos-h\u00e1zhoz hasonl\u00f3 (ma eml\u00e9kt\u00e1bl\u00e1val jelzett) \u00e9p\u00fcletr\u00e9sz \u00e9p\u00edt\u00e9s\u00e9t. A v\u00e1rosi tan\u00e1cs a k\u0151l\u00e1bakra val\u00f3 \u00e9p\u00edtkez\u00e9st akad\u00e1lyozta, a s\u00e9relmes beavatkoz\u00e1s ellen er\u00e9lyes \u00e1tirattal tiltakozott, kereszt\u00fclvitte terv\u00e9t, s\u0151t fels\u0151bb rendelettel k\u00e9nyszer\u00edtette a Magistratust, hogy az \u00e9p\u00edtkez\u00e9shez 300 frt.-tal j\u00e1ruljon. <br \/><strong>Irod.:<\/strong> Ferenczi S\u00e1ndor 2009; Id\u0151t\u00e1r 1; Jezsuita \u00e9vk.; Kov\u00e1sznai; Kr\u00f3n. F\u00fcz. (1939., 4\/8); Millenniumi ki\u00e1ll.; P\u00e1l-Antal; P\u00e1l-Antal 2009; P\u00e1l-Antal 2013; Temesv\u00e1ry.<\/br><\/p>\n","protected":false},"excerpt":{"rendered":"<p>Mikesz\u00e1sza, 1711. nov. 11., \u2020 Mv., 1786. jan. 3.: r. k. pap, gimn. igazgat\u00f3. \u2013 Jezsuita pap, paptan\u00e1r, kanonok, f\u0151esperes. \u2013 Kv.-on a Jezsuita Gimn. \u00e9s Akad. tanul\u00f3ja (1722\u201327), a trencs\u00e9nyi jezsuita gimn.-ban volt nov\u00edcius (1727\u2013), majd Nagyszombaton (1731\u201333) \u00e9s Kass\u00e1n (1738\u201341) tanult. A kv.-i \u00e9s a kassai jezsuita koll.-ok rektora, a kv.-i papnevel\u0151 int\u00e9zet [&hellip;]<\/p>\n","protected":false},"featured_media":0,"comment_status":"open","ping_status":"closed","template":"","meta":[],"product_brand":[],"product_cat":[137],"product_tag":[],"class_list":{"0":"post-21694","1":"product","2":"type-product","3":"status-publish","5":"product_cat-maros-megyei-eletrajzi-lexikon","7":"first","8":"instock","9":"shipping-taxable","10":"product-type-simple"},"_links":{"self":[{"href":"https:\/\/uj.adatbank.ro\/lexikon\/wp-json\/wp\/v2\/product\/21694","targetHints":{"allow":["GET"]}}],"collection":[{"href":"https:\/\/uj.adatbank.ro\/lexikon\/wp-json\/wp\/v2\/product"}],"about":[{"href":"https:\/\/uj.adatbank.ro\/lexikon\/wp-json\/wp\/v2\/types\/product"}],"replies":[{"embeddable":true,"href":"https:\/\/uj.adatbank.ro\/lexikon\/wp-json\/wp\/v2\/comments?post=21694"}],"wp:attachment":[{"href":"https:\/\/uj.adatbank.ro\/lexikon\/wp-json\/wp\/v2\/media?parent=21694"}],"wp:term":[{"taxonomy":"product_brand","embeddable":true,"href":"https:\/\/uj.adatbank.ro\/lexikon\/wp-json\/wp\/v2\/product_brand?post=21694"},{"taxonomy":"product_cat","embeddable":true,"href":"https:\/\/uj.adatbank.ro\/lexikon\/wp-json\/wp\/v2\/product_cat?post=21694"},{"taxonomy":"product_tag","embeddable":true,"href":"https:\/\/uj.adatbank.ro\/lexikon\/wp-json\/wp\/v2\/product_tag?post=21694"}],"curies":[{"name":"wp","href":"https:\/\/api.w.org\/{rel}","templated":true}]}}

SZEGEDI György

<p>Mikeszásza, 1711. nov. 11., † Mv., 1786. jan. 3.: r. k. pap, gimn. igazgató. – Jezsuita pap, paptanár, kanonok, főesperes. – Kv.-on a Jezsuita Gimn. és Akad. tanulója (1722–27), a trencsényi jezsuita gimn.-ban volt novícius (1727–), majd Nagyszombaton (1731–33) és Kassán (1738–41) tanult. A kv.-i és a kassai jezsuita koll.-ok rektora, a kv.-i papnevelő intézet régense (–1773). A mv.-i r. k. tanoda és nevelőház praefectusa (1774–79), esperes-plébános, c. kanonok (1779–80). Kezdeményezte, és a hitközségnél, valamint a főhatóságnál odahatott, hogy a Lábos-ház melletti, a Szentkirály-utcára eső telket megvásárolják és oda, az iskola kibővítése céljából alkalmas épületet emeljenek (1781). Igy az engedély birtokában, a tanulmányalap 3000 frtjának felhasználásával beindította a Lábos-házhoz hasonló (ma emléktáblával jelzett) épületrész építését. A városi tanács a kőlábakra való építkezést akadályozta, a sérelmes beavatkozás ellen erélyes átirattal tiltakozott, keresztülvitte tervét, sőt felsőbb rendelettel kényszerítette a Magistratust, hogy az építkezéshez 300 frt.-tal járuljon. <br /><strong>Irod.:</strong> Ferenczi Sándor 2009; Időtár 1; Jezsuita évk.; Kovásznai; Krón. Füz. (1939., 4/8); Millenniumi kiáll.; Pál-Antal; Pál-Antal 2009; Pál-Antal 2013; Temesváry.</br></p>

<p>Mikeszásza, 1711. nov. 11., † Mv., 1786. jan. 3.: r. k. pap, gimn. igazgató. – Jezsuita pap, paptanár, kanonok, főesperes. – Kv.-on a Jezsuita Gimn. és Akad. tanulója (1722–27), a trencsényi jezsuita gimn.-ban volt novícius (1727–), majd Nagyszombaton (1731–33) és Kassán (1738–41) tanult. A kv.-i és a kassai jezsuita koll.-ok rektora, a kv.-i papnevelő intézet [&hellip;]</p>
