{"id":21701,"date":"2025-07-22T19:34:27","date_gmt":"2025-07-22T17:34:27","guid":{"rendered":"https:\/\/uj.adatbank.ro\/lexikon\/termek\/szegedi-sandor-alvinci\/"},"modified":"2025-07-22T19:34:27","modified_gmt":"2025-07-22T17:34:27","slug":"szegedi-sandor-alvinci","status":"publish","type":"product","link":"https:\/\/uj.adatbank.ro\/lexikon\/termek\/szegedi-sandor-alvinci\/","title":{"rendered":"SZEGEDI S\u00e1ndor, alvinci"},"content":{"rendered":"<p>Mez\u0151fele, 1895.,\u00a0\u2020?: ref. ig.-tan\u00edt\u00f3. \u2013 Nagyenyeden v\u00e9gezte a tan\u00edt\u00f3k\u00e9pz\u0151t (1914), az\u00f3ta sz\u00fcl\u0151faluj\u00e1ban tan\u00edtott. A MP egyik megszervez\u0151je \u00e9s vezet\u0151s\u00e9gi tagja, a Hangya \u00fcgyvezet\u0151je \u00e9s igazgat\u00f3ja volt. az els\u0151 vh.-ban a 22. gy. e.-ben, valamint a 15. ezredben az olasz fronton harcolt, a II. o. ez\u00fcst, bronz v. \u00e9. \u00e9s a K\u00e1roly Csapatkereszt kit\u00fcntetettjek\u00e9nt hadnagyi rangban szerelt le. <br \/><strong>Irod.:<\/strong> Sz\u00e9kelyf\u00f6ld \u00ed. k.<\/br><\/p>\n","protected":false},"excerpt":{"rendered":"<p>Mez\u0151fele, 1895.,\u00a0\u2020?: ref. ig.-tan\u00edt\u00f3. \u2013 Nagyenyeden v\u00e9gezte a tan\u00edt\u00f3k\u00e9pz\u0151t (1914), az\u00f3ta sz\u00fcl\u0151faluj\u00e1ban tan\u00edtott. A MP egyik megszervez\u0151je \u00e9s vezet\u0151s\u00e9gi tagja, a Hangya \u00fcgyvezet\u0151je \u00e9s igazgat\u00f3ja volt. az els\u0151 vh.-ban a 22. gy. e.-ben, valamint a 15. ezredben az olasz fronton harcolt, a II. o. ez\u00fcst, bronz v. \u00e9. \u00e9s a K\u00e1roly Csapatkereszt kit\u00fcntetettjek\u00e9nt hadnagyi rangban [&hellip;]<\/p>\n","protected":false},"featured_media":0,"comment_status":"open","ping_status":"closed","template":"","meta":[],"product_brand":[],"product_cat":[137],"product_tag":[],"class_list":{"0":"post-21701","1":"product","2":"type-product","3":"status-publish","5":"product_cat-maros-megyei-eletrajzi-lexikon","7":"first","8":"instock","9":"shipping-taxable","10":"product-type-simple"},"_links":{"self":[{"href":"https:\/\/uj.adatbank.ro\/lexikon\/wp-json\/wp\/v2\/product\/21701","targetHints":{"allow":["GET"]}}],"collection":[{"href":"https:\/\/uj.adatbank.ro\/lexikon\/wp-json\/wp\/v2\/product"}],"about":[{"href":"https:\/\/uj.adatbank.ro\/lexikon\/wp-json\/wp\/v2\/types\/product"}],"replies":[{"embeddable":true,"href":"https:\/\/uj.adatbank.ro\/lexikon\/wp-json\/wp\/v2\/comments?post=21701"}],"wp:attachment":[{"href":"https:\/\/uj.adatbank.ro\/lexikon\/wp-json\/wp\/v2\/media?parent=21701"}],"wp:term":[{"taxonomy":"product_brand","embeddable":true,"href":"https:\/\/uj.adatbank.ro\/lexikon\/wp-json\/wp\/v2\/product_brand?post=21701"},{"taxonomy":"product_cat","embeddable":true,"href":"https:\/\/uj.adatbank.ro\/lexikon\/wp-json\/wp\/v2\/product_cat?post=21701"},{"taxonomy":"product_tag","embeddable":true,"href":"https:\/\/uj.adatbank.ro\/lexikon\/wp-json\/wp\/v2\/product_tag?post=21701"}],"curies":[{"name":"wp","href":"https:\/\/api.w.org\/{rel}","templated":true}]}}

SZEGEDI Sándor, alvinci

<p>Mezőfele, 1895., †?: ref. ig.-tanító. – Nagyenyeden végezte a tanítóképzőt (1914), azóta szülőfalujában tanított. A MP egyik megszervezője és vezetőségi tagja, a Hangya ügyvezetője és igazgatója volt. az első vh.-ban a 22. gy. e.-ben, valamint a 15. ezredben az olasz fronton harcolt, a II. o. ezüst, bronz v. é. és a Károly Csapatkereszt kitüntetettjeként hadnagyi rangban szerelt le. <br /><strong>Irod.:</strong> Székelyföld í. k.</br></p>

<p>Mezőfele, 1895., †?: ref. ig.-tanító. – Nagyenyeden végezte a tanítóképzőt (1914), azóta szülőfalujában tanított. A MP egyik megszervezője és vezetőségi tagja, a Hangya ügyvezetője és igazgatója volt. az első vh.-ban a 22. gy. e.-ben, valamint a 15. ezredben az olasz fronton harcolt, a II. o. ezüst, bronz v. é. és a Károly Csapatkereszt kitüntetettjeként hadnagyi rangban [&hellip;]</p>
