{"id":21706,"date":"2025-07-22T19:34:40","date_gmt":"2025-07-22T17:34:40","guid":{"rendered":"https:\/\/uj.adatbank.ro\/lexikon\/termek\/szeidl-ferenc\/"},"modified":"2025-07-22T19:34:40","modified_gmt":"2025-07-22T17:34:40","slug":"szeidl-ferenc","status":"publish","type":"product","link":"https:\/\/uj.adatbank.ro\/lexikon\/termek\/szeidl-ferenc\/","title":{"rendered":"SZEIDL Ferenc"},"content":{"rendered":"<p>? \u2020?: orgona\u00e9p\u00edt\u0151. \u2013 Mv.-i polg\u00e1r. A bp-i Rieger c\u00e9gn\u00e9l tanulta a mesters\u00e9get. A mv.-i mester orgon\u00e1t \u00e9p\u00edtett a radn\u00f3ti ref. templomban \u00e9s jav\u00edtott orgon\u00e1t Magyardell\u0151n (1926\u201327), H\u00e9derf\u00e1j\u00e1n (1947). Mv.-en a ferencesek templom\u00e1ban most is az \u0151 orgon\u00e1ja van, amelyet 1937-ben \u00e9p\u00edtett, Moln\u00e1r J\u00f3zsef \u00faj\u00edtotta fel \u00e9s 2000. febr. 2. szentelt\u00e9k fel a ferencesek Szent Imre templom\u00e1ban. A hangversenyk\u00e9pes orgon\u00e1t a rend f\u0151t\u00e9ri templom\u00e1nak lebont\u00e1sakor sz\u00e1ll\u00edtott\u00e1k \u00e1t \u00e9s \u00e1ll\u00edtott\u00e1k fel a rend mai templom\u00e1ban. <br \/><strong>Irod.:<\/strong> K\u00fck\u00fcll\u0151i Ref. Egyh\u00e1zm. 4.; Lokodi: \u00dajra megsz\u00f3lalt Szeidl orgon\u00e1ja (N\u00fa, 2000. febr. 4.); N\u00fa (2000. jan. 6.).<\/br><\/p>\n","protected":false},"excerpt":{"rendered":"<p>? \u2020?: orgona\u00e9p\u00edt\u0151. \u2013 Mv.-i polg\u00e1r. A bp-i Rieger c\u00e9gn\u00e9l tanulta a mesters\u00e9get. A mv.-i mester orgon\u00e1t \u00e9p\u00edtett a radn\u00f3ti ref. templomban \u00e9s jav\u00edtott orgon\u00e1t Magyardell\u0151n (1926\u201327), H\u00e9derf\u00e1j\u00e1n (1947). Mv.-en a ferencesek templom\u00e1ban most is az \u0151 orgon\u00e1ja van, amelyet 1937-ben \u00e9p\u00edtett, Moln\u00e1r J\u00f3zsef \u00faj\u00edtotta fel \u00e9s 2000. febr. 2. szentelt\u00e9k fel a ferencesek Szent [&hellip;]<\/p>\n","protected":false},"featured_media":0,"comment_status":"open","ping_status":"closed","template":"","meta":[],"product_brand":[],"product_cat":[137],"product_tag":[],"class_list":{"0":"post-21706","1":"product","2":"type-product","3":"status-publish","5":"product_cat-maros-megyei-eletrajzi-lexikon","7":"first","8":"instock","9":"shipping-taxable","10":"product-type-simple"},"_links":{"self":[{"href":"https:\/\/uj.adatbank.ro\/lexikon\/wp-json\/wp\/v2\/product\/21706","targetHints":{"allow":["GET"]}}],"collection":[{"href":"https:\/\/uj.adatbank.ro\/lexikon\/wp-json\/wp\/v2\/product"}],"about":[{"href":"https:\/\/uj.adatbank.ro\/lexikon\/wp-json\/wp\/v2\/types\/product"}],"replies":[{"embeddable":true,"href":"https:\/\/uj.adatbank.ro\/lexikon\/wp-json\/wp\/v2\/comments?post=21706"}],"wp:attachment":[{"href":"https:\/\/uj.adatbank.ro\/lexikon\/wp-json\/wp\/v2\/media?parent=21706"}],"wp:term":[{"taxonomy":"product_brand","embeddable":true,"href":"https:\/\/uj.adatbank.ro\/lexikon\/wp-json\/wp\/v2\/product_brand?post=21706"},{"taxonomy":"product_cat","embeddable":true,"href":"https:\/\/uj.adatbank.ro\/lexikon\/wp-json\/wp\/v2\/product_cat?post=21706"},{"taxonomy":"product_tag","embeddable":true,"href":"https:\/\/uj.adatbank.ro\/lexikon\/wp-json\/wp\/v2\/product_tag?post=21706"}],"curies":[{"name":"wp","href":"https:\/\/api.w.org\/{rel}","templated":true}]}}

<p>? †?: orgonaépítő. – Mv.-i polgár. A bp-i Rieger cégnél tanulta a mesterséget. A mv.-i mester orgonát épített a radnóti ref. templomban és javított orgonát Magyardellőn (1926–27), Héderfáján (1947). Mv.-en a ferencesek templomában most is az ő orgonája van, amelyet 1937-ben épített, Molnár József újította fel és 2000. febr. 2. szentelték fel a ferencesek Szent Imre templomában. A hangversenyképes orgonát a rend főtéri templomának lebontásakor szállították át és állították fel a rend mai templomában. <br /><strong>Irod.:</strong> Küküllői Ref. Egyházm. 4.; Lokodi: Újra megszólalt Szeidl orgonája (Nú, 2000. febr. 4.); Nú (2000. jan. 6.).</br></p>

<p>? †?: orgonaépítő. – Mv.-i polgár. A bp-i Rieger cégnél tanulta a mesterséget. A mv.-i mester orgonát épített a radnóti ref. templomban és javított orgonát Magyardellőn (1926–27), Héderfáján (1947). Mv.-en a ferencesek templomában most is az ő orgonája van, amelyet 1937-ben épített, Molnár József újította fel és 2000. febr. 2. szentelték fel a ferencesek Szent [&hellip;]</p>
