{"id":21708,"date":"2025-07-22T19:34:43","date_gmt":"2025-07-22T17:34:43","guid":{"rendered":"https:\/\/uj.adatbank.ro\/lexikon\/termek\/szekely-adamosi-csalad\/"},"modified":"2025-07-22T19:34:43","modified_gmt":"2025-07-22T17:34:43","slug":"szekely-adamosi-csalad","status":"publish","type":"product","link":"https:\/\/uj.adatbank.ro\/lexikon\/termek\/szekely-adamosi-csalad\/","title":{"rendered":"SZ\u00c9KELY, \u00e1d\u00e1mosi, csal\u00e1d"},"content":{"rendered":"<p>K\u00fck\u00fcll\u0151 megyei eredet\u0171 csal\u00e1d. Nemes level\u00e9t Sz\u00e9kely Bertalan \u00e9s fia Istv\u00e1n kapta (1592. dec. 8-\u00e1n) B\u00e1thori Zsigmond erd\u00e9lyi fejedelemt\u0151l. K\u00f6z\u00fcl\u00fck: I. Istv\u00e1n vad\u00e1szaton lelte hal\u00e1l\u00e1t. I. Mih\u00e1ly szentp\u00e9teri ref. pap. II. J\u00e1nosnak fia M\u00e1rton b\u00e1r\u00f3 Kem\u00e9ny Simon gazdatisztje volt, Aranyossz\u00e9kben F. Sz. Mih\u00e1lyfalv\u00e1n \u00e9s Sinfalv\u00e1n \u00e9s Als\u00f3-Fej\u00e9r megy\u00e9ben T\u00f6visen birtokos. Testv\u00e9re III. P\u00e9ter k. fej\u00e9rv\u00e1ri ker\u00fcleti esperes \u00e9s ref. lelk\u00e9sz volt. Fiai D\u00e1niel kir. f\u0151korm\u00e1nysz\u00e9ki fogalmaz\u00f3, 1863-ban titk\u00e1r, \u00e9s J\u00e1nos 1848. el\u0151tt Kolos megyei, majd Marossz\u00e9ki m\u00e9rn\u00f6k. D\u00e1nielnek fia Bertalan mint fest\u0151 M\u00fcnchenben a h\u00edres Piloti tan\u00e1r term\u00e9ben tanult, \u00e9s legtehets\u00e9gesebb fest\u0151ink egyike. <br \/><strong>Irod.:<\/strong> Nagy Iv\u00e1n.<\/br><\/p>\n","protected":false},"excerpt":{"rendered":"<p>K\u00fck\u00fcll\u0151 megyei eredet\u0171 csal\u00e1d. Nemes level\u00e9t Sz\u00e9kely Bertalan \u00e9s fia Istv\u00e1n kapta (1592. dec. 8-\u00e1n) B\u00e1thori Zsigmond erd\u00e9lyi fejedelemt\u0151l. K\u00f6z\u00fcl\u00fck: I. Istv\u00e1n vad\u00e1szaton lelte hal\u00e1l\u00e1t. I. Mih\u00e1ly szentp\u00e9teri ref. pap. II. J\u00e1nosnak fia M\u00e1rton b\u00e1r\u00f3 Kem\u00e9ny Simon gazdatisztje volt, Aranyossz\u00e9kben F. Sz. Mih\u00e1lyfalv\u00e1n \u00e9s Sinfalv\u00e1n \u00e9s Als\u00f3-Fej\u00e9r megy\u00e9ben T\u00f6visen birtokos. Testv\u00e9re III. P\u00e9ter k. fej\u00e9rv\u00e1ri [&hellip;]<\/p>\n","protected":false},"featured_media":0,"comment_status":"open","ping_status":"closed","template":"","meta":[],"product_brand":[],"product_cat":[137],"product_tag":[],"class_list":{"0":"post-21708","1":"product","2":"type-product","3":"status-publish","5":"product_cat-maros-megyei-eletrajzi-lexikon","7":"first","8":"instock","9":"shipping-taxable","10":"product-type-simple"},"_links":{"self":[{"href":"https:\/\/uj.adatbank.ro\/lexikon\/wp-json\/wp\/v2\/product\/21708","targetHints":{"allow":["GET"]}}],"collection":[{"href":"https:\/\/uj.adatbank.ro\/lexikon\/wp-json\/wp\/v2\/product"}],"about":[{"href":"https:\/\/uj.adatbank.ro\/lexikon\/wp-json\/wp\/v2\/types\/product"}],"replies":[{"embeddable":true,"href":"https:\/\/uj.adatbank.ro\/lexikon\/wp-json\/wp\/v2\/comments?post=21708"}],"wp:attachment":[{"href":"https:\/\/uj.adatbank.ro\/lexikon\/wp-json\/wp\/v2\/media?parent=21708"}],"wp:term":[{"taxonomy":"product_brand","embeddable":true,"href":"https:\/\/uj.adatbank.ro\/lexikon\/wp-json\/wp\/v2\/product_brand?post=21708"},{"taxonomy":"product_cat","embeddable":true,"href":"https:\/\/uj.adatbank.ro\/lexikon\/wp-json\/wp\/v2\/product_cat?post=21708"},{"taxonomy":"product_tag","embeddable":true,"href":"https:\/\/uj.adatbank.ro\/lexikon\/wp-json\/wp\/v2\/product_tag?post=21708"}],"curies":[{"name":"wp","href":"https:\/\/api.w.org\/{rel}","templated":true}]}}

SZÉKELY, ádámosi, család

<p>Küküllő megyei eredetű család. Nemes levelét Székely Bertalan és fia István kapta (1592. dec. 8-án) Báthori Zsigmond erdélyi fejedelemtől. Közülük: I. István vadászaton lelte halálát. I. Mihály szentpéteri ref. pap. II. Jánosnak fia Márton báró Kemény Simon gazdatisztje volt, Aranyosszékben F. Sz. Mihályfalván és Sinfalván és Alsó-Fejér megyében Tövisen birtokos. Testvére III. Péter k. fejérvári kerületi esperes és ref. lelkész volt. Fiai Dániel kir. főkormányszéki fogalmazó, 1863-ban titkár, és János 1848. előtt Kolos megyei, majd Marosszéki mérnök. Dánielnek fia Bertalan mint festő Münchenben a híres Piloti tanár termében tanult, és legtehetségesebb festőink egyike. <br /><strong>Irod.:</strong> Nagy Iván.</br></p>

<p>Küküllő megyei eredetű család. Nemes levelét Székely Bertalan és fia István kapta (1592. dec. 8-án) Báthori Zsigmond erdélyi fejedelemtől. Közülük: I. István vadászaton lelte halálát. I. Mihály szentpéteri ref. pap. II. Jánosnak fia Márton báró Kemény Simon gazdatisztje volt, Aranyosszékben F. Sz. Mihályfalván és Sinfalván és Alsó-Fejér megyében Tövisen birtokos. Testvére III. Péter k. fejérvári [&hellip;]</p>
