{"id":2171,"date":"2025-06-28T12:05:54","date_gmt":"2025-06-28T10:05:54","guid":{"rendered":"https:\/\/uj.adatbank.ro\/lexikon\/termek\/banffy-ferenc-3\/"},"modified":"2025-06-28T12:05:54","modified_gmt":"2025-06-28T10:05:54","slug":"banffy-ferenc-3","status":"publish","type":"product","link":"https:\/\/uj.adatbank.ro\/lexikon\/termek\/banffy-ferenc-3\/","title":{"rendered":"B\u00c1NFFY Ferenc"},"content":{"rendered":"<p>Koronka, 1784. febr. 10., \u2020 Fugad, 1839. okt. 18. Halotti c\u00edmere a kv.-i Farkas utcai templomban: f\u00f6ldes\u00far. \u2013 B. J\u00e1nos \u00e9s nagyercsei \u00e9s gelencei Toldalaghi M\u00e1ria fia. Feles\u00e9g: zeykfalvi Zeyk Zsuzsanna (1785. m\u00e1j. 26.-Csombord, 1865. okt. 13. Fugadon temett\u00e9k). Gyermekeik: J\u00e1nos (1810\u20131873), feles\u00e9ge br. Wessel\u00e9nyi Joz\u00e9fa; Katalin (1811\u20131886) br. Kem\u00e9ny Istv\u00e1nn\u00e9; D\u00e1niel (1812\u20131886), feles\u00e9ge Gy\u00e1rf\u00e1s Anna. \u2013 \u00c1t\u00e9p\u00edtett\u00e9k a fugadi kast\u00e9lyt (1812). Birtokait elosztotta fiai k\u00f6z\u00f6tt. J\u00e1nos kapta Beresztelk\u00e9t, D\u00e1niel pedig Fugadot. <br \/><strong>Irod.:<\/strong> Bicsok\u2013Orb\u00e1n; Entz\u2013Kov\u00e1cs; Gudenus; Lev\u00e9lt\u00e1ri gy\u00e1szj.<\/br><\/p>\n","protected":false},"excerpt":{"rendered":"<p>Koronka, 1784. febr. 10., \u2020 Fugad, 1839. okt. 18. Halotti c\u00edmere a kv.-i Farkas utcai templomban: f\u00f6ldes\u00far. \u2013 B. J\u00e1nos \u00e9s nagyercsei \u00e9s gelencei Toldalaghi M\u00e1ria fia. Feles\u00e9g: zeykfalvi Zeyk Zsuzsanna (1785. m\u00e1j. 26.-Csombord, 1865. okt. 13. Fugadon temett\u00e9k). Gyermekeik: J\u00e1nos (1810\u20131873), feles\u00e9ge br. Wessel\u00e9nyi Joz\u00e9fa; Katalin (1811\u20131886) br. Kem\u00e9ny Istv\u00e1nn\u00e9; D\u00e1niel (1812\u20131886), feles\u00e9ge Gy\u00e1rf\u00e1s [&hellip;]<\/p>\n","protected":false},"featured_media":0,"comment_status":"open","ping_status":"closed","template":"","meta":[],"product_brand":[],"product_cat":[137],"product_tag":[],"class_list":{"0":"post-2171","1":"product","2":"type-product","3":"status-publish","5":"product_cat-maros-megyei-eletrajzi-lexikon","7":"first","8":"instock","9":"shipping-taxable","10":"product-type-simple"},"_links":{"self":[{"href":"https:\/\/uj.adatbank.ro\/lexikon\/wp-json\/wp\/v2\/product\/2171","targetHints":{"allow":["GET"]}}],"collection":[{"href":"https:\/\/uj.adatbank.ro\/lexikon\/wp-json\/wp\/v2\/product"}],"about":[{"href":"https:\/\/uj.adatbank.ro\/lexikon\/wp-json\/wp\/v2\/types\/product"}],"replies":[{"embeddable":true,"href":"https:\/\/uj.adatbank.ro\/lexikon\/wp-json\/wp\/v2\/comments?post=2171"}],"wp:attachment":[{"href":"https:\/\/uj.adatbank.ro\/lexikon\/wp-json\/wp\/v2\/media?parent=2171"}],"wp:term":[{"taxonomy":"product_brand","embeddable":true,"href":"https:\/\/uj.adatbank.ro\/lexikon\/wp-json\/wp\/v2\/product_brand?post=2171"},{"taxonomy":"product_cat","embeddable":true,"href":"https:\/\/uj.adatbank.ro\/lexikon\/wp-json\/wp\/v2\/product_cat?post=2171"},{"taxonomy":"product_tag","embeddable":true,"href":"https:\/\/uj.adatbank.ro\/lexikon\/wp-json\/wp\/v2\/product_tag?post=2171"}],"curies":[{"name":"wp","href":"https:\/\/api.w.org\/{rel}","templated":true}]}}

BÁNFFY Ferenc

<p>Koronka, 1784. febr. 10., † Fugad, 1839. okt. 18. Halotti címere a kv.-i Farkas utcai templomban: földesúr. – B. János és nagyercsei és gelencei Toldalaghi Mária fia. Feleség: zeykfalvi Zeyk Zsuzsanna (1785. máj. 26.-Csombord, 1865. okt. 13. Fugadon temették). Gyermekeik: János (1810–1873), felesége br. Wesselényi Jozéfa; Katalin (1811–1886) br. Kemény Istvánné; Dániel (1812–1886), felesége Gyárfás Anna. – Átépítették a fugadi kastélyt (1812). Birtokait elosztotta fiai között. János kapta Beresztelkét, Dániel pedig Fugadot. <br /><strong>Irod.:</strong> Bicsok–Orbán; Entz–Kovács; Gudenus; Levéltári gyászj.</br></p>

<p>Koronka, 1784. febr. 10., † Fugad, 1839. okt. 18. Halotti címere a kv.-i Farkas utcai templomban: földesúr. – B. János és nagyercsei és gelencei Toldalaghi Mária fia. Feleség: zeykfalvi Zeyk Zsuzsanna (1785. máj. 26.-Csombord, 1865. okt. 13. Fugadon temették). Gyermekeik: János (1810–1873), felesége br. Wesselényi Jozéfa; Katalin (1811–1886) br. Kemény Istvánné; Dániel (1812–1886), felesége Gyárfás [&hellip;]</p>
