{"id":21723,"date":"2025-07-22T19:35:13","date_gmt":"2025-07-22T17:35:13","guid":{"rendered":"https:\/\/uj.adatbank.ro\/lexikon\/termek\/szekely-szabedi-csalad\/"},"modified":"2025-07-22T19:35:13","modified_gmt":"2025-07-22T17:35:13","slug":"szekely-szabedi-csalad","status":"publish","type":"product","link":"https:\/\/uj.adatbank.ro\/lexikon\/termek\/szekely-szabedi-csalad\/","title":{"rendered":"SZ\u00c9KELY, szab\u00e9di csal\u00e1d"},"content":{"rendered":"<p>Sz. P\u00e9ter nyert R\u00e1k\u00f3czi Gy\u00f6rgyt\u0151l arm\u00e1list (1655. j\u00fan. 28.). Nemess\u00e9g\u00e9t Marossz\u00e9kb\u0151l 1785. jan. 24. \u00e9s 1786. j\u00fan. 19. legf. helyen igazolta. <br \/><strong>Irod.:<\/strong> Kempelen; P\u00e1lmay.<\/br><\/p>\n","protected":false},"excerpt":{"rendered":"<p>Sz. P\u00e9ter nyert R\u00e1k\u00f3czi Gy\u00f6rgyt\u0151l arm\u00e1list (1655. j\u00fan. 28.). Nemess\u00e9g\u00e9t Marossz\u00e9kb\u0151l 1785. jan. 24. \u00e9s 1786. j\u00fan. 19. legf. helyen igazolta. Irod.: Kempelen; P\u00e1lmay.<\/p>\n","protected":false},"featured_media":0,"comment_status":"open","ping_status":"closed","template":"","meta":[],"product_brand":[],"product_cat":[137],"product_tag":[],"class_list":{"0":"post-21723","1":"product","2":"type-product","3":"status-publish","5":"product_cat-maros-megyei-eletrajzi-lexikon","7":"first","8":"instock","9":"shipping-taxable","10":"product-type-simple"},"_links":{"self":[{"href":"https:\/\/uj.adatbank.ro\/lexikon\/wp-json\/wp\/v2\/product\/21723","targetHints":{"allow":["GET"]}}],"collection":[{"href":"https:\/\/uj.adatbank.ro\/lexikon\/wp-json\/wp\/v2\/product"}],"about":[{"href":"https:\/\/uj.adatbank.ro\/lexikon\/wp-json\/wp\/v2\/types\/product"}],"replies":[{"embeddable":true,"href":"https:\/\/uj.adatbank.ro\/lexikon\/wp-json\/wp\/v2\/comments?post=21723"}],"wp:attachment":[{"href":"https:\/\/uj.adatbank.ro\/lexikon\/wp-json\/wp\/v2\/media?parent=21723"}],"wp:term":[{"taxonomy":"product_brand","embeddable":true,"href":"https:\/\/uj.adatbank.ro\/lexikon\/wp-json\/wp\/v2\/product_brand?post=21723"},{"taxonomy":"product_cat","embeddable":true,"href":"https:\/\/uj.adatbank.ro\/lexikon\/wp-json\/wp\/v2\/product_cat?post=21723"},{"taxonomy":"product_tag","embeddable":true,"href":"https:\/\/uj.adatbank.ro\/lexikon\/wp-json\/wp\/v2\/product_tag?post=21723"}],"curies":[{"name":"wp","href":"https:\/\/api.w.org\/{rel}","templated":true}]}}