{"id":21726,"date":"2025-07-22T19:35:19","date_gmt":"2025-07-22T17:35:19","guid":{"rendered":"https:\/\/uj.adatbank.ro\/lexikon\/termek\/szekely-adam\/"},"modified":"2025-07-22T19:35:19","modified_gmt":"2025-07-22T17:35:19","slug":"szekely-adam","status":"publish","type":"product","link":"https:\/\/uj.adatbank.ro\/lexikon\/termek\/szekely-adam\/","title":{"rendered":"SZ\u00c9KELY \u00c1d\u00e1m"},"content":{"rendered":"<p>1819?, \u2020 Mv., 1878. nov. 15.: k\u00f6lt\u0151, n\u00e9pdalgy\u0171jt\u0151, lev\u00e9lt\u00e1ros. \u2013 Feles\u00e9ge: 1. \u2026? fi\u00fak: R\u00f3bert; 2. Farkas M\u00e1ria (1845? \u2013 Mv., 1879. j\u00fal. 28.). Gyermekeik: K\u00e1lm\u00e1n, M\u00e1ria. \u2013 A mv.-i ref. koll.-ban tanult, ugyanitt volt oszt\u00e1lytan\u00edt\u00f3 (1843\u2013), majd gazdatiszt. A Nagyv\u00e1radon szervez\u0151d\u0151 I. honv\u00e9d vad\u00e1szezredn\u00e9l hadnagy (1848. m\u00e1rc.\u2013), Nagyenyeden a 2. vad\u00e1szezred 10. sz\u00e1zad\u00e1n\u00e1l f\u0151hadnagy volt (1848. j\u00fal.\u2013). Maros-Torda vm. lev\u00e9lt\u00e1rosa (11 \u00e9vig). Anyagi gondjai \u00e9s v\u00e1lt\u00f3kezess\u00e9g miatt \u00f6ngyilkos lett. F\u0151k\u00e9nt t\u00f6rt. adatok gy\u0171jt\u00e9s\u00e9vel foglalkozott. N\u00e9pk\u00f6lt\u00e9szettel foglalkozott, f\u0151k\u00e9nt m\u0171dalokat gy\u0171jt\u00f6tt. Gy\u0171jtem\u00e9nye r\u00e9szben feldolgozatlan \u00e9s kiadatlan maradt. Elbesz\u00e9l\u00e9seket \u00e9s t\u00f6rt. cikkeket, sz\u00ednm\u0171veket \u00edrt a Kisk\u00f6vetbe, a Mv.-i F\u00fczetekbe, a Gir\u00f3k\u00fati K\u00e9pes Napt\u00e1rba. A Sz\u00e9kely N\u00e9plap (1866. j\u00fal. 7.\u201367. dec. 28.), majd annak ut\u00f3dja a Sz\u00e9kely K\u00f6zl\u00f6ny szerkeszt\u0151je (1867. \u00e1pr. 2. \u2013 1968). Az \u00e1ltala szerkesztett lapokban n\u00e9pk\u00f6lt\u00e9szeti sz\u00f6vegeket is k\u00f6z\u00f6lt. A Sz\u00e9kely N\u00e9plap volt Mv. els\u0151 hetilapja, amelyben a r\u00e9gi szok\u00e1sokr\u00f3l, a divatr\u00f3l, a szellemi \u00e9letr\u0151l az irodalomp\u00e1rtol\u00e1sr\u00f3l \u00edrtak. Orb\u00e1n J\u00f3zseffel k\u00f6z\u00f6sen alap\u00edtottak \u00e9s szerkesztettek Micl\u00e1v \u00e9s Banquir c. darabj\u00e1t a kv.-i t\u00e1rsulat Mv.-en adta el\u0151 (1844. j\u00fan. 20.). A mv.-i KZST tagja. A mv.-i honv\u00e9degylet bizotts\u00e1got hozott l\u00e9tre Bem szobor fel\u00e1ll\u00edt\u00e1sa c\u00e9lj\u00e1b\u00f3l (1868. szept. 20.), jegyz\u0151je Bakcsi J\u00f3zsef, kinek elhunyta ut\u00e1n (1872), \u00e1tvette feladatait. (1876. aug. 6.). \u2013 <strong><strong>F. m.<\/strong><\/strong>: P\u00f3r boszsz\u00faja. \u2013 Kar\u00e1csony\u00e9j (elb.; Kisk\u00f6vet, 1846); A marosv\u00e1s\u00e1rhelyi r\u00e9gi nagy faz\u00e9k (Mv.-i F\u00fcz., 1859). <br \/><strong>Irod.:<\/strong> Enyedi S\u00e1ndor: D\u00e9ryn\u00e9 erd\u00e9lyi sz\u00ednpadokon (Buk., 1975); Er\u0151ss; Gy\u00e1szjelent\u0151; Id\u0151t\u00e1r 1; Id\u0151t\u00e1r 2; Keresztes Gyula: Az els\u0151 mv.-i \u00fajs\u00e1g (N\u00fa 2001. m\u00e1j. 12); Kriza levelez\u00e9s; Kusz\u00e1lik\u2013Zal\u00e1nyi; Moln\u00e1r G\u00e1bor: Az els\u0151 mv.-i hirlapr\u00f3l (Mv., 1912. aug. 15.); Olosz Katalin 2003; P\u00e1l-Antal 2003; Popt\u0103ma\u015f\u2013M\u00f3zes; Rugonfalvi Kiss; Szentgy\u00f6rgyi; Szinnyei; \u00daM\u00c9L.<\/br><\/p>\n","protected":false},"excerpt":{"rendered":"<p>1819?, \u2020 Mv., 1878. nov. 15.: k\u00f6lt\u0151, n\u00e9pdalgy\u0171jt\u0151, lev\u00e9lt\u00e1ros. \u2013 Feles\u00e9ge: 1. \u2026? fi\u00fak: R\u00f3bert; 2. Farkas M\u00e1ria (1845? \u2013 Mv., 1879. j\u00fal. 28.). Gyermekeik: K\u00e1lm\u00e1n, M\u00e1ria. \u2013 A mv.-i ref. koll.-ban tanult, ugyanitt volt oszt\u00e1lytan\u00edt\u00f3 (1843\u2013), majd gazdatiszt. A Nagyv\u00e1radon szervez\u0151d\u0151 I. honv\u00e9d vad\u00e1szezredn\u00e9l hadnagy (1848. m\u00e1rc.\u2013), Nagyenyeden a 2. vad\u00e1szezred 10. sz\u00e1zad\u00e1n\u00e1l f\u0151hadnagy [&hellip;]<\/p>\n","protected":false},"featured_media":0,"comment_status":"open","ping_status":"closed","template":"","meta":[],"product_brand":[],"product_cat":[137],"product_tag":[],"class_list":{"0":"post-21726","1":"product","2":"type-product","3":"status-publish","5":"product_cat-maros-megyei-eletrajzi-lexikon","7":"first","8":"instock","9":"shipping-taxable","10":"product-type-simple"},"_links":{"self":[{"href":"https:\/\/uj.adatbank.ro\/lexikon\/wp-json\/wp\/v2\/product\/21726","targetHints":{"allow":["GET"]}}],"collection":[{"href":"https:\/\/uj.adatbank.ro\/lexikon\/wp-json\/wp\/v2\/product"}],"about":[{"href":"https:\/\/uj.adatbank.ro\/lexikon\/wp-json\/wp\/v2\/types\/product"}],"replies":[{"embeddable":true,"href":"https:\/\/uj.adatbank.ro\/lexikon\/wp-json\/wp\/v2\/comments?post=21726"}],"wp:attachment":[{"href":"https:\/\/uj.adatbank.ro\/lexikon\/wp-json\/wp\/v2\/media?parent=21726"}],"wp:term":[{"taxonomy":"product_brand","embeddable":true,"href":"https:\/\/uj.adatbank.ro\/lexikon\/wp-json\/wp\/v2\/product_brand?post=21726"},{"taxonomy":"product_cat","embeddable":true,"href":"https:\/\/uj.adatbank.ro\/lexikon\/wp-json\/wp\/v2\/product_cat?post=21726"},{"taxonomy":"product_tag","embeddable":true,"href":"https:\/\/uj.adatbank.ro\/lexikon\/wp-json\/wp\/v2\/product_tag?post=21726"}],"curies":[{"name":"wp","href":"https:\/\/api.w.org\/{rel}","templated":true}]}}