{"id":21727,"date":"2025-07-22T19:35:21","date_gmt":"2025-07-22T17:35:21","guid":{"rendered":"https:\/\/uj.adatbank.ro\/lexikon\/termek\/szekely-adam-borosjenoi-gr\/"},"modified":"2025-07-22T19:35:21","modified_gmt":"2025-07-22T17:35:21","slug":"szekely-adam-borosjenoi-gr","status":"publish","type":"product","link":"https:\/\/uj.adatbank.ro\/lexikon\/termek\/szekely-adam-borosjenoi-gr\/","title":{"rendered":"SZ\u00c9KELY \u00c1d\u00e1m, borosjen\u0151i gr."},"content":{"rendered":"<p>? 1721., \u2020 1789. m\u00e1j. 31.: cs. k. kamar\u00e1s, az erd\u00e9lyi ref. egyh\u00e1zi alap\u00edtv\u00e1nyok \u00e9s iskol\u00e1k gondnoka, Sz. \u00c1d\u00e1m gr. \u00e9s Rh\u00e9dey Katalin fia. Fiaik: L\u00e1szl\u00f3 \u00e9s \u00c1d\u00e1m. \u2013 Neveltet\u00e9se a haz\u00e1ban kezd\u0151d\u00f6tt \u00e9s k\u00fclf\u00f6ldi (N\u00e9met-, Angol- \u00e9s Franciao.-ban) utaz\u00e1sokkal v\u00e9gz\u0151d\u00f6tt. N\u0151telen maradt \u00e9s benne a csal\u00e1dja kihalt. \u00c9let\u00e9ben a mv-i ref. f\u0151iskol\u00e1t adom\u00e1nyaiban r\u00e9szes\u00edtette \u00e9s Szil\u00e1gyi S\u00e1muel br.-t\u00f3l \u00f6r\u00f6k\u00f6lt k\u00f6nyvt\u00e1r\u00e1t is a mv.-i Ref. Koll.-ra hagyta; a kv.i ref. egyh\u00e1zra pedig 500 frtot hagyott. John Locke m. ford\u00edt\u00f3ja. Halotti c\u00edmere a kv.-i Farkas utcai templomban. \u2013 <strong>F. m.<\/strong>: ford\u00edt\u00f3: A marh\u00e1k k\u00f6r\u00fcl val\u00f3 Austriai rendtart\u00e1s. N\u00e9metb\u0151l magyarra ford. (Szeben, 1763.); A gyermekek nevel\u00e9s\u00e9r\u0151l, mellyet Locke J\u00e1nos&#8230; angol nyelven irt &#8230; Coste&#8230; francia nyelven adott ki. Most pedig&#8230; magyarra ford\u00edtott B. J. G. Sz. A. 1769. (Portelki udvarh\u00e1z\u00e1ban) (Kv, 1771. 2. kiad\u00e1s. Buda, 1829). <br \/><strong>Irod.:<\/strong> Entz\u2013Kov\u00e1cs; Farcz\u00e1dy Elek: A marosv\u00e1s\u00e1rhelyi Bolyai tudom\u00e1nyos k\u00f6nyvt\u00e1r = Eml\u00e9kk.\u00a0K.L. 80; R\u00f3th: Sz\u00fcletett nyelv\u00fcnk\u00f6n; Rugonfalvi Kiss; Szinnyei, Szinnyei J.<\/br><\/p>\n","protected":false},"excerpt":{"rendered":"<p>? 1721., \u2020 1789. m\u00e1j. 31.: cs. k. kamar\u00e1s, az erd\u00e9lyi ref. egyh\u00e1zi alap\u00edtv\u00e1nyok \u00e9s iskol\u00e1k gondnoka, Sz. \u00c1d\u00e1m gr. \u00e9s Rh\u00e9dey Katalin fia. Fiaik: L\u00e1szl\u00f3 \u00e9s \u00c1d\u00e1m. \u2013 Neveltet\u00e9se a haz\u00e1ban kezd\u0151d\u00f6tt \u00e9s k\u00fclf\u00f6ldi (N\u00e9met-, Angol- \u00e9s Franciao.-ban) utaz\u00e1sokkal v\u00e9gz\u0151d\u00f6tt. N\u0151telen maradt \u00e9s benne a csal\u00e1dja kihalt. \u00c9let\u00e9ben a mv-i ref. f\u0151iskol\u00e1t adom\u00e1nyaiban r\u00e9szes\u00edtette [&hellip;]<\/p>\n","protected":false},"featured_media":0,"comment_status":"open","ping_status":"closed","template":"","meta":[],"product_brand":[],"product_cat":[137],"product_tag":[],"class_list":{"0":"post-21727","1":"product","2":"type-product","3":"status-publish","5":"product_cat-maros-megyei-eletrajzi-lexikon","7":"first","8":"instock","9":"shipping-taxable","10":"product-type-simple"},"_links":{"self":[{"href":"https:\/\/uj.adatbank.ro\/lexikon\/wp-json\/wp\/v2\/product\/21727","targetHints":{"allow":["GET"]}}],"collection":[{"href":"https:\/\/uj.adatbank.ro\/lexikon\/wp-json\/wp\/v2\/product"}],"about":[{"href":"https:\/\/uj.adatbank.ro\/lexikon\/wp-json\/wp\/v2\/types\/product"}],"replies":[{"embeddable":true,"href":"https:\/\/uj.adatbank.ro\/lexikon\/wp-json\/wp\/v2\/comments?post=21727"}],"wp:attachment":[{"href":"https:\/\/uj.adatbank.ro\/lexikon\/wp-json\/wp\/v2\/media?parent=21727"}],"wp:term":[{"taxonomy":"product_brand","embeddable":true,"href":"https:\/\/uj.adatbank.ro\/lexikon\/wp-json\/wp\/v2\/product_brand?post=21727"},{"taxonomy":"product_cat","embeddable":true,"href":"https:\/\/uj.adatbank.ro\/lexikon\/wp-json\/wp\/v2\/product_cat?post=21727"},{"taxonomy":"product_tag","embeddable":true,"href":"https:\/\/uj.adatbank.ro\/lexikon\/wp-json\/wp\/v2\/product_tag?post=21727"}],"curies":[{"name":"wp","href":"https:\/\/api.w.org\/{rel}","templated":true}]}}

SZÉKELY Ádám, borosjenői gr.

<p>? 1721., † 1789. máj. 31.: cs. k. kamarás, az erdélyi ref. egyházi alapítványok és iskolák gondnoka, Sz. Ádám gr. és Rhédey Katalin fia. Fiaik: László és Ádám. – Neveltetése a hazában kezdődött és külföldi (Német-, Angol- és Franciao.-ban) utazásokkal végződött. Nőtelen maradt és benne a családja kihalt. Életében a mv-i ref. főiskolát adományaiban részesítette és Szilágyi Sámuel br.-tól örökölt könyvtárát is a mv.-i Ref. Koll.-ra hagyta; a kv.i ref. egyházra pedig 500 frtot hagyott. John Locke m. fordítója. Halotti címere a kv.-i Farkas utcai templomban. – <strong>F. m.</strong>: fordító: A marhák körül való Austriai rendtartás. Németből magyarra ford. (Szeben, 1763.); A gyermekek neveléséről, mellyet Locke János&#8230; angol nyelven irt &#8230; Coste&#8230; francia nyelven adott ki. Most pedig&#8230; magyarra fordított B. J. G. Sz. A. 1769. (Portelki udvarházában) (Kv, 1771. 2. kiadás. Buda, 1829). <br /><strong>Irod.:</strong> Entz–Kovács; Farczády Elek: A marosvásárhelyi Bolyai tudományos könyvtár = Emlékk. K.L. 80; Róth: Született nyelvünkön; Rugonfalvi Kiss; Szinnyei, Szinnyei J.</br></p>

<p>? 1721., † 1789. máj. 31.: cs. k. kamarás, az erdélyi ref. egyházi alapítványok és iskolák gondnoka, Sz. Ádám gr. és Rhédey Katalin fia. Fiaik: László és Ádám. – Neveltetése a hazában kezdődött és külföldi (Német-, Angol- és Franciao.-ban) utazásokkal végződött. Nőtelen maradt és benne a családja kihalt. Életében a mv-i ref. főiskolát adományaiban részesítette [&hellip;]</p>
