{"id":21729,"date":"2025-07-22T19:35:25","date_gmt":"2025-07-22T17:35:25","guid":{"rendered":"https:\/\/uj.adatbank.ro\/lexikon\/termek\/szekely-albert-%c2%a7\/"},"modified":"2025-07-22T19:35:25","modified_gmt":"2025-07-22T17:35:25","slug":"szekely-albert-%c2%a7","status":"publish","type":"product","link":"https:\/\/uj.adatbank.ro\/lexikon\/termek\/szekely-albert-%c2%a7\/","title":{"rendered":"SZ\u00c9KELY Albert, \u00a7"},"content":{"rendered":"<p>Marosugra, 1913. nov. 25., \u2020 Nagyv\u00e1rad, 1976. m\u00e1rc. 30.: f\u00f6ldm\u0171ves, gazd\u00e1lkod\u00f3. \u2013 Sz\u00fclei: J\u00e1nos \u00e9s Katalin, a kul\u00e1klist\u00e1n szerepeltek, mivel 25 hold f\u00f6ldj\u00fck \u00e9s nagy h\u00e1zuk volt. Marosugr\u00e1r\u00f3l \u00e1ttelepedett \u00c9rmih\u00e1lyfalv\u00e1ra. Letartoztatt\u00e1k (1958. j\u00fal. 31.), a Sass K\u00e1lm\u00e1n-perben rendszer ellenes szervezked\u00e9s, haza\u00e1rul\u00e1s v\u00e1dj\u00e1val a kv.-i Katonai T\u00f6rv\u00e9nysz\u00e9ken 25 \u00e9vi k\u00e9nyszermunk\u00e1ra \u00edt\u00e9lt\u00e9k. Nagyv\u00e1radon, Szamos\u00fajv\u00e1ron, a Duna-delt\u00e1ban \u00e9s \u00fajra Szamos\u00fajv\u00e1ron raboskodott. S\u00falyos t\u00fcd\u0151betegs\u00e9ggel szabadult (1964), a nagyv\u00e1radi T\u00fcd\u0151szanat\u00f3riumban halt meg. <br \/><strong>Irod.:<\/strong> 1956 Erd\u00e9lyben; T\u00f3falvi 2.<\/br><\/p>\n","protected":false},"excerpt":{"rendered":"<p>Marosugra, 1913. nov. 25., \u2020 Nagyv\u00e1rad, 1976. m\u00e1rc. 30.: f\u00f6ldm\u0171ves, gazd\u00e1lkod\u00f3. \u2013 Sz\u00fclei: J\u00e1nos \u00e9s Katalin, a kul\u00e1klist\u00e1n szerepeltek, mivel 25 hold f\u00f6ldj\u00fck \u00e9s nagy h\u00e1zuk volt. Marosugr\u00e1r\u00f3l \u00e1ttelepedett \u00c9rmih\u00e1lyfalv\u00e1ra. Letartoztatt\u00e1k (1958. j\u00fal. 31.), a Sass K\u00e1lm\u00e1n-perben rendszer ellenes szervezked\u00e9s, haza\u00e1rul\u00e1s v\u00e1dj\u00e1val a kv.-i Katonai T\u00f6rv\u00e9nysz\u00e9ken 25 \u00e9vi k\u00e9nyszermunk\u00e1ra \u00edt\u00e9lt\u00e9k. Nagyv\u00e1radon, Szamos\u00fajv\u00e1ron, a Duna-delt\u00e1ban \u00e9s [&hellip;]<\/p>\n","protected":false},"featured_media":0,"comment_status":"open","ping_status":"closed","template":"","meta":[],"product_brand":[],"product_cat":[137],"product_tag":[],"class_list":{"0":"post-21729","1":"product","2":"type-product","3":"status-publish","5":"product_cat-maros-megyei-eletrajzi-lexikon","7":"first","8":"instock","9":"shipping-taxable","10":"product-type-simple"},"_links":{"self":[{"href":"https:\/\/uj.adatbank.ro\/lexikon\/wp-json\/wp\/v2\/product\/21729","targetHints":{"allow":["GET"]}}],"collection":[{"href":"https:\/\/uj.adatbank.ro\/lexikon\/wp-json\/wp\/v2\/product"}],"about":[{"href":"https:\/\/uj.adatbank.ro\/lexikon\/wp-json\/wp\/v2\/types\/product"}],"replies":[{"embeddable":true,"href":"https:\/\/uj.adatbank.ro\/lexikon\/wp-json\/wp\/v2\/comments?post=21729"}],"wp:attachment":[{"href":"https:\/\/uj.adatbank.ro\/lexikon\/wp-json\/wp\/v2\/media?parent=21729"}],"wp:term":[{"taxonomy":"product_brand","embeddable":true,"href":"https:\/\/uj.adatbank.ro\/lexikon\/wp-json\/wp\/v2\/product_brand?post=21729"},{"taxonomy":"product_cat","embeddable":true,"href":"https:\/\/uj.adatbank.ro\/lexikon\/wp-json\/wp\/v2\/product_cat?post=21729"},{"taxonomy":"product_tag","embeddable":true,"href":"https:\/\/uj.adatbank.ro\/lexikon\/wp-json\/wp\/v2\/product_tag?post=21729"}],"curies":[{"name":"wp","href":"https:\/\/api.w.org\/{rel}","templated":true}]}}