{"id":2173,"date":"2025-06-28T12:05:59","date_gmt":"2025-06-28T10:05:59","guid":{"rendered":"https:\/\/uj.adatbank.ro\/lexikon\/termek\/banffy-ferenc-br\/"},"modified":"2025-06-28T12:05:59","modified_gmt":"2025-06-28T10:05:59","slug":"banffy-ferenc-br","status":"publish","type":"product","link":"https:\/\/uj.adatbank.ro\/lexikon\/termek\/banffy-ferenc-br\/","title":{"rendered":"B\u00c1NFFY Ferenc, br."},"content":{"rendered":"<p>1869. \u2020 1938 : f\u00f6ldbirtokos, publicista, \u2013 T\u00e1mogatta az Erd\u00e9lyi Fiatalok falukutat\u00f3 mozgalm\u00e1t. KZST tag, a feles\u00e9ge is (1926\u2013). T\u00e1mogatta az erd\u00e9lyi irodalmi \u00e9s m\u0171v\u00e9szeti \u00e9letet, ez\u00e9rt az Erd\u00e9lyi Helikon \u00edr\u00f3i eml\u00e9kplakettel aj\u00e1nd\u00e9kozt\u00e1k meg, Gallas N\u00e1ndor (1893\u20131951), temesv\u00e1ri szobr\u00e1szm\u0171v\u00e9sz munk\u00e1j\u00e1t kapta (Marosv\u00e9cs, 1929. aug. 2\u20134). <br \/><strong>Irod.:<\/strong> Helikon 1924\u20131944; Marosi-Helikon; Marosi-KZST; Moravek L\u00e1szl\u00f3: Mec\u00e9n\u00e1s \u00e9s irodalom (Korunk, 1978. 2. sz.); \u00dcnnepi k\u00f6nyv<\/br><\/p>\n","protected":false},"excerpt":{"rendered":"<p>1869. \u2020 1938 : f\u00f6ldbirtokos, publicista, \u2013 T\u00e1mogatta az Erd\u00e9lyi Fiatalok falukutat\u00f3 mozgalm\u00e1t. KZST tag, a feles\u00e9ge is (1926\u2013). T\u00e1mogatta az erd\u00e9lyi irodalmi \u00e9s m\u0171v\u00e9szeti \u00e9letet, ez\u00e9rt az Erd\u00e9lyi Helikon \u00edr\u00f3i eml\u00e9kplakettel aj\u00e1nd\u00e9kozt\u00e1k meg, Gallas N\u00e1ndor (1893\u20131951), temesv\u00e1ri szobr\u00e1szm\u0171v\u00e9sz munk\u00e1j\u00e1t kapta (Marosv\u00e9cs, 1929. aug. 2\u20134). Irod.: Helikon 1924\u20131944; Marosi-Helikon; Marosi-KZST; Moravek L\u00e1szl\u00f3: Mec\u00e9n\u00e1s \u00e9s irodalom [&hellip;]<\/p>\n","protected":false},"featured_media":0,"comment_status":"open","ping_status":"closed","template":"","meta":[],"product_brand":[],"product_cat":[137],"product_tag":[],"class_list":{"0":"post-2173","1":"product","2":"type-product","3":"status-publish","5":"product_cat-maros-megyei-eletrajzi-lexikon","7":"first","8":"instock","9":"shipping-taxable","10":"product-type-simple"},"_links":{"self":[{"href":"https:\/\/uj.adatbank.ro\/lexikon\/wp-json\/wp\/v2\/product\/2173","targetHints":{"allow":["GET"]}}],"collection":[{"href":"https:\/\/uj.adatbank.ro\/lexikon\/wp-json\/wp\/v2\/product"}],"about":[{"href":"https:\/\/uj.adatbank.ro\/lexikon\/wp-json\/wp\/v2\/types\/product"}],"replies":[{"embeddable":true,"href":"https:\/\/uj.adatbank.ro\/lexikon\/wp-json\/wp\/v2\/comments?post=2173"}],"wp:attachment":[{"href":"https:\/\/uj.adatbank.ro\/lexikon\/wp-json\/wp\/v2\/media?parent=2173"}],"wp:term":[{"taxonomy":"product_brand","embeddable":true,"href":"https:\/\/uj.adatbank.ro\/lexikon\/wp-json\/wp\/v2\/product_brand?post=2173"},{"taxonomy":"product_cat","embeddable":true,"href":"https:\/\/uj.adatbank.ro\/lexikon\/wp-json\/wp\/v2\/product_cat?post=2173"},{"taxonomy":"product_tag","embeddable":true,"href":"https:\/\/uj.adatbank.ro\/lexikon\/wp-json\/wp\/v2\/product_tag?post=2173"}],"curies":[{"name":"wp","href":"https:\/\/api.w.org\/{rel}","templated":true}]}}

BÁNFFY Ferenc, br.

<p>1869. † 1938 : földbirtokos, publicista, – Támogatta az Erdélyi Fiatalok falukutató mozgalmát. KZST tag, a felesége is (1926–). Támogatta az erdélyi irodalmi és művészeti életet, ezért az Erdélyi Helikon írói emlékplakettel ajándékozták meg, Gallas Nándor (1893–1951), temesvári szobrászművész munkáját kapta (Marosvécs, 1929. aug. 2–4). <br /><strong>Irod.:</strong> Helikon 1924–1944; Marosi-Helikon; Marosi-KZST; Moravek László: Mecénás és irodalom (Korunk, 1978. 2. sz.); Ünnepi könyv</br></p>

<p>1869. † 1938 : földbirtokos, publicista, – Támogatta az Erdélyi Fiatalok falukutató mozgalmát. KZST tag, a felesége is (1926–). Támogatta az erdélyi irodalmi és művészeti életet, ezért az Erdélyi Helikon írói emlékplakettel ajándékozták meg, Gallas Nándor (1893–1951), temesvári szobrászművész munkáját kapta (Marosvécs, 1929. aug. 2–4). Irod.: Helikon 1924–1944; Marosi-Helikon; Marosi-KZST; Moravek László: Mecénás és irodalom [&hellip;]</p>
