{"id":2174,"date":"2025-06-28T12:06:01","date_gmt":"2025-06-28T10:06:01","guid":{"rendered":"https:\/\/uj.adatbank.ro\/lexikon\/termek\/banffy-ferenc-br-2\/"},"modified":"2025-06-28T12:06:01","modified_gmt":"2025-06-28T10:06:01","slug":"banffy-ferenc-br-2","status":"publish","type":"product","link":"https:\/\/uj.adatbank.ro\/lexikon\/termek\/banffy-ferenc-br-2\/","title":{"rendered":"B\u00c1NFFY Ferenc, br."},"content":{"rendered":"<p>? \u2020 Mv., ? : f\u00f6ldbirtokos. \u2013 Birtokai, nagykiterjed\u00e9s\u0171 erdei voltak Palotailv\u00e1n is. Egyik f\u0151r\u00e9szv\u00e9nyese volt a Foresta r\u00e9geni fakitermel\u0151 v\u00e1llalatnak, ahova a palotailvai f\u0171r\u00e9szgy\u00e1r is tartozott. Ezt a gy\u00e1rat a II. vh. v\u00e9g\u00e9n lebom\u00e1zt\u00e1k (1944). A bomb\u00e1z\u00e1s ut\u00e1n a megmaradt gatert \u00e9s egy er\u0151g\u00e9pet B\u00e1nffy Bp.-re sz\u00e1ll\u00edttatta. A h\u00e1bor\u00fa ut\u00e1n az egykori munk\u00e1sok egy csoportj\u00e1nak k\u00e9r\u00e9s\u00e9re nekik aj\u00e1nd\u00e9kozta a g\u00e9peket, \u00fajra kezdhett\u00e9k a munk\u00e1t, ez\u00e1ltal enyh\u00edtve a vid\u00e9k munkan\u00e9lk\u00fclis\u00e9g\u00e9t (1945). Az \u00edgy l\u00e9tes\u00edtett \u00faj f\u0171r\u00e9szgy\u00e1rban az \u00e1llamos\u00edt\u00e1skor m\u00e1r 300, az erd\u0151kitermel\u00e9sben pedig 400 munk\u00e1s dolgozott (1948). <br \/><strong>Irod.:<\/strong> Lunca Bradului<\/br><\/p>\n","protected":false},"excerpt":{"rendered":"<p>? \u2020 Mv., ? : f\u00f6ldbirtokos. \u2013 Birtokai, nagykiterjed\u00e9s\u0171 erdei voltak Palotailv\u00e1n is. Egyik f\u0151r\u00e9szv\u00e9nyese volt a Foresta r\u00e9geni fakitermel\u0151 v\u00e1llalatnak, ahova a palotailvai f\u0171r\u00e9szgy\u00e1r is tartozott. Ezt a gy\u00e1rat a II. vh. v\u00e9g\u00e9n lebom\u00e1zt\u00e1k (1944). A bomb\u00e1z\u00e1s ut\u00e1n a megmaradt gatert \u00e9s egy er\u0151g\u00e9pet B\u00e1nffy Bp.-re sz\u00e1ll\u00edttatta. A h\u00e1bor\u00fa ut\u00e1n az egykori munk\u00e1sok egy [&hellip;]<\/p>\n","protected":false},"featured_media":0,"comment_status":"open","ping_status":"closed","template":"","meta":[],"product_brand":[],"product_cat":[137],"product_tag":[],"class_list":{"0":"post-2174","1":"product","2":"type-product","3":"status-publish","5":"product_cat-maros-megyei-eletrajzi-lexikon","7":"first","8":"instock","9":"shipping-taxable","10":"product-type-simple"},"_links":{"self":[{"href":"https:\/\/uj.adatbank.ro\/lexikon\/wp-json\/wp\/v2\/product\/2174","targetHints":{"allow":["GET"]}}],"collection":[{"href":"https:\/\/uj.adatbank.ro\/lexikon\/wp-json\/wp\/v2\/product"}],"about":[{"href":"https:\/\/uj.adatbank.ro\/lexikon\/wp-json\/wp\/v2\/types\/product"}],"replies":[{"embeddable":true,"href":"https:\/\/uj.adatbank.ro\/lexikon\/wp-json\/wp\/v2\/comments?post=2174"}],"wp:attachment":[{"href":"https:\/\/uj.adatbank.ro\/lexikon\/wp-json\/wp\/v2\/media?parent=2174"}],"wp:term":[{"taxonomy":"product_brand","embeddable":true,"href":"https:\/\/uj.adatbank.ro\/lexikon\/wp-json\/wp\/v2\/product_brand?post=2174"},{"taxonomy":"product_cat","embeddable":true,"href":"https:\/\/uj.adatbank.ro\/lexikon\/wp-json\/wp\/v2\/product_cat?post=2174"},{"taxonomy":"product_tag","embeddable":true,"href":"https:\/\/uj.adatbank.ro\/lexikon\/wp-json\/wp\/v2\/product_tag?post=2174"}],"curies":[{"name":"wp","href":"https:\/\/api.w.org\/{rel}","templated":true}]}}

BÁNFFY Ferenc, br.

<p>? † Mv., ? : földbirtokos. – Birtokai, nagykiterjedésű erdei voltak Palotailván is. Egyik főrészvényese volt a Foresta régeni fakitermelő vállalatnak, ahova a palotailvai fűrészgyár is tartozott. Ezt a gyárat a II. vh. végén lebomázták (1944). A bombázás után a megmaradt gatert és egy erőgépet Bánffy Bp.-re szállíttatta. A háború után az egykori munkások egy csoportjának kérésére nekik ajándékozta a gépeket, újra kezdhették a munkát, ezáltal enyhítve a vidék munkanélküliségét (1945). Az így létesített új fűrészgyárban az államosításkor már 300, az erdőkitermelésben pedig 400 munkás dolgozott (1948). <br /><strong>Irod.:</strong> Lunca Bradului</br></p>

<p>? † Mv., ? : földbirtokos. – Birtokai, nagykiterjedésű erdei voltak Palotailván is. Egyik főrészvényese volt a Foresta régeni fakitermelő vállalatnak, ahova a palotailvai fűrészgyár is tartozott. Ezt a gyárat a II. vh. végén lebomázták (1944). A bombázás után a megmaradt gatert és egy erőgépet Bánffy Bp.-re szállíttatta. A háború után az egykori munkások egy [&hellip;]</p>
