{"id":21743,"date":"2025-07-22T19:35:59","date_gmt":"2025-07-22T17:35:59","guid":{"rendered":"https:\/\/uj.adatbank.ro\/lexikon\/termek\/szekely-endre\/"},"modified":"2025-07-22T19:35:59","modified_gmt":"2025-07-22T17:35:59","slug":"szekely-endre","status":"publish","type":"product","link":"https:\/\/uj.adatbank.ro\/lexikon\/termek\/szekely-endre\/","title":{"rendered":"SZ\u00c9KELY Endre"},"content":{"rendered":"<p>1882. \u20201950.: karmester. \u2013 Az 1950-es \u00e9vek v\u00e9g\u00e9n a mv.-i szimfonikusok karmestere volt. A mv.-i Sz\u00e9kely Sz\u00ednh\u00e1zban vez\u00e9nyelte az \u00c1llami Filharm\u00f3nia zenekar\u00e1t. Szirmay Albert: M\u00e9zeskal\u00e1cs (1956) \u00e9s V\u00f6r\u00f6smarty M.: Csongor \u00e9s T\u00fcnde el\u0151ad\u00e1s\u00e1n. <br \/><strong>Irod.:<\/strong> Filarmonica 50; Kiss\u2013P\u00e9terffy\u2013P\u00e9terffy; MMK<\/br><\/p>\n","protected":false},"excerpt":{"rendered":"<p>1882. \u20201950.: karmester. \u2013 Az 1950-es \u00e9vek v\u00e9g\u00e9n a mv.-i szimfonikusok karmestere volt. A mv.-i Sz\u00e9kely Sz\u00ednh\u00e1zban vez\u00e9nyelte az \u00c1llami Filharm\u00f3nia zenekar\u00e1t. Szirmay Albert: M\u00e9zeskal\u00e1cs (1956) \u00e9s V\u00f6r\u00f6smarty M.: Csongor \u00e9s T\u00fcnde el\u0151ad\u00e1s\u00e1n. Irod.: Filarmonica 50; Kiss\u2013P\u00e9terffy\u2013P\u00e9terffy; MMK<\/p>\n","protected":false},"featured_media":0,"comment_status":"open","ping_status":"closed","template":"","meta":[],"product_brand":[],"product_cat":[137],"product_tag":[],"class_list":{"0":"post-21743","1":"product","2":"type-product","3":"status-publish","5":"product_cat-maros-megyei-eletrajzi-lexikon","7":"first","8":"instock","9":"shipping-taxable","10":"product-type-simple"},"_links":{"self":[{"href":"https:\/\/uj.adatbank.ro\/lexikon\/wp-json\/wp\/v2\/product\/21743","targetHints":{"allow":["GET"]}}],"collection":[{"href":"https:\/\/uj.adatbank.ro\/lexikon\/wp-json\/wp\/v2\/product"}],"about":[{"href":"https:\/\/uj.adatbank.ro\/lexikon\/wp-json\/wp\/v2\/types\/product"}],"replies":[{"embeddable":true,"href":"https:\/\/uj.adatbank.ro\/lexikon\/wp-json\/wp\/v2\/comments?post=21743"}],"wp:attachment":[{"href":"https:\/\/uj.adatbank.ro\/lexikon\/wp-json\/wp\/v2\/media?parent=21743"}],"wp:term":[{"taxonomy":"product_brand","embeddable":true,"href":"https:\/\/uj.adatbank.ro\/lexikon\/wp-json\/wp\/v2\/product_brand?post=21743"},{"taxonomy":"product_cat","embeddable":true,"href":"https:\/\/uj.adatbank.ro\/lexikon\/wp-json\/wp\/v2\/product_cat?post=21743"},{"taxonomy":"product_tag","embeddable":true,"href":"https:\/\/uj.adatbank.ro\/lexikon\/wp-json\/wp\/v2\/product_tag?post=21743"}],"curies":[{"name":"wp","href":"https:\/\/api.w.org\/{rel}","templated":true}]}}