{"id":21745,"date":"2025-07-22T19:36:03","date_gmt":"2025-07-22T17:36:03","guid":{"rendered":"https:\/\/uj.adatbank.ro\/lexikon\/termek\/szekely-erno\/"},"modified":"2025-07-22T19:36:03","modified_gmt":"2025-07-22T17:36:03","slug":"szekely-erno","status":"publish","type":"product","link":"https:\/\/uj.adatbank.ro\/lexikon\/termek\/szekely-erno\/","title":{"rendered":"SZ\u00c9KELY Ern\u0151"},"content":{"rendered":"<p>Bibarcfalva (Kov.), 1900., \u2020?: ref. ig.-tan\u00edt\u00f3. \u2013 Tanulm\u00e1nyait D\u00e9v\u00e1n \u00e9s Kv.-on v\u00e9gezte. P\u00e1lyafut\u00e1s\u00e1t Eszt\u00e9ny-Mez\u0151pagocs\u00e1n kezdte (1920), ahonnan R\u00fccsre menek\u00fclt (1940), ahol mint ig.-tan\u00edt\u00f3 \u00e9s lelk\u00e9sz m\u0171k\u00f6d\u00f6tt, majd Mez\u0151s\u00e1msondon tan\u00edtott. 7 h\u00f3napig b\u00f6rt\u00f6nb\u00fcntet\u00e9st szenvedett Nagyszebenben. Az els\u0151 vh.-ban a sz\u00e9kely hadoszt\u00e1lyban vett r\u00e9szt, fogs\u00e1gba esett, mint hadapr\u00f3d \u0151rmester szerelt le. Minden kultur\u00e1lis \u00e9s hazafias int\u00e9zm\u00e9ny t\u00e1mogat\u00f3ja volt. <br \/><strong>Irod.:<\/strong> Sz\u00e9kelyf\u00f6ld \u00ed. k.<\/br><\/p>\n","protected":false},"excerpt":{"rendered":"<p>Bibarcfalva (Kov.), 1900., \u2020?: ref. ig.-tan\u00edt\u00f3. \u2013 Tanulm\u00e1nyait D\u00e9v\u00e1n \u00e9s Kv.-on v\u00e9gezte. P\u00e1lyafut\u00e1s\u00e1t Eszt\u00e9ny-Mez\u0151pagocs\u00e1n kezdte (1920), ahonnan R\u00fccsre menek\u00fclt (1940), ahol mint ig.-tan\u00edt\u00f3 \u00e9s lelk\u00e9sz m\u0171k\u00f6d\u00f6tt, majd Mez\u0151s\u00e1msondon tan\u00edtott. 7 h\u00f3napig b\u00f6rt\u00f6nb\u00fcntet\u00e9st szenvedett Nagyszebenben. Az els\u0151 vh.-ban a sz\u00e9kely hadoszt\u00e1lyban vett r\u00e9szt, fogs\u00e1gba esett, mint hadapr\u00f3d \u0151rmester szerelt le. Minden kultur\u00e1lis \u00e9s hazafias int\u00e9zm\u00e9ny t\u00e1mogat\u00f3ja [&hellip;]<\/p>\n","protected":false},"featured_media":0,"comment_status":"open","ping_status":"closed","template":"","meta":[],"product_brand":[],"product_cat":[137],"product_tag":[],"class_list":{"0":"post-21745","1":"product","2":"type-product","3":"status-publish","5":"product_cat-maros-megyei-eletrajzi-lexikon","7":"first","8":"instock","9":"shipping-taxable","10":"product-type-simple"},"_links":{"self":[{"href":"https:\/\/uj.adatbank.ro\/lexikon\/wp-json\/wp\/v2\/product\/21745","targetHints":{"allow":["GET"]}}],"collection":[{"href":"https:\/\/uj.adatbank.ro\/lexikon\/wp-json\/wp\/v2\/product"}],"about":[{"href":"https:\/\/uj.adatbank.ro\/lexikon\/wp-json\/wp\/v2\/types\/product"}],"replies":[{"embeddable":true,"href":"https:\/\/uj.adatbank.ro\/lexikon\/wp-json\/wp\/v2\/comments?post=21745"}],"wp:attachment":[{"href":"https:\/\/uj.adatbank.ro\/lexikon\/wp-json\/wp\/v2\/media?parent=21745"}],"wp:term":[{"taxonomy":"product_brand","embeddable":true,"href":"https:\/\/uj.adatbank.ro\/lexikon\/wp-json\/wp\/v2\/product_brand?post=21745"},{"taxonomy":"product_cat","embeddable":true,"href":"https:\/\/uj.adatbank.ro\/lexikon\/wp-json\/wp\/v2\/product_cat?post=21745"},{"taxonomy":"product_tag","embeddable":true,"href":"https:\/\/uj.adatbank.ro\/lexikon\/wp-json\/wp\/v2\/product_tag?post=21745"}],"curies":[{"name":"wp","href":"https:\/\/api.w.org\/{rel}","templated":true}]}}

SZÉKELY Ernő

<p>Bibarcfalva (Kov.), 1900., †?: ref. ig.-tanító. – Tanulmányait Déván és Kv.-on végezte. Pályafutását Esztény-Mezőpagocsán kezdte (1920), ahonnan Rücsre menekült (1940), ahol mint ig.-tanító és lelkész működött, majd Mezősámsondon tanított. 7 hónapig börtönbüntetést szenvedett Nagyszebenben. Az első vh.-ban a székely hadosztályban vett részt, fogságba esett, mint hadapród őrmester szerelt le. Minden kulturális és hazafias intézmény támogatója volt. <br /><strong>Irod.:</strong> Székelyföld í. k.</br></p>

<p>Bibarcfalva (Kov.), 1900., †?: ref. ig.-tanító. – Tanulmányait Déván és Kv.-on végezte. Pályafutását Esztény-Mezőpagocsán kezdte (1920), ahonnan Rücsre menekült (1940), ahol mint ig.-tanító és lelkész működött, majd Mezősámsondon tanított. 7 hónapig börtönbüntetést szenvedett Nagyszebenben. Az első vh.-ban a székely hadosztályban vett részt, fogságba esett, mint hadapród őrmester szerelt le. Minden kulturális és hazafias intézmény támogatója [&hellip;]</p>
