{"id":21759,"date":"2025-07-22T19:36:33","date_gmt":"2025-07-22T17:36:33","guid":{"rendered":"https:\/\/uj.adatbank.ro\/lexikon\/termek\/szekely-gusztav\/"},"modified":"2025-07-22T19:36:33","modified_gmt":"2025-07-22T17:36:33","slug":"szekely-gusztav","status":"publish","type":"product","link":"https:\/\/uj.adatbank.ro\/lexikon\/termek\/szekely-gusztav\/","title":{"rendered":"SZ\u00c9KELY Guszt\u00e1v"},"content":{"rendered":"<p>Mv., 1853., \u2020 New York, 1895. jan. 20.: mv.-i sz\u00e1rmaz\u00e1s\u00fa. \u2013 Kiment Amerik\u00e1ba (1882); sok viszontags\u00e1g ut\u00e1n Chicag\u00f3ban trafikot nyitott, \u00fczlet\u00e9vel azonban megbukott; ekkor Nyitrai Emil eladta neki New-York-i nyomd\u00e1j\u00e1t \u00e9s az Amerikai Nemzet\u0151r c. h\u00edrlapot, melyet hal\u00e1l\u00e1ig szerkesztett. <br \/><strong>Irod.:<\/strong> Szinnyei.<\/br><\/p>\n","protected":false},"excerpt":{"rendered":"<p>Mv., 1853., \u2020 New York, 1895. jan. 20.: mv.-i sz\u00e1rmaz\u00e1s\u00fa. \u2013 Kiment Amerik\u00e1ba (1882); sok viszontags\u00e1g ut\u00e1n Chicag\u00f3ban trafikot nyitott, \u00fczlet\u00e9vel azonban megbukott; ekkor Nyitrai Emil eladta neki New-York-i nyomd\u00e1j\u00e1t \u00e9s az Amerikai Nemzet\u0151r c. h\u00edrlapot, melyet hal\u00e1l\u00e1ig szerkesztett. Irod.: Szinnyei.<\/p>\n","protected":false},"featured_media":0,"comment_status":"open","ping_status":"closed","template":"","meta":[],"product_brand":[],"product_cat":[137],"product_tag":[],"class_list":{"0":"post-21759","1":"product","2":"type-product","3":"status-publish","5":"product_cat-maros-megyei-eletrajzi-lexikon","7":"first","8":"instock","9":"shipping-taxable","10":"product-type-simple"},"_links":{"self":[{"href":"https:\/\/uj.adatbank.ro\/lexikon\/wp-json\/wp\/v2\/product\/21759","targetHints":{"allow":["GET"]}}],"collection":[{"href":"https:\/\/uj.adatbank.ro\/lexikon\/wp-json\/wp\/v2\/product"}],"about":[{"href":"https:\/\/uj.adatbank.ro\/lexikon\/wp-json\/wp\/v2\/types\/product"}],"replies":[{"embeddable":true,"href":"https:\/\/uj.adatbank.ro\/lexikon\/wp-json\/wp\/v2\/comments?post=21759"}],"wp:attachment":[{"href":"https:\/\/uj.adatbank.ro\/lexikon\/wp-json\/wp\/v2\/media?parent=21759"}],"wp:term":[{"taxonomy":"product_brand","embeddable":true,"href":"https:\/\/uj.adatbank.ro\/lexikon\/wp-json\/wp\/v2\/product_brand?post=21759"},{"taxonomy":"product_cat","embeddable":true,"href":"https:\/\/uj.adatbank.ro\/lexikon\/wp-json\/wp\/v2\/product_cat?post=21759"},{"taxonomy":"product_tag","embeddable":true,"href":"https:\/\/uj.adatbank.ro\/lexikon\/wp-json\/wp\/v2\/product_tag?post=21759"}],"curies":[{"name":"wp","href":"https:\/\/api.w.org\/{rel}","templated":true}]}}