{"id":21763,"date":"2025-07-22T19:36:43","date_gmt":"2025-07-22T17:36:43","guid":{"rendered":"https:\/\/uj.adatbank.ro\/lexikon\/termek\/szekely-gyorgy-4\/"},"modified":"2025-07-22T19:36:43","modified_gmt":"2025-07-22T17:36:43","slug":"szekely-gyorgy-4","status":"publish","type":"product","link":"https:\/\/uj.adatbank.ro\/lexikon\/termek\/szekely-gyorgy-4\/","title":{"rendered":"SZ\u00c9KELY Gy\u00f6rgy"},"content":{"rendered":"<p>Maroskereszt\u00far, 1887., \u2020?: gazd\u00e1lkod\u00f3. \u2013 Iskol\u00e1i elv\u00e9gz\u00e9se ut\u00e1n gazd\u00e1lkodni kezdett. Amerik\u00e1ba v\u00e1ndorolt, \u00e9s az ott szerzett \u00e9s megtakar\u00edtott p\u00e9nzen f\u00f6ldet v\u00e1s\u00e1rolt \u00e9s azon gazd\u00e1lkodott Maroskereszt\u00faron. Az els\u0151 vh.-ban az orosz, olasz \u00e9s a francia fronton harcolt, a II. o. ez\u00fcst, a bronz v. \u00e9. \u00e9s a K\u00e1roly Csapatkereszt kit\u00fcntet\u00e9ssel szerelt le. A k\u00f6zs\u00e9g tekint\u00e9lyes polg\u00e1ra, k\u00f6zs\u00e9gi esk\u00fcdt. A Gazdak\u00f6r p\u00e9nzt\u00e1rosa, minden hazafias \u00e9s kultur\u00e1lis egyes\u00fclet t\u00e1mogat\u00f3ja volt. <br \/><strong>Irod.:<\/strong> Sz\u00e9kelyf\u00f6ld \u00ed. k.<\/br><\/p>\n","protected":false},"excerpt":{"rendered":"<p>Maroskereszt\u00far, 1887., \u2020?: gazd\u00e1lkod\u00f3. \u2013 Iskol\u00e1i elv\u00e9gz\u00e9se ut\u00e1n gazd\u00e1lkodni kezdett. Amerik\u00e1ba v\u00e1ndorolt, \u00e9s az ott szerzett \u00e9s megtakar\u00edtott p\u00e9nzen f\u00f6ldet v\u00e1s\u00e1rolt \u00e9s azon gazd\u00e1lkodott Maroskereszt\u00faron. Az els\u0151 vh.-ban az orosz, olasz \u00e9s a francia fronton harcolt, a II. o. ez\u00fcst, a bronz v. \u00e9. \u00e9s a K\u00e1roly Csapatkereszt kit\u00fcntet\u00e9ssel szerelt le. A k\u00f6zs\u00e9g tekint\u00e9lyes polg\u00e1ra, [&hellip;]<\/p>\n","protected":false},"featured_media":0,"comment_status":"open","ping_status":"closed","template":"","meta":[],"product_brand":[],"product_cat":[137],"product_tag":[],"class_list":{"0":"post-21763","1":"product","2":"type-product","3":"status-publish","5":"product_cat-maros-megyei-eletrajzi-lexikon","7":"first","8":"instock","9":"shipping-taxable","10":"product-type-simple"},"_links":{"self":[{"href":"https:\/\/uj.adatbank.ro\/lexikon\/wp-json\/wp\/v2\/product\/21763","targetHints":{"allow":["GET"]}}],"collection":[{"href":"https:\/\/uj.adatbank.ro\/lexikon\/wp-json\/wp\/v2\/product"}],"about":[{"href":"https:\/\/uj.adatbank.ro\/lexikon\/wp-json\/wp\/v2\/types\/product"}],"replies":[{"embeddable":true,"href":"https:\/\/uj.adatbank.ro\/lexikon\/wp-json\/wp\/v2\/comments?post=21763"}],"wp:attachment":[{"href":"https:\/\/uj.adatbank.ro\/lexikon\/wp-json\/wp\/v2\/media?parent=21763"}],"wp:term":[{"taxonomy":"product_brand","embeddable":true,"href":"https:\/\/uj.adatbank.ro\/lexikon\/wp-json\/wp\/v2\/product_brand?post=21763"},{"taxonomy":"product_cat","embeddable":true,"href":"https:\/\/uj.adatbank.ro\/lexikon\/wp-json\/wp\/v2\/product_cat?post=21763"},{"taxonomy":"product_tag","embeddable":true,"href":"https:\/\/uj.adatbank.ro\/lexikon\/wp-json\/wp\/v2\/product_tag?post=21763"}],"curies":[{"name":"wp","href":"https:\/\/api.w.org\/{rel}","templated":true}]}}

SZÉKELY György

<p>Maroskeresztúr, 1887., †?: gazdálkodó. – Iskolái elvégzése után gazdálkodni kezdett. Amerikába vándorolt, és az ott szerzett és megtakarított pénzen földet vásárolt és azon gazdálkodott Maroskeresztúron. Az első vh.-ban az orosz, olasz és a francia fronton harcolt, a II. o. ezüst, a bronz v. é. és a Károly Csapatkereszt kitüntetéssel szerelt le. A község tekintélyes polgára, községi esküdt. A Gazdakör pénztárosa, minden hazafias és kulturális egyesület támogatója volt. <br /><strong>Irod.:</strong> Székelyföld í. k.</br></p>

<p>Maroskeresztúr, 1887., †?: gazdálkodó. – Iskolái elvégzése után gazdálkodni kezdett. Amerikába vándorolt, és az ott szerzett és megtakarított pénzen földet vásárolt és azon gazdálkodott Maroskeresztúron. Az első vh.-ban az orosz, olasz és a francia fronton harcolt, a II. o. ezüst, a bronz v. é. és a Károly Csapatkereszt kitüntetéssel szerelt le. A község tekintélyes polgára, [&hellip;]</p>
