{"id":21776,"date":"2025-07-22T19:37:09","date_gmt":"2025-07-22T17:37:09","guid":{"rendered":"https:\/\/uj.adatbank.ro\/lexikon\/termek\/szekely-istvan-kolozsvari\/"},"modified":"2025-07-22T19:37:09","modified_gmt":"2025-07-22T17:37:09","slug":"szekely-istvan-kolozsvari","status":"publish","type":"product","link":"https:\/\/uj.adatbank.ro\/lexikon\/termek\/szekely-istvan-kolozsvari\/","title":{"rendered":"SZ\u00c9KELY Istv\u00e1n, kolozsv\u00e1ri"},"content":{"rendered":"<p>1598., \u2020\u00a0Mv., 1650. B\u00f6jtel\u0151hava, febr.? 19.: ?. \u2013 \u00c9let\u00e9r\u0151l \u00e9s polg\u00e1ri \u00e1ll\u00e1s\u00e1r\u00f3l nincsenek adatok. Azt tudjuk, hogy \u00f6zvegy\u00e9t Nagy Szab\u00f3 Ferenc feles\u00e9g\u00fcl k\u00e9rte (1651) de kosarat kapott. S\u00edreml\u00e9ke a mv.-i ref. temet\u0151ben. <br \/><strong>Irod.:<\/strong> Csekme; K.L. M\u0171v. t\u00f6rt. tan. 1.; P\u00e1lmay J\u00f3zsef.<\/br><\/p>\n","protected":false},"excerpt":{"rendered":"<p>1598., \u2020\u00a0Mv., 1650. B\u00f6jtel\u0151hava, febr.? 19.: ?. \u2013 \u00c9let\u00e9r\u0151l \u00e9s polg\u00e1ri \u00e1ll\u00e1s\u00e1r\u00f3l nincsenek adatok. Azt tudjuk, hogy \u00f6zvegy\u00e9t Nagy Szab\u00f3 Ferenc feles\u00e9g\u00fcl k\u00e9rte (1651) de kosarat kapott. S\u00edreml\u00e9ke a mv.-i ref. temet\u0151ben. Irod.: Csekme; K.L. M\u0171v. t\u00f6rt. tan. 1.; P\u00e1lmay J\u00f3zsef.<\/p>\n","protected":false},"featured_media":0,"comment_status":"open","ping_status":"closed","template":"","meta":[],"product_brand":[],"product_cat":[137],"product_tag":[],"class_list":{"0":"post-21776","1":"product","2":"type-product","3":"status-publish","5":"product_cat-maros-megyei-eletrajzi-lexikon","7":"first","8":"instock","9":"shipping-taxable","10":"product-type-simple"},"_links":{"self":[{"href":"https:\/\/uj.adatbank.ro\/lexikon\/wp-json\/wp\/v2\/product\/21776","targetHints":{"allow":["GET"]}}],"collection":[{"href":"https:\/\/uj.adatbank.ro\/lexikon\/wp-json\/wp\/v2\/product"}],"about":[{"href":"https:\/\/uj.adatbank.ro\/lexikon\/wp-json\/wp\/v2\/types\/product"}],"replies":[{"embeddable":true,"href":"https:\/\/uj.adatbank.ro\/lexikon\/wp-json\/wp\/v2\/comments?post=21776"}],"wp:attachment":[{"href":"https:\/\/uj.adatbank.ro\/lexikon\/wp-json\/wp\/v2\/media?parent=21776"}],"wp:term":[{"taxonomy":"product_brand","embeddable":true,"href":"https:\/\/uj.adatbank.ro\/lexikon\/wp-json\/wp\/v2\/product_brand?post=21776"},{"taxonomy":"product_cat","embeddable":true,"href":"https:\/\/uj.adatbank.ro\/lexikon\/wp-json\/wp\/v2\/product_cat?post=21776"},{"taxonomy":"product_tag","embeddable":true,"href":"https:\/\/uj.adatbank.ro\/lexikon\/wp-json\/wp\/v2\/product_tag?post=21776"}],"curies":[{"name":"wp","href":"https:\/\/api.w.org\/{rel}","templated":true}]}}