{"id":21779,"date":"2025-07-22T19:37:15","date_gmt":"2025-07-22T17:37:15","guid":{"rendered":"https:\/\/uj.adatbank.ro\/lexikon\/termek\/szekely-janos-3\/"},"modified":"2025-07-22T19:37:15","modified_gmt":"2025-07-22T17:37:15","slug":"szekely-janos-3","status":"publish","type":"product","link":"https:\/\/uj.adatbank.ro\/lexikon\/termek\/szekely-janos-3\/","title":{"rendered":"SZ\u00c9KELY J\u00e1nos"},"content":{"rendered":"<p>Maross\u00e1rpatak, 1892, \u2020\u00a01964: k\u00f6z\u00e9pbirtokos, \u0151rvezet\u0151 \u2013. Az I. vh. kit\u00f6r\u00e9sekor bevonult a 62. k. gy. e.-hez. (1914), az orosz frontra k\u00fcldt\u00e9k, fogs\u00e1gba esett (1915), sz\u00f6kve t\u00e9rt haza (1918). A telep\u00fcl\u00e9s kiv\u00e1l\u00f3 t\u00e1ncosa volt \u00e9s verbunkj\u00e1val \u00f6regb\u00edtette Maross\u00e1rpatak h\u00edr\u00e9t Erd\u00e9lyben \u00e9s a hat\u00e1ron t\u00fal is. A n\u00e9pt\u00e1nc kiv\u00e1l\u00f3 ismer\u0151je, m\u0171vel\u0151je volt. \u00c9vtizedekig volt a helyi hagyom\u00e1ny\u0151rz\u0151 t\u00e1nccsoport tagja. Sz\u00e1mtalanszor l\u00e9pett fel hazai \u00e9s magyaro.-i sz\u00ednpadokon. T\u00e1nctud\u00e1s\u00e1t sz\u00edvesen megosztotta az \u00e9rdekl\u0151d\u0151kkel. Hossz\u00fa ideig t\u00e1ncolt feles\u00e9g\u00e9vel Ir\u00e9nnel, le\u00e1nya Marika \u00e9s unok\u00e1ja Peres Andr\u00e1s is t\u00e1ncolt. 72 \u00e9ves kor\u00e1ban halt meg. Eml\u00e9k\u00e9nek tisztelegve a Hagyom\u00e1ny\u0151rz\u0151 T\u00e1nccsoport felvette a nev\u00e9t, valamint eml\u00e9kt\u00e1bl\u00e1t helyeztek el a kult\u00farotthon fal\u00e1n, bronz k\u00e9pm\u00e1s\u00e1val (2005). \u2013 ha ez \u0151 <br \/><strong>Irod.:<\/strong> Berekm\u00e9ri\u2013G\u00e1lfi.<\/br><\/p>\n","protected":false},"excerpt":{"rendered":"<p>Maross\u00e1rpatak, 1892, \u2020\u00a01964: k\u00f6z\u00e9pbirtokos, \u0151rvezet\u0151 \u2013. Az I. vh. kit\u00f6r\u00e9sekor bevonult a 62. k. gy. e.-hez. (1914), az orosz frontra k\u00fcldt\u00e9k, fogs\u00e1gba esett (1915), sz\u00f6kve t\u00e9rt haza (1918). A telep\u00fcl\u00e9s kiv\u00e1l\u00f3 t\u00e1ncosa volt \u00e9s verbunkj\u00e1val \u00f6regb\u00edtette Maross\u00e1rpatak h\u00edr\u00e9t Erd\u00e9lyben \u00e9s a hat\u00e1ron t\u00fal is. A n\u00e9pt\u00e1nc kiv\u00e1l\u00f3 ismer\u0151je, m\u0171vel\u0151je volt. \u00c9vtizedekig volt a helyi hagyom\u00e1ny\u0151rz\u0151 [&hellip;]<\/p>\n","protected":false},"featured_media":0,"comment_status":"open","ping_status":"closed","template":"","meta":[],"product_brand":[],"product_cat":[137],"product_tag":[],"class_list":{"0":"post-21779","1":"product","2":"type-product","3":"status-publish","5":"product_cat-maros-megyei-eletrajzi-lexikon","7":"first","8":"instock","9":"shipping-taxable","10":"product-type-simple"},"_links":{"self":[{"href":"https:\/\/uj.adatbank.ro\/lexikon\/wp-json\/wp\/v2\/product\/21779","targetHints":{"allow":["GET"]}}],"collection":[{"href":"https:\/\/uj.adatbank.ro\/lexikon\/wp-json\/wp\/v2\/product"}],"about":[{"href":"https:\/\/uj.adatbank.ro\/lexikon\/wp-json\/wp\/v2\/types\/product"}],"replies":[{"embeddable":true,"href":"https:\/\/uj.adatbank.ro\/lexikon\/wp-json\/wp\/v2\/comments?post=21779"}],"wp:attachment":[{"href":"https:\/\/uj.adatbank.ro\/lexikon\/wp-json\/wp\/v2\/media?parent=21779"}],"wp:term":[{"taxonomy":"product_brand","embeddable":true,"href":"https:\/\/uj.adatbank.ro\/lexikon\/wp-json\/wp\/v2\/product_brand?post=21779"},{"taxonomy":"product_cat","embeddable":true,"href":"https:\/\/uj.adatbank.ro\/lexikon\/wp-json\/wp\/v2\/product_cat?post=21779"},{"taxonomy":"product_tag","embeddable":true,"href":"https:\/\/uj.adatbank.ro\/lexikon\/wp-json\/wp\/v2\/product_tag?post=21779"}],"curies":[{"name":"wp","href":"https:\/\/api.w.org\/{rel}","templated":true}]}}

SZÉKELY János

<p>Marossárpatak, 1892, † 1964: középbirtokos, őrvezető –. Az I. vh. kitörésekor bevonult a 62. k. gy. e.-hez. (1914), az orosz frontra küldték, fogságba esett (1915), szökve tért haza (1918). A település kiváló táncosa volt és verbunkjával öregbítette Marossárpatak hírét Erdélyben és a határon túl is. A néptánc kiváló ismerője, művelője volt. Évtizedekig volt a helyi hagyományőrző tánccsoport tagja. Számtalanszor lépett fel hazai és magyaro.-i színpadokon. Tánctudását szívesen megosztotta az érdeklődőkkel. Hosszú ideig táncolt feleségével Irénnel, leánya Marika és unokája Peres András is táncolt. 72 éves korában halt meg. Emlékének tisztelegve a Hagyományőrző Tánccsoport felvette a nevét, valamint emléktáblát helyeztek el a kultúrotthon falán, bronz képmásával (2005). – ha ez ő <br /><strong>Irod.:</strong> Berekméri–Gálfi.</br></p>

<p>Marossárpatak, 1892, † 1964: középbirtokos, őrvezető –. Az I. vh. kitörésekor bevonult a 62. k. gy. e.-hez. (1914), az orosz frontra küldték, fogságba esett (1915), szökve tért haza (1918). A település kiváló táncosa volt és verbunkjával öregbítette Marossárpatak hírét Erdélyben és a határon túl is. A néptánc kiváló ismerője, művelője volt. Évtizedekig volt a helyi hagyományőrző [&hellip;]</p>
