{"id":2178,"date":"2025-06-28T12:06:06","date_gmt":"2025-06-28T10:06:06","guid":{"rendered":"https:\/\/uj.adatbank.ro\/lexikon\/termek\/banffy-gyorgy-%c2%a7-gr-losonczi-baro-banffi-georgius-banfi-georg\/"},"modified":"2025-06-28T12:06:06","modified_gmt":"2025-06-28T10:06:06","slug":"banffy-gyorgy-%c2%a7-gr-losonczi-baro-banffi-georgius-banfi-georg","status":"publish","type":"product","link":"https:\/\/uj.adatbank.ro\/lexikon\/termek\/banffy-gyorgy-%c2%a7-gr-losonczi-baro-banffi-georgius-banfi-georg\/","title":{"rendered":"B\u00c1NFFY Gy\u00f6rgy, \u00a7 gr., losonczi b\u00e1r\u00f3, Banffi, Georgius, B\u00e1nfi Georg"},"content":{"rendered":"<p>Piski, 1746. dec. 24., \u2020 Kv., 1822. j\u00fal. 5.: politikus, f\u0151isp\u00e1n, Erd\u00e9ly korm\u00e1nyz\u00f3ja, titkos tan\u00e1csos. \u2013 Feles\u00e9ge: gr. Palm Jozefa (1754\u20131814). Gyermekei: Anna M\u00e1ria (1772\u20131794), Gy\u00f6rgy, D\u00e9nes (1776\u20131854), J\u00f3zsef, Josefa. \u2013 A b\u00e9csi Theresianumban tanult. A kir.-n\u0151 kamar\u00e1ss\u00e1 nevezte ki (1776). Kolozs vm. f\u0151isp\u00e1nja (1777\u201383) \u00e9s az erd\u00e9lyi gubernium (korm\u00e1ny\u00adz\u00f3s\u00e1g) tan\u00e1csosa (1777\u2013). II. J\u00f3zsef cs\u00e1sz\u00e1r egyik bizalmasa volt, erd\u00e9lyi kincstart\u00f3 (1782\u2013), alkancell\u00e1r (1783\u2013), mint kamar\u00e1s k\u00eds\u00e9rte a cs\u00e1sz\u00e1rt erd\u00e9lyi \u00fatj\u00e1n (1786), Erd\u00e9ly korm\u00e1nyz\u00f3ja hal\u00e1l\u00e1ig (1787\u20131822). Aranka Gy\u00f6rgy \u00f6szt\u00f6nz\u00e9s\u00e9re t\u00e1mogatta a M. Nyelvm\u00edvel\u0151 T\u00e1rsas\u00e1g l\u00e9terhoz\u00e1s\u00e1t, egyengette a megval\u00f3s\u00edt\u00e1s \u00fatj\u00e1t. Eln\u00f6klete alatt kezdte meg munk\u00e1latait az Erd\u00e9lyi M. Nyelvm\u00edvel\u0151 T\u00e1rsas\u00e1g (1793. dec. 3.) \u00e9s elv\u00e1llalta a t\u00e1rsas\u00e1g d\u00edszeln\u00f6ki tiszt\u00e9t a kezdetekt\u0151l a megsz\u00fcn\u00e9s\u00e9ig (1793. dec. 3. \u2013 1806). Az \u00f6rm\u00e9nyesi kast\u00e9ly tuladonosa, amit fia D\u00e9nes kir. kamar\u00e1s \u00f6r\u00f6k\u00f6lt. Mv.-en telke \u00e9s h\u00e1za volt (1810). Birtokolta Banyica falut, amit Szent-Banyic\u00e1nak \u00e9s Sz\u00e1sz-Banyic\u00e1nak is neveztek \u2013 <strong>F. m.:<\/strong> Materia tentaminis publici, quod ex anni hujus scholastici praelectionibus subibit in Collegio Regio Theresiano \u2026 Georgius B\u00e1nfi (Viennae, 1763); De eo quod jure naturae illicitum est, an etiam sit invalidum? Dissertatio cum annexis corollariis, quam Georgius B\u00e1nffi \u2026publice defendendam suscepit praeside Josepho Antonio de Martini (Vindobonae, 1766); Fragen aus dem r\u00f6misch-deutschen Staatsrechte, welche G. B\u00e1nfi \u2026 in der k. k. Theresianischen Ritterschule \u00f6ffentlich beantworten wird (Wien, 1767). <br \/><strong>Irod.:<\/strong> Apor \u2013 Ol\u00e1h-G\u00e1l; B\u00e9nyei; Bicsok\u2013Orb\u00e1n; Bir\u00f3 J\u00f3zsef. A bonchidai B\u00e1nffy-kast\u00e9ly csal\u00e1di arck\u00e9pei = Lyka eml\u00e9kk.; Bozac-Pavel; Czirj\u00e1k 3; De\u00e9 Nagy Anik\u00f3 2001; Enyedi S\u00e1n\u00addor: B. Gy. \u00e9s az Erd\u00e9lyi Nyelvmivel\u0151 T\u00e1rsa\u00ads\u00e1g (M. Tududom\u00e1ny, 1995. 9. sz.); H\u00e1zsong\u00e1rd; Id\u0151t\u00e1r 1; Keresztes Gyula: \u00d6r\u00f6ks\u00e9g\u00fcnk 62.: A Mez\u0151s\u00e9g udvarh\u00e1zai (N\u00fa., 1994. aug. 12.); Helmut Klima: Guvernatores Transilvaniei 1774\u20131867 (Nagyszeben, 1943); Lev\u00e9lt\u00e1ri gy\u00e1szj.; Lokodi Gy\u00f6rgy: Herosi versek (Kv., 1816); Mo. f\u0151isp\u00e1njai; P\u00e1l-Antal 2009; P\u00e1lffy; RMK III\/ 18. sz., (esetleg ez a 3 m\u0171 lehet egy m\u00e1sik B. Gy.-\u00e9 is!?) Sebesty\u00e9n Mih\u00e1ly 2000; Szab\u00f3 J\u00e1nos: Halotti besz\u00e9d (Kv., 1822); T\u00f3th<\/br><\/p>\n","protected":false},"excerpt":{"rendered":"<p>Piski, 1746. dec. 24., \u2020 Kv., 1822. j\u00fal. 5.: politikus, f\u0151isp\u00e1n, Erd\u00e9ly korm\u00e1nyz\u00f3ja, titkos tan\u00e1csos. \u2013 Feles\u00e9ge: gr. Palm Jozefa (1754\u20131814). Gyermekei: Anna M\u00e1ria (1772\u20131794), Gy\u00f6rgy, D\u00e9nes (1776\u20131854), J\u00f3zsef, Josefa. \u2013 A b\u00e9csi Theresianumban tanult. A kir.-n\u0151 kamar\u00e1ss\u00e1 nevezte ki (1776). Kolozs vm. f\u0151isp\u00e1nja (1777\u201383) \u00e9s az erd\u00e9lyi gubernium (korm\u00e1ny\u00adz\u00f3s\u00e1g) tan\u00e1csosa (1777\u2013). II. J\u00f3zsef cs\u00e1sz\u00e1r [&hellip;]<\/p>\n","protected":false},"featured_media":0,"comment_status":"open","ping_status":"closed","template":"","meta":[],"product_brand":[],"product_cat":[137],"product_tag":[],"class_list":{"0":"post-2178","1":"product","2":"type-product","3":"status-publish","5":"product_cat-maros-megyei-eletrajzi-lexikon","7":"first","8":"instock","9":"shipping-taxable","10":"product-type-simple"},"_links":{"self":[{"href":"https:\/\/uj.adatbank.ro\/lexikon\/wp-json\/wp\/v2\/product\/2178","targetHints":{"allow":["GET"]}}],"collection":[{"href":"https:\/\/uj.adatbank.ro\/lexikon\/wp-json\/wp\/v2\/product"}],"about":[{"href":"https:\/\/uj.adatbank.ro\/lexikon\/wp-json\/wp\/v2\/types\/product"}],"replies":[{"embeddable":true,"href":"https:\/\/uj.adatbank.ro\/lexikon\/wp-json\/wp\/v2\/comments?post=2178"}],"wp:attachment":[{"href":"https:\/\/uj.adatbank.ro\/lexikon\/wp-json\/wp\/v2\/media?parent=2178"}],"wp:term":[{"taxonomy":"product_brand","embeddable":true,"href":"https:\/\/uj.adatbank.ro\/lexikon\/wp-json\/wp\/v2\/product_brand?post=2178"},{"taxonomy":"product_cat","embeddable":true,"href":"https:\/\/uj.adatbank.ro\/lexikon\/wp-json\/wp\/v2\/product_cat?post=2178"},{"taxonomy":"product_tag","embeddable":true,"href":"https:\/\/uj.adatbank.ro\/lexikon\/wp-json\/wp\/v2\/product_tag?post=2178"}],"curies":[{"name":"wp","href":"https:\/\/api.w.org\/{rel}","templated":true}]}}

BÁNFFY György, § gr., losonczi báró, Banffi, Georgius, Bánfi Georg

<p>Piski, 1746. dec. 24., † Kv., 1822. júl. 5.: politikus, főispán, Erdély kormányzója, titkos tanácsos. – Felesége: gr. Palm Jozefa (1754–1814). Gyermekei: Anna Mária (1772–1794), György, Dénes (1776–1854), József, Josefa. – A bécsi Theresianumban tanult. A kir.-nő kamarássá nevezte ki (1776). Kolozs vm. főispánja (1777–83) és az erdélyi gubernium (kormány­zóság) tanácsosa (1777–). II. József császár egyik bizalmasa volt, erdélyi kincstartó (1782–), alkancellár (1783–), mint kamarás kísérte a császárt erdélyi útján (1786), Erdély kormányzója haláláig (1787–1822). Aranka György ösztönzésére támogatta a M. Nyelvmívelő Társaság léterhozását, egyengette a megvalósítás útját. Elnöklete alatt kezdte meg munkálatait az Erdélyi M. Nyelvmívelő Társaság (1793. dec. 3.) és elvállalta a társaság díszelnöki tisztét a kezdetektől a megszünéséig (1793. dec. 3. – 1806). Az örményesi kastély tuladonosa, amit fia Dénes kir. kamarás örökölt. Mv.-en telke és háza volt (1810). Birtokolta Banyica falut, amit Szent-Banyicának és Szász-Banyicának is neveztek – <strong>F. m.:</strong> Materia tentaminis publici, quod ex anni hujus scholastici praelectionibus subibit in Collegio Regio Theresiano … Georgius Bánfi (Viennae, 1763); De eo quod jure naturae illicitum est, an etiam sit invalidum? Dissertatio cum annexis corollariis, quam Georgius Bánffi …publice defendendam suscepit praeside Josepho Antonio de Martini (Vindobonae, 1766); Fragen aus dem römisch-deutschen Staatsrechte, welche G. Bánfi … in der k. k. Theresianischen Ritterschule öffentlich beantworten wird (Wien, 1767). <br /><strong>Irod.:</strong> Apor – Oláh-Gál; Bényei; Bicsok–Orbán; Biró József. A bonchidai Bánffy-kastély családi arcképei = Lyka emlékk.; Bozac-Pavel; Czirják 3; Deé Nagy Anikó 2001; Enyedi Sán­dor: B. Gy. és az Erdélyi Nyelvmivelő Társa­ság (M. Tududomány, 1995. 9. sz.); Házsongárd; Időtár 1; Keresztes Gyula: Örökségünk 62.: A Mezőség udvarházai (Nú., 1994. aug. 12.); Helmut Klima: Guvernatores Transilvaniei 1774–1867 (Nagyszeben, 1943); Levéltári gyászj.; Lokodi György: Herosi versek (Kv., 1816); Mo. főispánjai; Pál-Antal 2009; Pálffy; RMK III/ 18. sz., (esetleg ez a 3 mű lehet egy másik B. Gy.-é is!?) Sebestyén Mihály 2000; Szabó János: Halotti beszéd (Kv., 1822); Tóth</br></p>

<p>Piski, 1746. dec. 24., † Kv., 1822. júl. 5.: politikus, főispán, Erdély kormányzója, titkos tanácsos. – Felesége: gr. Palm Jozefa (1754–1814). Gyermekei: Anna Mária (1772–1794), György, Dénes (1776–1854), József, Josefa. – A bécsi Theresianumban tanult. A kir.-nő kamarássá nevezte ki (1776). Kolozs vm. főispánja (1777–83) és az erdélyi gubernium (kormány­zóság) tanácsosa (1777–). II. József császár [&hellip;]</p>
