{"id":21780,"date":"2025-07-22T19:37:19","date_gmt":"2025-07-22T17:37:19","guid":{"rendered":"https:\/\/uj.adatbank.ro\/lexikon\/termek\/szekely-janos-4\/"},"modified":"2025-07-22T19:37:19","modified_gmt":"2025-07-22T17:37:19","slug":"szekely-janos-4","status":"publish","type":"product","link":"https:\/\/uj.adatbank.ro\/lexikon\/termek\/szekely-janos-4\/","title":{"rendered":"SZ\u00c9KELY J\u00e1nos"},"content":{"rendered":"<p>? \u2020?: dics\u0151szentm\u00e1rtoni isk. igazgat\u00f3. \u2013 Kolozsmonostoron tan\u00edt\u00f3. Megb\u00edzt\u00e1k a dics\u0151szentm\u00e1rtoni Fels\u0151 Gazdas\u00e1gi N\u00e9piskola tan\u00edt\u00f3i \u00e1ll\u00e1s\u00e1nak bet\u00f6lt\u00e9s\u00e9re (1874), ott matematik\u00e1t \u00e9s k\u00f6nyvel\u0151s\u00e9get tan\u00edtott; Az EMKE alap\u00edt\u00f3tagja, r\u00e9szt vett a kv.-i alap\u00edt\u00f3\u00fcl\u00e9sen (1885. \u00e1pr. 12). <br \/><strong>Irod.:<\/strong> Az Erd\u00e9lyi Gazd\u00e1k 1879-ik \u00e9vi okt\u00f3ber h\u00f3 2\u20135-\u00e9n Sepsiszentgy\u00f6rgy\u00f6n tartott \u00f6t\u00f6dik v\u00e1ndorgy\u0171l\u00e9s\u00e9nek jegyz\u0151k\u00f6nyve (Kv., 1879); \u00c9vfordul\u00f3nkra; S\u00e1ndor.<\/br><\/p>\n","protected":false},"excerpt":{"rendered":"<p>? \u2020?: dics\u0151szentm\u00e1rtoni isk. igazgat\u00f3. \u2013 Kolozsmonostoron tan\u00edt\u00f3. Megb\u00edzt\u00e1k a dics\u0151szentm\u00e1rtoni Fels\u0151 Gazdas\u00e1gi N\u00e9piskola tan\u00edt\u00f3i \u00e1ll\u00e1s\u00e1nak bet\u00f6lt\u00e9s\u00e9re (1874), ott matematik\u00e1t \u00e9s k\u00f6nyvel\u0151s\u00e9get tan\u00edtott; Az EMKE alap\u00edt\u00f3tagja, r\u00e9szt vett a kv.-i alap\u00edt\u00f3\u00fcl\u00e9sen (1885. \u00e1pr. 12). Irod.: Az Erd\u00e9lyi Gazd\u00e1k 1879-ik \u00e9vi okt\u00f3ber h\u00f3 2\u20135-\u00e9n Sepsiszentgy\u00f6rgy\u00f6n tartott \u00f6t\u00f6dik v\u00e1ndorgy\u0171l\u00e9s\u00e9nek jegyz\u0151k\u00f6nyve (Kv., 1879); \u00c9vfordul\u00f3nkra; S\u00e1ndor.<\/p>\n","protected":false},"featured_media":0,"comment_status":"open","ping_status":"closed","template":"","meta":[],"product_brand":[],"product_cat":[137],"product_tag":[],"class_list":{"0":"post-21780","1":"product","2":"type-product","3":"status-publish","5":"product_cat-maros-megyei-eletrajzi-lexikon","7":"first","8":"instock","9":"shipping-taxable","10":"product-type-simple"},"_links":{"self":[{"href":"https:\/\/uj.adatbank.ro\/lexikon\/wp-json\/wp\/v2\/product\/21780","targetHints":{"allow":["GET"]}}],"collection":[{"href":"https:\/\/uj.adatbank.ro\/lexikon\/wp-json\/wp\/v2\/product"}],"about":[{"href":"https:\/\/uj.adatbank.ro\/lexikon\/wp-json\/wp\/v2\/types\/product"}],"replies":[{"embeddable":true,"href":"https:\/\/uj.adatbank.ro\/lexikon\/wp-json\/wp\/v2\/comments?post=21780"}],"wp:attachment":[{"href":"https:\/\/uj.adatbank.ro\/lexikon\/wp-json\/wp\/v2\/media?parent=21780"}],"wp:term":[{"taxonomy":"product_brand","embeddable":true,"href":"https:\/\/uj.adatbank.ro\/lexikon\/wp-json\/wp\/v2\/product_brand?post=21780"},{"taxonomy":"product_cat","embeddable":true,"href":"https:\/\/uj.adatbank.ro\/lexikon\/wp-json\/wp\/v2\/product_cat?post=21780"},{"taxonomy":"product_tag","embeddable":true,"href":"https:\/\/uj.adatbank.ro\/lexikon\/wp-json\/wp\/v2\/product_tag?post=21780"}],"curies":[{"name":"wp","href":"https:\/\/api.w.org\/{rel}","templated":true}]}}

SZÉKELY János

<p>? †?: dicsőszentmártoni isk. igazgató. – Kolozsmonostoron tanító. Megbízták a dicsőszentmártoni Felső Gazdasági Népiskola tanítói állásának betöltésére (1874), ott matematikát és könyvelőséget tanított; Az EMKE alapítótagja, részt vett a kv.-i alapítóülésen (1885. ápr. 12). <br /><strong>Irod.:</strong> Az Erdélyi Gazdák 1879-ik évi október hó 2–5-én Sepsiszentgyörgyön tartott ötödik vándorgyűlésének jegyzőkönyve (Kv., 1879); Évfordulónkra; Sándor.</br></p>

<p>? †?: dicsőszentmártoni isk. igazgató. – Kolozsmonostoron tanító. Megbízták a dicsőszentmártoni Felső Gazdasági Népiskola tanítói állásának betöltésére (1874), ott matematikát és könyvelőséget tanított; Az EMKE alapítótagja, részt vett a kv.-i alapítóülésen (1885. ápr. 12). Irod.: Az Erdélyi Gazdák 1879-ik évi október hó 2–5-én Sepsiszentgyörgyön tartott ötödik vándorgyűlésének jegyzőkönyve (Kv., 1879); Évfordulónkra; Sándor.</p>
