{"id":21791,"date":"2025-07-22T19:37:42","date_gmt":"2025-07-22T17:37:42","guid":{"rendered":"https:\/\/uj.adatbank.ro\/lexikon\/termek\/szekely-jeno-%c2%a7\/"},"modified":"2025-07-22T19:37:42","modified_gmt":"2025-07-22T17:37:42","slug":"szekely-jeno-%c2%a7","status":"publish","type":"product","link":"https:\/\/uj.adatbank.ro\/lexikon\/termek\/szekely-jeno-%c2%a7\/","title":{"rendered":"SZ\u00c9KELY Jen\u0151, \u00a7"},"content":{"rendered":"<p>Mv., 1889. febr. 9., \u2020\u00a0Bp., 1965. m\u00e1j. 14.: gy\u00f3gyszer\u00e9sz, \u00edr\u00f3, szerkeszt\u0151. \u2013 Sz. Ferenc fia, Sz. J\u00f3zsef b\u00fatorgy\u00e1ros testv\u00e9re. \u2013 Mv.-en j\u00e1rt iskol\u00e1ba. Gy\u00f3gyszer\u00e9sz \u00f6nk\u00e9ntes az I. vh.-ban \u00e9s hetven\u00f6t sz\u00e1zal\u00e9kos hadirokkantk\u00e9nt szerelt le (1914\u201316). A bp.-i egy.-en gy\u00f3gyszer\u00e9szi oklevelet kapott (1917). R\u00e9szt vett a Gy\u00f3gyszer\u00e9szek Szakszervezet\u00e9nek megalap\u00edt\u00e1s\u00e1ban (1918). A Tan\u00e1csk\u00f6zt\u00e1rsas\u00e1g idej\u00e9n (1919) a Gy\u00f3gyszert\u00e1ri Munk\u00e1sok c. lap szerk. A prolet\u00e1rdiktat\u00fara buk\u00e1sa ut\u00e1n eltiltott\u00e1k a gy\u00f3gyszer\u00e9szi p\u00e1ly\u00e1t\u00f3l. A k\u00e9t vh. k\u00f6z\u00f6tt k\u00fcl\u00f6nb\u00f6z\u0151 alkalmi munk\u00e1kb\u00f3l tartotta fenn mag\u00e1t. Mv.-en volt gy\u00f3gyszer\u00e9sz, beb\u00f6rt\u00f6n\u00f6zt\u00e9k, majd Magyaro.-ra telep\u00fclt. Bp. f\u0151v\u00e1ros gy\u00f3gyszert\u00e1ri ellen\u0151re (1945\u2013), tev\u00e9keny szerepet v\u00e1llalt az Orsz. Eg\u00e9szs\u00e9g\u00fcgyi Szakszervezet l\u00e9trehoz\u00e1s\u00e1ban (1945). Bp.-en a Renaissance Sz\u00ednh\u00e1zban bemutatt\u00e1k Az \u00f6ngyilkos \u00e9lete c. darabj\u00e1t (1926. \u00e1pr. 21). A KZST akt\u00edv tagja volt (1932\u2013) szerepelt novell\u00e1ival, ill. H\u00e1ts\u00f3 utca 38 c. sz\u00edndarabj\u00e1nak r\u00e9szlet\u00e9vel, az Erd\u00e9lyi Helikon \u00edr\u00f3i k\u00f6z\u00f6ss\u00e9ghez bar\u00e1ts\u00e1g f\u0171zte \u00e9s k\u00f6z\u00f6lt a lapban. Reg\u00e9nyeket \u00e9s sz\u00edndarabokat is \u00edrt. \u00d6rk\u00e9ny Istv\u00e1n m\u00e9ltatta munk\u00e1ss\u00e1g\u00e1t 60. sz\u00fclet\u00e9snapj\u00e1n. A Gy\u00f3gyszer\u00e9sz c. szakszervezeti lap felel\u0151s-, majd f\u0151szerk. (1946-t\u00f3l), az Acta Pharmaceutica Hungarica felel\u0151s szerkeszt\u0151je (1953\u201356). Nyugd\u00edjask\u00e9nt r\u00e9szt vett a Gy\u00f3gyszer\u00e9szet c. szaklap szerkeszt\u00e9s\u00e9be (1957\u2013). Az MNK kiv\u00e1l\u00f3 gy\u00f3gyszer\u00e9sze. \u2013 <strong><strong>F. m.<\/strong><\/strong>: Csendes s\u00e9t\u00e1k (Mv., 1914); A cs\u00f6nd (versek, Bp., 1916); Hazug kir\u00e1ly (reg., Bp., 1921); Porcell\u00e1ngy\u00e1r (sz\u00edndarab, Bp., 1925); Az \u00f6ngyilkos \u00e9lete (dr\u00e1ma, Bp., 1926); A Csehi-csal\u00e1d (reg., Kv., 1928); Csendes s\u00e9t\u00e1k (versek; Bp., 1932). <br \/><strong>Irod.:<\/strong> Dsida; Helikon 1924\u20131944; Marosi-Helikon; Marosi-KZST; Molter 1.,3.; Mv. \u00e9s a h\u00e1bor\u00fa 1.; \u00d6kr\u00f6s; P\u00e9ter H. M.; P\u00e9ter H. M. 2013; R\u00e9thy\u2013V\u00e1czy; RMIL; \u00daM\u00c9L.<\/br><\/p>\n","protected":false},"excerpt":{"rendered":"<p>Mv., 1889. febr. 9., \u2020\u00a0Bp., 1965. m\u00e1j. 14.: gy\u00f3gyszer\u00e9sz, \u00edr\u00f3, szerkeszt\u0151. \u2013 Sz. Ferenc fia, Sz. J\u00f3zsef b\u00fatorgy\u00e1ros testv\u00e9re. \u2013 Mv.-en j\u00e1rt iskol\u00e1ba. Gy\u00f3gyszer\u00e9sz \u00f6nk\u00e9ntes az I. vh.-ban \u00e9s hetven\u00f6t sz\u00e1zal\u00e9kos hadirokkantk\u00e9nt szerelt le (1914\u201316). A bp.-i egy.-en gy\u00f3gyszer\u00e9szi oklevelet kapott (1917). R\u00e9szt vett a Gy\u00f3gyszer\u00e9szek Szakszervezet\u00e9nek megalap\u00edt\u00e1s\u00e1ban (1918). A Tan\u00e1csk\u00f6zt\u00e1rsas\u00e1g idej\u00e9n (1919) a Gy\u00f3gyszert\u00e1ri [&hellip;]<\/p>\n","protected":false},"featured_media":0,"comment_status":"open","ping_status":"closed","template":"","meta":[],"product_brand":[],"product_cat":[137],"product_tag":[],"class_list":{"0":"post-21791","1":"product","2":"type-product","3":"status-publish","5":"product_cat-maros-megyei-eletrajzi-lexikon","7":"first","8":"instock","9":"shipping-taxable","10":"product-type-simple"},"_links":{"self":[{"href":"https:\/\/uj.adatbank.ro\/lexikon\/wp-json\/wp\/v2\/product\/21791","targetHints":{"allow":["GET"]}}],"collection":[{"href":"https:\/\/uj.adatbank.ro\/lexikon\/wp-json\/wp\/v2\/product"}],"about":[{"href":"https:\/\/uj.adatbank.ro\/lexikon\/wp-json\/wp\/v2\/types\/product"}],"replies":[{"embeddable":true,"href":"https:\/\/uj.adatbank.ro\/lexikon\/wp-json\/wp\/v2\/comments?post=21791"}],"wp:attachment":[{"href":"https:\/\/uj.adatbank.ro\/lexikon\/wp-json\/wp\/v2\/media?parent=21791"}],"wp:term":[{"taxonomy":"product_brand","embeddable":true,"href":"https:\/\/uj.adatbank.ro\/lexikon\/wp-json\/wp\/v2\/product_brand?post=21791"},{"taxonomy":"product_cat","embeddable":true,"href":"https:\/\/uj.adatbank.ro\/lexikon\/wp-json\/wp\/v2\/product_cat?post=21791"},{"taxonomy":"product_tag","embeddable":true,"href":"https:\/\/uj.adatbank.ro\/lexikon\/wp-json\/wp\/v2\/product_tag?post=21791"}],"curies":[{"name":"wp","href":"https:\/\/api.w.org\/{rel}","templated":true}]}}

SZÉKELY Jenő, §

<p>Mv., 1889. febr. 9., † Bp., 1965. máj. 14.: gyógyszerész, író, szerkesztő. – Sz. Ferenc fia, Sz. József bútorgyáros testvére. – Mv.-en járt iskolába. Gyógyszerész önkéntes az I. vh.-ban és hetvenöt százalékos hadirokkantként szerelt le (1914–16). A bp.-i egy.-en gyógyszerészi oklevelet kapott (1917). Részt vett a Gyógyszerészek Szakszervezetének megalapításában (1918). A Tanácsköztársaság idején (1919) a Gyógyszertári Munkások c. lap szerk. A proletárdiktatúra bukása után eltiltották a gyógyszerészi pályától. A két vh. között különböző alkalmi munkákból tartotta fenn magát. Mv.-en volt gyógyszerész, bebörtönözték, majd Magyaro.-ra települt. Bp. főváros gyógyszertári ellenőre (1945–), tevékeny szerepet vállalt az Orsz. Egészségügyi Szakszervezet létrehozásában (1945). Bp.-en a Renaissance Színházban bemutatták Az öngyilkos élete c. darabját (1926. ápr. 21). A KZST aktív tagja volt (1932–) szerepelt novelláival, ill. Hátsó utca 38 c. színdarabjának részletével, az Erdélyi Helikon írói közösséghez barátság fűzte és közölt a lapban. Regényeket és színdarabokat is írt. Örkény István méltatta munkásságát 60. születésnapján. A Gyógyszerész c. szakszervezeti lap felelős-, majd főszerk. (1946-tól), az Acta Pharmaceutica Hungarica felelős szerkesztője (1953–56). Nyugdíjasként részt vett a Gyógyszerészet c. szaklap szerkesztésébe (1957–). Az MNK kiváló gyógyszerésze. – <strong><strong>F. m.</strong></strong>: Csendes séták (Mv., 1914); A csönd (versek, Bp., 1916); Hazug király (reg., Bp., 1921); Porcellángyár (színdarab, Bp., 1925); Az öngyilkos élete (dráma, Bp., 1926); A Csehi-család (reg., Kv., 1928); Csendes séták (versek; Bp., 1932). <br /><strong>Irod.:</strong> Dsida; Helikon 1924–1944; Marosi-Helikon; Marosi-KZST; Molter 1.,3.; Mv. és a háború 1.; Ökrös; Péter H. M.; Péter H. M. 2013; Réthy–Váczy; RMIL; ÚMÉL.</br></p>

<p>Mv., 1889. febr. 9., † Bp., 1965. máj. 14.: gyógyszerész, író, szerkesztő. – Sz. Ferenc fia, Sz. József bútorgyáros testvére. – Mv.-en járt iskolába. Gyógyszerész önkéntes az I. vh.-ban és hetvenöt százalékos hadirokkantként szerelt le (1914–16). A bp.-i egy.-en gyógyszerészi oklevelet kapott (1917). Részt vett a Gyógyszerészek Szakszervezetének megalapításában (1918). A Tanácsköztársaság idején (1919) a Gyógyszertári [&hellip;]</p>
