{"id":21796,"date":"2025-07-22T19:37:51","date_gmt":"2025-07-22T17:37:51","guid":{"rendered":"https:\/\/uj.adatbank.ro\/lexikon\/termek\/szekely-jozsef-5\/"},"modified":"2025-07-22T19:37:51","modified_gmt":"2025-07-22T17:37:51","slug":"szekely-jozsef-5","status":"publish","type":"product","link":"https:\/\/uj.adatbank.ro\/lexikon\/termek\/szekely-jozsef-5\/","title":{"rendered":"SZ\u00c9KELY J\u00f3zsef"},"content":{"rendered":"<p>G\u00f6rg\u00e9nyszentimre, 1890., \u2020?: dr., \u00fcgyv\u00e9d. \u2013 A mv.-i Ref. Koll.-ban \u00e9retts\u00e9gizett, majd jogot v\u00e9gzett Kv.-on, jog- \u00e9s \u00e1llamtudom\u00e1nyi doktor. \u00dcgyv\u00e9di vizsg\u00e1t tett (1924). Az els\u0151 vil\u00e1gh\u00e1bor\u00fa els\u0151 \u00e9v\u00e9ben gr. Teleki Art\u00farn\u00e1l nevel\u0151, gazdas\u00e1gi fel\u00fcgyel\u0151 volt. Bevonult \u00e9s katonai szolg\u00e1latot teljes\u00edtett (\u20131918). Fogaras v\u00e1rmegy\u00e9ben k\u00f6zigazgat\u00e1si tisztvisel\u0151 \u00e9s tb. szolgab\u00edr\u00f3. \u00dcgyv\u00e9djel\u00f6lt (1922\u201324), majd B\u00e1nffyhunyadon nyitott \u00fcgyv\u00e9di irod\u00e1t, ahol ref. egyh\u00e1zmegyei vil\u00e1gi k\u00e9pvisel\u0151 \u00e9s egyh\u00e1zmegyei tan\u00e1csb\u00edr\u00f3, a Kereskedelmi \u00e9s Iparbank igazgat\u00f3ja, azut\u00e1n az int\u00e9zet \u00fcgy\u00e9sze volt. A II. vh. el\u0151tti id\u0151kben a nagyszebeni hadb\u00edr\u00f3s\u00e1gon teljes\u00edtett szolg\u00e1latot, \u00e9s ezalatt a m. t\u00e1rsadalom \u00e9let\u00e9ben is tev\u00e9keny munk\u00e1ss\u00e1got fejtett ki. K\u00e9s\u0151bb az \u00fcgyv\u00e9di gyakorlata mellett feles\u00e9ge birtok\u00e1n is gazd\u00e1lkodott. \u2013 Irod: EM.<\/br><\/p>\n","protected":false},"excerpt":{"rendered":"<p>G\u00f6rg\u00e9nyszentimre, 1890., \u2020?: dr., \u00fcgyv\u00e9d. \u2013 A mv.-i Ref. Koll.-ban \u00e9retts\u00e9gizett, majd jogot v\u00e9gzett Kv.-on, jog- \u00e9s \u00e1llamtudom\u00e1nyi doktor. \u00dcgyv\u00e9di vizsg\u00e1t tett (1924). Az els\u0151 vil\u00e1gh\u00e1bor\u00fa els\u0151 \u00e9v\u00e9ben gr. Teleki Art\u00farn\u00e1l nevel\u0151, gazdas\u00e1gi fel\u00fcgyel\u0151 volt. Bevonult \u00e9s katonai szolg\u00e1latot teljes\u00edtett (\u20131918). Fogaras v\u00e1rmegy\u00e9ben k\u00f6zigazgat\u00e1si tisztvisel\u0151 \u00e9s tb. szolgab\u00edr\u00f3. \u00dcgyv\u00e9djel\u00f6lt (1922\u201324), majd B\u00e1nffyhunyadon nyitott \u00fcgyv\u00e9di irod\u00e1t, [&hellip;]<\/p>\n","protected":false},"featured_media":0,"comment_status":"open","ping_status":"closed","template":"","meta":[],"product_brand":[],"product_cat":[137],"product_tag":[],"class_list":{"0":"post-21796","1":"product","2":"type-product","3":"status-publish","5":"product_cat-maros-megyei-eletrajzi-lexikon","7":"first","8":"instock","9":"shipping-taxable","10":"product-type-simple"},"_links":{"self":[{"href":"https:\/\/uj.adatbank.ro\/lexikon\/wp-json\/wp\/v2\/product\/21796","targetHints":{"allow":["GET"]}}],"collection":[{"href":"https:\/\/uj.adatbank.ro\/lexikon\/wp-json\/wp\/v2\/product"}],"about":[{"href":"https:\/\/uj.adatbank.ro\/lexikon\/wp-json\/wp\/v2\/types\/product"}],"replies":[{"embeddable":true,"href":"https:\/\/uj.adatbank.ro\/lexikon\/wp-json\/wp\/v2\/comments?post=21796"}],"wp:attachment":[{"href":"https:\/\/uj.adatbank.ro\/lexikon\/wp-json\/wp\/v2\/media?parent=21796"}],"wp:term":[{"taxonomy":"product_brand","embeddable":true,"href":"https:\/\/uj.adatbank.ro\/lexikon\/wp-json\/wp\/v2\/product_brand?post=21796"},{"taxonomy":"product_cat","embeddable":true,"href":"https:\/\/uj.adatbank.ro\/lexikon\/wp-json\/wp\/v2\/product_cat?post=21796"},{"taxonomy":"product_tag","embeddable":true,"href":"https:\/\/uj.adatbank.ro\/lexikon\/wp-json\/wp\/v2\/product_tag?post=21796"}],"curies":[{"name":"wp","href":"https:\/\/api.w.org\/{rel}","templated":true}]}}