{"id":21797,"date":"2025-07-22T19:37:53","date_gmt":"2025-07-22T17:37:53","guid":{"rendered":"https:\/\/uj.adatbank.ro\/lexikon\/termek\/szekely-jozsef-6\/"},"modified":"2025-07-22T19:37:53","modified_gmt":"2025-07-22T17:37:53","slug":"szekely-jozsef-6","status":"publish","type":"product","link":"https:\/\/uj.adatbank.ro\/lexikon\/termek\/szekely-jozsef-6\/","title":{"rendered":"SZ\u00c9KELY J\u00f3zsef"},"content":{"rendered":"<p>Lukafalva, 1928. szept. 22., \u2020 Mv., 2002. febr. 5-\u00e9n volt a temet\u00e9se. Marosugr\u00e1n: agron\u00f3mus; mez\u0151gazdas\u00e1gi szak\u00edr\u00f3. \u2013 Kert\u00e9szeti szakiskol\u00e1t Radn\u00f3ton (1950), szakk\u00f6z\u00e9piskol\u00e1t Sz\u00e9kelyudvarhelyen a Mez\u0151gazdas\u00e1gi L\u00edceumban v\u00e9gzett (1952), F\u0151iskolai tanulm\u00e1nyait Kv.-on a Mez\u0151gazdas\u00e1gi F\u0151iskola kert\u00e9szeti szak\u00e1n kezdte, Moszkv\u00e1ban fejezte be (1957). Kv.-on a K\u00eds\u00e9rleti \u00c1llom\u00e1s kutat\u00f3ja volt (\u20131990) Kutat\u00f3munk\u00e1ja eredm\u00e9nyeir\u0151l hazai szaklapokban \u00e9s tan\u00e1cskoz\u00e1sokon sz\u00e1molt be. Nagysz\u00e1m\u00fa ismeretterjeszt\u0151 \u00edr\u00e1sa jelent meg: Falvak Dolgoz\u00f3 N\u00e9pe, Dolgoz\u00f3 N\u0151, A H\u00e9t, V\u00f6r\u00f6s Z\u00e1szl\u00f3, El\u0151re, Igazs\u00e1g, F\u0103clia, Horticultur\u0103, Gr\u0103dina \u015fi Livada, Agricultura Socialist\u0103-ban. \u2013 <strong>F. m.<\/strong>: D\u00edszn\u00f6v\u00e9nyek v\u00e9delme (Buk, 1983); <strong>t\u00e1rssz.:<\/strong> Combaterea bolilor \u015fi d\u0103un\u0103torilor plantelor ornamentale (Buk., 1968); V\u00e9dekez\u00e9s a d\u00edszn\u00f6v\u00e9nyek betegs\u00e9gei \u00e9s k\u00e1rtev\u0151i ellen (Buk., 1969); Kert\u00e9szeti n\u00f6v\u00e9nyek v\u00e9delme (Buk., 1975); Bogy\u00f3s gy\u00fcm\u00f6lcs\u0171ek termeszt\u00e9se (Buk., 1983) <br \/><strong>Irod.:<\/strong> RMIL.<\/br><\/p>\n","protected":false},"excerpt":{"rendered":"<p>Lukafalva, 1928. szept. 22., \u2020 Mv., 2002. febr. 5-\u00e9n volt a temet\u00e9se. Marosugr\u00e1n: agron\u00f3mus; mez\u0151gazdas\u00e1gi szak\u00edr\u00f3. \u2013 Kert\u00e9szeti szakiskol\u00e1t Radn\u00f3ton (1950), szakk\u00f6z\u00e9piskol\u00e1t Sz\u00e9kelyudvarhelyen a Mez\u0151gazdas\u00e1gi L\u00edceumban v\u00e9gzett (1952), F\u0151iskolai tanulm\u00e1nyait Kv.-on a Mez\u0151gazdas\u00e1gi F\u0151iskola kert\u00e9szeti szak\u00e1n kezdte, Moszkv\u00e1ban fejezte be (1957). Kv.-on a K\u00eds\u00e9rleti \u00c1llom\u00e1s kutat\u00f3ja volt (\u20131990) Kutat\u00f3munk\u00e1ja eredm\u00e9nyeir\u0151l hazai szaklapokban \u00e9s tan\u00e1cskoz\u00e1sokon sz\u00e1molt [&hellip;]<\/p>\n","protected":false},"featured_media":0,"comment_status":"open","ping_status":"closed","template":"","meta":[],"product_brand":[],"product_cat":[137],"product_tag":[],"class_list":{"0":"post-21797","1":"product","2":"type-product","3":"status-publish","5":"product_cat-maros-megyei-eletrajzi-lexikon","7":"first","8":"instock","9":"shipping-taxable","10":"product-type-simple"},"_links":{"self":[{"href":"https:\/\/uj.adatbank.ro\/lexikon\/wp-json\/wp\/v2\/product\/21797","targetHints":{"allow":["GET"]}}],"collection":[{"href":"https:\/\/uj.adatbank.ro\/lexikon\/wp-json\/wp\/v2\/product"}],"about":[{"href":"https:\/\/uj.adatbank.ro\/lexikon\/wp-json\/wp\/v2\/types\/product"}],"replies":[{"embeddable":true,"href":"https:\/\/uj.adatbank.ro\/lexikon\/wp-json\/wp\/v2\/comments?post=21797"}],"wp:attachment":[{"href":"https:\/\/uj.adatbank.ro\/lexikon\/wp-json\/wp\/v2\/media?parent=21797"}],"wp:term":[{"taxonomy":"product_brand","embeddable":true,"href":"https:\/\/uj.adatbank.ro\/lexikon\/wp-json\/wp\/v2\/product_brand?post=21797"},{"taxonomy":"product_cat","embeddable":true,"href":"https:\/\/uj.adatbank.ro\/lexikon\/wp-json\/wp\/v2\/product_cat?post=21797"},{"taxonomy":"product_tag","embeddable":true,"href":"https:\/\/uj.adatbank.ro\/lexikon\/wp-json\/wp\/v2\/product_tag?post=21797"}],"curies":[{"name":"wp","href":"https:\/\/api.w.org\/{rel}","templated":true}]}}

SZÉKELY József

<p>Lukafalva, 1928. szept. 22., † Mv., 2002. febr. 5-én volt a temetése. Marosugrán: agronómus; mezőgazdasági szakíró. – Kertészeti szakiskolát Radnóton (1950), szakközépiskolát Székelyudvarhelyen a Mezőgazdasági Líceumban végzett (1952), Főiskolai tanulmányait Kv.-on a Mezőgazdasági Főiskola kertészeti szakán kezdte, Moszkvában fejezte be (1957). Kv.-on a Kísérleti Állomás kutatója volt (–1990) Kutatómunkája eredményeiről hazai szaklapokban és tanácskozásokon számolt be. Nagyszámú ismeretterjesztő írása jelent meg: Falvak Dolgozó Népe, Dolgozó Nő, A Hét, Vörös Zászló, Előre, Igazság, Făclia, Horticultură, Grădina şi Livada, Agricultura Socialistă-ban. – <strong>F. m.</strong>: Dísznövények védelme (Buk, 1983); <strong>társsz.:</strong> Combaterea bolilor şi dăunătorilor plantelor ornamentale (Buk., 1968); Védekezés a dísznövények betegségei és kártevői ellen (Buk., 1969); Kertészeti növények védelme (Buk., 1975); Bogyós gyümölcsűek termesztése (Buk., 1983) <br /><strong>Irod.:</strong> RMIL.</br></p>

<p>Lukafalva, 1928. szept. 22., † Mv., 2002. febr. 5-én volt a temetése. Marosugrán: agronómus; mezőgazdasági szakíró. – Kertészeti szakiskolát Radnóton (1950), szakközépiskolát Székelyudvarhelyen a Mezőgazdasági Líceumban végzett (1952), Főiskolai tanulmányait Kv.-on a Mezőgazdasági Főiskola kertészeti szakán kezdte, Moszkvában fejezte be (1957). Kv.-on a Kísérleti Állomás kutatója volt (–1990) Kutatómunkája eredményeiről hazai szaklapokban és tanácskozásokon számolt [&hellip;]</p>
