{"id":21798,"date":"2025-07-22T19:37:55","date_gmt":"2025-07-22T17:37:55","guid":{"rendered":"https:\/\/uj.adatbank.ro\/lexikon\/termek\/szekely-jozsef-7\/"},"modified":"2025-07-22T19:37:55","modified_gmt":"2025-07-22T17:37:55","slug":"szekely-jozsef-7","status":"publish","type":"product","link":"https:\/\/uj.adatbank.ro\/lexikon\/termek\/szekely-jozsef-7\/","title":{"rendered":"SZ\u00c9KELY J\u00f3zsef"},"content":{"rendered":"<p>Erd\u0151szentgy\u00f6rgy, 1929. febr. 8., \u2020?: szobr\u00e1szm\u0171v\u00e9sz, tan\u00e1r. \u2013 A k\u00f6z\u00e9piskol\u00e1t sz\u00fcl\u0151v\u00e1ros\u00e1ban v\u00e9gezte. A kv.-i Ion Andreescu k\u00e9pz\u0151m\u0171v. F\u0151isk. Szobr\u00e1szati szak\u00e1n v\u00e9gzett (1955). Sz\u00e9kelyudvarhelyen \u00f6n\u00e1ll\u00f3 alkot\u00f3 (1955\u201360), majd tan\u00e1r a Tan\u00edt\u00f3k\u00e9pz\u0151ben (1960\u201390). El\u0151sz\u00f6r Mv.-en szerepelt ki\u00e1ll\u00edt\u00e1son (1955), majd rendszeresen r\u00e9szt vett tartom\u00e1nyi ill. megyei t\u00e1rlatokon; egy\u00e9ni ki\u00e1ll\u00edt\u00e1sa volt Sz\u00e9kelyudvarhelyen (1975). K\u00f6zt\u00e9ri szobrai: Sz\u00e9kelyudvarhely: Tomcsa S\u00e1ndor (1997); Erd\u0151szentgy\u00f6rgy: Gr, Rh\u00e9dey Claudia (1996); Kib\u00e9den: M\u00e1tyus Istv\u00e1n (domborm\u0171port\u00e9, 2000); Zagyvar\u00e9kason: M\u00f3ricz Zsigmond \u00e9s II R\u00e1k\u00f3czi Ferenc szobra. T\u00f6bb szobr\u00e1t a sz\u00e9kelyudvarhelyi k\u00f6ztereken \u00e1ll\u00edtott\u00e1k fel, m\u00e1sokat a helyi mv.-i \u00e9s cs\u00edkszeredai m\u00fazeumban \u0151rzik. <br \/><strong>Irod.:<\/strong> Arck\u00e9pcsarnok (Igaz Sz\u00f3, 1972. 11. sz.); Banner; Moln\u00e1r; RMIL; RMKK.<\/br><\/p>\n","protected":false},"excerpt":{"rendered":"<p>Erd\u0151szentgy\u00f6rgy, 1929. febr. 8., \u2020?: szobr\u00e1szm\u0171v\u00e9sz, tan\u00e1r. \u2013 A k\u00f6z\u00e9piskol\u00e1t sz\u00fcl\u0151v\u00e1ros\u00e1ban v\u00e9gezte. A kv.-i Ion Andreescu k\u00e9pz\u0151m\u0171v. F\u0151isk. Szobr\u00e1szati szak\u00e1n v\u00e9gzett (1955). Sz\u00e9kelyudvarhelyen \u00f6n\u00e1ll\u00f3 alkot\u00f3 (1955\u201360), majd tan\u00e1r a Tan\u00edt\u00f3k\u00e9pz\u0151ben (1960\u201390). El\u0151sz\u00f6r Mv.-en szerepelt ki\u00e1ll\u00edt\u00e1son (1955), majd rendszeresen r\u00e9szt vett tartom\u00e1nyi ill. megyei t\u00e1rlatokon; egy\u00e9ni ki\u00e1ll\u00edt\u00e1sa volt Sz\u00e9kelyudvarhelyen (1975). K\u00f6zt\u00e9ri szobrai: Sz\u00e9kelyudvarhely: Tomcsa S\u00e1ndor (1997); [&hellip;]<\/p>\n","protected":false},"featured_media":0,"comment_status":"open","ping_status":"closed","template":"","meta":[],"product_brand":[],"product_cat":[137],"product_tag":[],"class_list":{"0":"post-21798","1":"product","2":"type-product","3":"status-publish","5":"product_cat-maros-megyei-eletrajzi-lexikon","7":"first","8":"instock","9":"shipping-taxable","10":"product-type-simple"},"_links":{"self":[{"href":"https:\/\/uj.adatbank.ro\/lexikon\/wp-json\/wp\/v2\/product\/21798","targetHints":{"allow":["GET"]}}],"collection":[{"href":"https:\/\/uj.adatbank.ro\/lexikon\/wp-json\/wp\/v2\/product"}],"about":[{"href":"https:\/\/uj.adatbank.ro\/lexikon\/wp-json\/wp\/v2\/types\/product"}],"replies":[{"embeddable":true,"href":"https:\/\/uj.adatbank.ro\/lexikon\/wp-json\/wp\/v2\/comments?post=21798"}],"wp:attachment":[{"href":"https:\/\/uj.adatbank.ro\/lexikon\/wp-json\/wp\/v2\/media?parent=21798"}],"wp:term":[{"taxonomy":"product_brand","embeddable":true,"href":"https:\/\/uj.adatbank.ro\/lexikon\/wp-json\/wp\/v2\/product_brand?post=21798"},{"taxonomy":"product_cat","embeddable":true,"href":"https:\/\/uj.adatbank.ro\/lexikon\/wp-json\/wp\/v2\/product_cat?post=21798"},{"taxonomy":"product_tag","embeddable":true,"href":"https:\/\/uj.adatbank.ro\/lexikon\/wp-json\/wp\/v2\/product_tag?post=21798"}],"curies":[{"name":"wp","href":"https:\/\/api.w.org\/{rel}","templated":true}]}}