{"id":21799,"date":"2025-07-22T19:37:57","date_gmt":"2025-07-22T17:37:57","guid":{"rendered":"https:\/\/uj.adatbank.ro\/lexikon\/termek\/szekely-jozsef-%c2%a7\/"},"modified":"2025-07-22T19:37:57","modified_gmt":"2025-07-22T17:37:57","slug":"szekely-jozsef-%c2%a7","status":"publish","type":"product","link":"https:\/\/uj.adatbank.ro\/lexikon\/termek\/szekely-jozsef-%c2%a7\/","title":{"rendered":"SZ\u00c9KELY J\u00f3zsef, \u00a7"},"content":{"rendered":"<p>1896., \u2020 Mv., 1945. szept. 23.: b\u00fatorgy\u00e1ros, \u00edr\u00f3. \u2013 Sz. Ferenc \u00e9s Hermina fia. \u2013 Feles\u00e9ge: ka\u00e1li Nagy Irma, a Kult\u00farpalota K\u00f6nyvt\u00e1r\u00e1ban dolgozott (1958\u201360 k\u00f6r\u00fcl). \u2013 Folytatta apja elkezdett munk\u00e1j\u00e1t. A mv.-i gy\u00e1r, a Sz\u00e9kely \u00e9s R\u00e9ti erd\u00e9lyr\u00e9szi b\u00fatorgy\u00e1r R. T., csal\u00e1di v\u00e1llalkoz\u00e1s volt, dolgozott benne minden csal\u00e1dtag. J\u00f3zsef a kereskedelmet vezette, feles\u00e9ge a k\u00f6nyvel\u0151s\u00e9gen dolgozott. Mv.-en a gy\u00e1r term\u00e9kei ir\u00e1nti kereslet n\u00f6veked\u00e9s\u00e9vel, megind\u00edtott\u00e1k a fels\u0151 vas\u00fat\u00e1llom\u00e1s mellett a lemezgy\u00e1rat \u00e9s panel\u00fczemet, 500 munk\u00e1st alkalmazott. A munk\u00e1sok munkat\u00e1rsnak \u00e9s nem munkaad\u00f3nak tekintett\u00e9k. M\u0171k\u00f6d\u00f6tt kirendelts\u00e9g\u00fck Buk.-ben is, b\u00fatorokat a Peles \u00e9s Pelisor kast\u00e9lyokba is sz\u00e1ll\u00edtottak. A gy\u00e1rat felgy\u00fajtott\u00e1k (1943). M\u0171velt ember volt, t\u00f6bb nyelven besz\u00e9lt, p\u00e1rtolta a kult\u00far\u00e1t, \u00e9rt\u00e9kes k\u00f6nyvt\u00e1rat l\u00e9tes\u00edtett a maga sz\u00e1m\u00e1ra, \u00e9s munk\u00e1sk\u00f6nyvt\u00e1rat is alap\u00edtott. A MNSZ alap\u00edt\u00f3 tagja, a demokr\u00e1cia eszm\u00e9j\u00e9nek harcosa. A Mv.-re l\u00e1togat\u00f3 \u00edr\u00f3k \u00e9s m\u0171v\u00e9szek gyakran n\u00e1la vend\u00e9geskedtek. M\u00f3ricz Zsigmond t\u00f6bbsz\u00f6r sz\u00e1llt meg n\u00e1la (p\u00e9ld\u00e1ul 1941-ben), Illy\u00e9s Gyula, M\u00e1rai S\u00e1ndor \u00e9s Kosztol\u00e1nyi Dezs\u0151, Tam\u00e1si \u00c1ron, Kacs\u00f3 S\u00e1ndor, Tompa L\u00e1szl\u00f3, D\u00e9ry Tibor (is 1948-ban) vend\u00e9gei voltak a mv.-i szerepl\u00e9seik alkalm\u00e1val. Antalffy Endre finom \u00fariembernek nevezte, nagy volt az \u00e1ldozatk\u00e9szs\u00e9ge \u00edrta r\u00f3la a legjobb bar\u00e1tja, Molter K\u00e1roly. K\u00f6zeli bar\u00e1tja Berde M\u00e1ria. Cikkei \u00e9s novell\u00e1i a Zord Id\u0151, P\u00e1sztort\u0171z, Napkelet, Szabad Sz\u00f3, T\u00fck\u00f6r has\u00e1bjain jelentek meg. <br \/><strong>Irod.:<\/strong> csal\u00e1di inf.; Helikon 1924\u20131944; Hitel (1995. dec.); M\u00e1th\u00e9 \u00c9va: Volt egyszer egy val\u00f3di mv.-i gentlemean (Argus, 1995. febr.); M\u00e1th\u00e9 \u00c9va: H\u00edre-hamva sincs az egykori Sz\u00e9kely-R\u00e9ti b\u00fatorgy\u00e1rnak (V\u00e1s\u00e1rhelyi H\u00edrlap, 2008. jan. 3.); Marosi-Helikon; Marosi-KZST; Molter 1., 2., 3; Molter: Mv.; Molter K\u00e1roly: Sz. J.: [Nekrol\u00f3g] (Szabad Sz\u00f3, 1945. szept. 26.); Eltemett\u00e9k Sz. J.-t (Szabad Sz\u00f3, 1945. szept. 27.); \u00d6kr\u00f6s; Sebesty\u00e9n Mih\u00e1ly 2000; Sipos.<\/br><\/p>\n","protected":false},"excerpt":{"rendered":"<p>1896., \u2020 Mv., 1945. szept. 23.: b\u00fatorgy\u00e1ros, \u00edr\u00f3. \u2013 Sz. Ferenc \u00e9s Hermina fia. \u2013 Feles\u00e9ge: ka\u00e1li Nagy Irma, a Kult\u00farpalota K\u00f6nyvt\u00e1r\u00e1ban dolgozott (1958\u201360 k\u00f6r\u00fcl). \u2013 Folytatta apja elkezdett munk\u00e1j\u00e1t. A mv.-i gy\u00e1r, a Sz\u00e9kely \u00e9s R\u00e9ti erd\u00e9lyr\u00e9szi b\u00fatorgy\u00e1r R. T., csal\u00e1di v\u00e1llalkoz\u00e1s volt, dolgozott benne minden csal\u00e1dtag. J\u00f3zsef a kereskedelmet vezette, feles\u00e9ge a k\u00f6nyvel\u0151s\u00e9gen [&hellip;]<\/p>\n","protected":false},"featured_media":0,"comment_status":"open","ping_status":"closed","template":"","meta":[],"product_brand":[],"product_cat":[137],"product_tag":[],"class_list":{"0":"post-21799","1":"product","2":"type-product","3":"status-publish","5":"product_cat-maros-megyei-eletrajzi-lexikon","7":"first","8":"instock","9":"shipping-taxable","10":"product-type-simple"},"_links":{"self":[{"href":"https:\/\/uj.adatbank.ro\/lexikon\/wp-json\/wp\/v2\/product\/21799","targetHints":{"allow":["GET"]}}],"collection":[{"href":"https:\/\/uj.adatbank.ro\/lexikon\/wp-json\/wp\/v2\/product"}],"about":[{"href":"https:\/\/uj.adatbank.ro\/lexikon\/wp-json\/wp\/v2\/types\/product"}],"replies":[{"embeddable":true,"href":"https:\/\/uj.adatbank.ro\/lexikon\/wp-json\/wp\/v2\/comments?post=21799"}],"wp:attachment":[{"href":"https:\/\/uj.adatbank.ro\/lexikon\/wp-json\/wp\/v2\/media?parent=21799"}],"wp:term":[{"taxonomy":"product_brand","embeddable":true,"href":"https:\/\/uj.adatbank.ro\/lexikon\/wp-json\/wp\/v2\/product_brand?post=21799"},{"taxonomy":"product_cat","embeddable":true,"href":"https:\/\/uj.adatbank.ro\/lexikon\/wp-json\/wp\/v2\/product_cat?post=21799"},{"taxonomy":"product_tag","embeddable":true,"href":"https:\/\/uj.adatbank.ro\/lexikon\/wp-json\/wp\/v2\/product_tag?post=21799"}],"curies":[{"name":"wp","href":"https:\/\/api.w.org\/{rel}","templated":true}]}}

SZÉKELY József, §

<p>1896., † Mv., 1945. szept. 23.: bútorgyáros, író. – Sz. Ferenc és Hermina fia. – Felesége: kaáli Nagy Irma, a Kultúrpalota Könyvtárában dolgozott (1958–60 körül). – Folytatta apja elkezdett munkáját. A mv.-i gyár, a Székely és Réti erdélyrészi bútorgyár R. T., családi vállalkozás volt, dolgozott benne minden családtag. József a kereskedelmet vezette, felesége a könyvelőségen dolgozott. Mv.-en a gyár termékei iránti kereslet növekedésével, megindították a felső vasútállomás mellett a lemezgyárat és panelüzemet, 500 munkást alkalmazott. A munkások munkatársnak és nem munkaadónak tekintették. Működött kirendeltségük Buk.-ben is, bútorokat a Peles és Pelisor kastélyokba is szállítottak. A gyárat felgyújtották (1943). Művelt ember volt, több nyelven beszélt, pártolta a kultúrát, értékes könyvtárat létesített a maga számára, és munkáskönyvtárat is alapított. A MNSZ alapító tagja, a demokrácia eszméjének harcosa. A Mv.-re látogató írók és művészek gyakran nála vendégeskedtek. Móricz Zsigmond többször szállt meg nála (például 1941-ben), Illyés Gyula, Márai Sándor és Kosztolányi Dezső, Tamási Áron, Kacsó Sándor, Tompa László, Déry Tibor (is 1948-ban) vendégei voltak a mv.-i szerepléseik alkalmával. Antalffy Endre finom úriembernek nevezte, nagy volt az áldozatkészsége írta róla a legjobb barátja, Molter Károly. Közeli barátja Berde Mária. Cikkei és novellái a Zord Idő, Pásztortűz, Napkelet, Szabad Szó, Tükör hasábjain jelentek meg. <br /><strong>Irod.:</strong> családi inf.; Helikon 1924–1944; Hitel (1995. dec.); Máthé Éva: Volt egyszer egy valódi mv.-i gentlemean (Argus, 1995. febr.); Máthé Éva: Híre-hamva sincs az egykori Székely-Réti bútorgyárnak (Vásárhelyi Hírlap, 2008. jan. 3.); Marosi-Helikon; Marosi-KZST; Molter 1., 2., 3; Molter: Mv.; Molter Károly: Sz. J.: [Nekrológ] (Szabad Szó, 1945. szept. 26.); Eltemették Sz. J.-t (Szabad Szó, 1945. szept. 27.); Ökrös; Sebestyén Mihály 2000; Sipos.</br></p>

<p>1896., † Mv., 1945. szept. 23.: bútorgyáros, író. – Sz. Ferenc és Hermina fia. – Felesége: kaáli Nagy Irma, a Kultúrpalota Könyvtárában dolgozott (1958–60 körül). – Folytatta apja elkezdett munkáját. A mv.-i gyár, a Székely és Réti erdélyrészi bútorgyár R. T., családi vállalkozás volt, dolgozott benne minden családtag. József a kereskedelmet vezette, felesége a könyvelőségen [&hellip;]</p>
