{"id":21804,"date":"2025-07-22T19:38:08","date_gmt":"2025-07-22T17:38:08","guid":{"rendered":"https:\/\/uj.adatbank.ro\/lexikon\/termek\/szekely-lajos-3\/"},"modified":"2025-07-22T19:38:08","modified_gmt":"2025-07-22T17:38:08","slug":"szekely-lajos-3","status":"publish","type":"product","link":"https:\/\/uj.adatbank.ro\/lexikon\/termek\/szekely-lajos-3\/","title":{"rendered":"SZ\u00c9KELY Lajos"},"content":{"rendered":"<p>Maroskereszt\u00far, 1923. febr. 10., \u2020?: tan\u00e1r. \u2013 Mo.-on \u00e9lt, majd N\u00e9meto.-ba k\u00f6lt\u00f6z\u00f6tt. A Szentendrei Ny\u00e1r elind\u00edt\u00f3ja \u00e9s szervez\u0151je (1967\u2013). A Szoborkert, a B\u00e9lyeggy\u0171jt\u0151 T. Orsz. Konf. \u00e9s az \u00d6nk\u00e9ntes N\u00e9prajzi Gy\u0171jt\u00f6k I. Orsz. Konf. Szervez\u0151je, ind\u00edt\u00f3ja. <br \/><strong>Irod.:<\/strong> Szentendrei arck\u00e9pcsarnok I.<\/br><\/p>\n","protected":false},"excerpt":{"rendered":"<p>Maroskereszt\u00far, 1923. febr. 10., \u2020?: tan\u00e1r. \u2013 Mo.-on \u00e9lt, majd N\u00e9meto.-ba k\u00f6lt\u00f6z\u00f6tt. A Szentendrei Ny\u00e1r elind\u00edt\u00f3ja \u00e9s szervez\u0151je (1967\u2013). A Szoborkert, a B\u00e9lyeggy\u0171jt\u0151 T. Orsz. Konf. \u00e9s az \u00d6nk\u00e9ntes N\u00e9prajzi Gy\u0171jt\u00f6k I. Orsz. Konf. Szervez\u0151je, ind\u00edt\u00f3ja. Irod.: Szentendrei arck\u00e9pcsarnok I.<\/p>\n","protected":false},"featured_media":0,"comment_status":"open","ping_status":"closed","template":"","meta":[],"product_brand":[],"product_cat":[137],"product_tag":[],"class_list":{"0":"post-21804","1":"product","2":"type-product","3":"status-publish","5":"product_cat-maros-megyei-eletrajzi-lexikon","7":"first","8":"instock","9":"shipping-taxable","10":"product-type-simple"},"_links":{"self":[{"href":"https:\/\/uj.adatbank.ro\/lexikon\/wp-json\/wp\/v2\/product\/21804","targetHints":{"allow":["GET"]}}],"collection":[{"href":"https:\/\/uj.adatbank.ro\/lexikon\/wp-json\/wp\/v2\/product"}],"about":[{"href":"https:\/\/uj.adatbank.ro\/lexikon\/wp-json\/wp\/v2\/types\/product"}],"replies":[{"embeddable":true,"href":"https:\/\/uj.adatbank.ro\/lexikon\/wp-json\/wp\/v2\/comments?post=21804"}],"wp:attachment":[{"href":"https:\/\/uj.adatbank.ro\/lexikon\/wp-json\/wp\/v2\/media?parent=21804"}],"wp:term":[{"taxonomy":"product_brand","embeddable":true,"href":"https:\/\/uj.adatbank.ro\/lexikon\/wp-json\/wp\/v2\/product_brand?post=21804"},{"taxonomy":"product_cat","embeddable":true,"href":"https:\/\/uj.adatbank.ro\/lexikon\/wp-json\/wp\/v2\/product_cat?post=21804"},{"taxonomy":"product_tag","embeddable":true,"href":"https:\/\/uj.adatbank.ro\/lexikon\/wp-json\/wp\/v2\/product_tag?post=21804"}],"curies":[{"name":"wp","href":"https:\/\/api.w.org\/{rel}","templated":true}]}}

SZÉKELY Lajos

<p>Maroskeresztúr, 1923. febr. 10., †?: tanár. – Mo.-on élt, majd Németo.-ba költözött. A Szentendrei Nyár elindítója és szervezője (1967–). A Szoborkert, a Bélyeggyűjtő T. Orsz. Konf. és az Önkéntes Néprajzi Gyűjtök I. Orsz. Konf. Szervezője, indítója. <br /><strong>Irod.:</strong> Szentendrei arcképcsarnok I.</br></p>

<p>Maroskeresztúr, 1923. febr. 10., †?: tanár. – Mo.-on élt, majd Németo.-ba költözött. A Szentendrei Nyár elindítója és szervezője (1967–). A Szoborkert, a Bélyeggyűjtő T. Orsz. Konf. és az Önkéntes Néprajzi Gyűjtök I. Orsz. Konf. Szervezője, indítója. Irod.: Szentendrei arcképcsarnok I.</p>
