{"id":2181,"date":"2025-06-28T12:06:13","date_gmt":"2025-06-28T10:06:13","guid":{"rendered":"https:\/\/uj.adatbank.ro\/lexikon\/termek\/banffy-gyorgy-losonczi-gr-banffi-gyorgy\/"},"modified":"2025-06-28T12:06:13","modified_gmt":"2025-06-28T10:06:13","slug":"banffy-gyorgy-losonczi-gr-banffi-gyorgy","status":"publish","type":"product","link":"https:\/\/uj.adatbank.ro\/lexikon\/termek\/banffy-gyorgy-losonczi-gr-banffi-gyorgy\/","title":{"rendered":"B\u00c1NFFY Gy\u00f6rgy, losonczi gr., B\u00e1nffi Gy\u00f6rgy"},"content":{"rendered":"<p>1688., \u2020 Kv., 1735. szept. 26. temet\u00e9se. B\u00facs\u00faztatta: d\u00e1lnoki Veres Demeter (1735. szept. 26.), cs\u00e9ri Verest\u00f3i Gy\u00f6rgy, Rimaszombati S\u00e1muel, De\u00e1ki Filep J\u00f3zsef (1735. dec. 18.): kir. kamar\u00e1s, f\u0151isp\u00e1n, korm\u00e1nyz\u00f3. \u2013 B. D\u00e9nes (1630\u20131674) unok\u00e1ja, B. Gy\u00f6rgy gubern\u00e1tor (1661\u20131708) \u00e9s Bethlen Kl\u00e1ra (1667- Segesv\u00e1r, 1706. febr. 23.) fia. Testv\u00e9re: D\u00e9nes (\u2020 1709). Feles\u00e9ge: 1. Bethlen Kl\u00e1ra (\u2020 1706. j\u00fan. 27.). Fi\u00fak: B. Gergely (\u2020 1699. jan. 10.). 2. Toroczkay \u00c1gnes (\u2020 1733. m\u00e1j. 31. temet\u00e9se). Le\u00e1nyuk: \u00c1gnes. \u2013 Doboka vm. f\u0151isp\u00e1nja (1710\u2013). R\u00e9szt vett a Mv.-en tartott ogy.-en (1692. dec. 10\u201324). A mez\u0151\u00f6rm\u00e9nyesi kast\u00e9lyt \u00fajj\u00e1\u00e9p\u00edtette. A ref. egyh\u00e1z nagy p\u00e1rtfog\u00f3ja. Megv\u00e1s\u00e1rolta M. Kis Mikl\u00f3s bet\u0171hagyat\u00e9k\u00e1t (1724) a kv.-i ref. koll. r\u00e9sz\u00e9re. <br \/><strong>Irod.:<\/strong> Bicsok\u2013Orb\u00e1n; Erd\u00e9lyi f\u00e9niks; Halotti besz\u00e9dek; Id\u0151t\u00e1r 1; K\u00e9nosi\u2013Uzoni 2.; Keresztes 1995; Nagy Iv\u00e1n; Sz\u00fcntelen az Istennel j\u00e1r\u00f3 n\u00e9hai B. Gy. Keserves siralma (Kv., 1736); Tr\u00f3cs\u00e1nyi 1988; \u00daM\u00c9L<\/br><\/p>\n","protected":false},"excerpt":{"rendered":"<p>1688., \u2020 Kv., 1735. szept. 26. temet\u00e9se. B\u00facs\u00faztatta: d\u00e1lnoki Veres Demeter (1735. szept. 26.), cs\u00e9ri Verest\u00f3i Gy\u00f6rgy, Rimaszombati S\u00e1muel, De\u00e1ki Filep J\u00f3zsef (1735. dec. 18.): kir. kamar\u00e1s, f\u0151isp\u00e1n, korm\u00e1nyz\u00f3. \u2013 B. D\u00e9nes (1630\u20131674) unok\u00e1ja, B. Gy\u00f6rgy gubern\u00e1tor (1661\u20131708) \u00e9s Bethlen Kl\u00e1ra (1667- Segesv\u00e1r, 1706. febr. 23.) fia. Testv\u00e9re: D\u00e9nes (\u2020 1709). Feles\u00e9ge: 1. Bethlen Kl\u00e1ra [&hellip;]<\/p>\n","protected":false},"featured_media":0,"comment_status":"open","ping_status":"closed","template":"","meta":[],"product_brand":[],"product_cat":[137],"product_tag":[],"class_list":{"0":"post-2181","1":"product","2":"type-product","3":"status-publish","5":"product_cat-maros-megyei-eletrajzi-lexikon","7":"first","8":"instock","9":"shipping-taxable","10":"product-type-simple"},"_links":{"self":[{"href":"https:\/\/uj.adatbank.ro\/lexikon\/wp-json\/wp\/v2\/product\/2181","targetHints":{"allow":["GET"]}}],"collection":[{"href":"https:\/\/uj.adatbank.ro\/lexikon\/wp-json\/wp\/v2\/product"}],"about":[{"href":"https:\/\/uj.adatbank.ro\/lexikon\/wp-json\/wp\/v2\/types\/product"}],"replies":[{"embeddable":true,"href":"https:\/\/uj.adatbank.ro\/lexikon\/wp-json\/wp\/v2\/comments?post=2181"}],"wp:attachment":[{"href":"https:\/\/uj.adatbank.ro\/lexikon\/wp-json\/wp\/v2\/media?parent=2181"}],"wp:term":[{"taxonomy":"product_brand","embeddable":true,"href":"https:\/\/uj.adatbank.ro\/lexikon\/wp-json\/wp\/v2\/product_brand?post=2181"},{"taxonomy":"product_cat","embeddable":true,"href":"https:\/\/uj.adatbank.ro\/lexikon\/wp-json\/wp\/v2\/product_cat?post=2181"},{"taxonomy":"product_tag","embeddable":true,"href":"https:\/\/uj.adatbank.ro\/lexikon\/wp-json\/wp\/v2\/product_tag?post=2181"}],"curies":[{"name":"wp","href":"https:\/\/api.w.org\/{rel}","templated":true}]}}

BÁNFFY György, losonczi gr., Bánffi György

<p>1688., † Kv., 1735. szept. 26. temetése. Búcsúztatta: dálnoki Veres Demeter (1735. szept. 26.), cséri Verestói György, Rimaszombati Sámuel, Deáki Filep József (1735. dec. 18.): kir. kamarás, főispán, kormányzó. – B. Dénes (1630–1674) unokája, B. György gubernátor (1661–1708) és Bethlen Klára (1667- Segesvár, 1706. febr. 23.) fia. Testvére: Dénes († 1709). Felesége: 1. Bethlen Klára († 1706. jún. 27.). Fiúk: B. Gergely († 1699. jan. 10.). 2. Toroczkay Ágnes († 1733. máj. 31. temetése). Leányuk: Ágnes. – Doboka vm. főispánja (1710–). Részt vett a Mv.-en tartott ogy.-en (1692. dec. 10–24). A mezőörményesi kastélyt újjáépítette. A ref. egyház nagy pártfogója. Megvásárolta M. Kis Miklós betűhagyatékát (1724) a kv.-i ref. koll. részére. <br /><strong>Irod.:</strong> Bicsok–Orbán; Erdélyi féniks; Halotti beszédek; Időtár 1; Kénosi–Uzoni 2.; Keresztes 1995; Nagy Iván; Szüntelen az Istennel járó néhai B. Gy. Keserves siralma (Kv., 1736); Trócsányi 1988; ÚMÉL</br></p>

<p>1688., † Kv., 1735. szept. 26. temetése. Búcsúztatta: dálnoki Veres Demeter (1735. szept. 26.), cséri Verestói György, Rimaszombati Sámuel, Deáki Filep József (1735. dec. 18.): kir. kamarás, főispán, kormányzó. – B. Dénes (1630–1674) unokája, B. György gubernátor (1661–1708) és Bethlen Klára (1667- Segesvár, 1706. febr. 23.) fia. Testvére: Dénes († 1709). Felesége: 1. Bethlen Klára [&hellip;]</p>
