{"id":21810,"date":"2025-07-22T19:38:21","date_gmt":"2025-07-22T17:38:21","guid":{"rendered":"https:\/\/uj.adatbank.ro\/lexikon\/termek\/szekely-laszlo-4\/"},"modified":"2025-07-22T19:38:21","modified_gmt":"2025-07-22T17:38:21","slug":"szekely-laszlo-4","status":"publish","type":"product","link":"https:\/\/uj.adatbank.ro\/lexikon\/termek\/szekely-laszlo-4\/","title":{"rendered":"SZ\u00c9KELY L\u00e1szl\u00f3"},"content":{"rendered":"<p>Marosb\u00e9ld,\u00a01916. j\u00fan. 12., \u2020\u00a0Eger, 1997. dec.: tan\u00e1r. \u2013 Sz\u00fcl\u0151faluj\u00e1ban kezdte tanulm\u00e1nyait, majd Nagyenyeden a tan\u00edt\u00f3k\u00e9pz\u0151ben v\u00e9gzett (1936). A kv.-i Bolyai ill. a BBTE m. nyelv \u00e9s irodalom szak\u00e1n szerzett tan\u00e1ri oklevelet (1955\u201361). Tan\u00edt\u00f3 volt Vajdahunyadon, majd Atya-ban, \u00c9rmih\u00e1lyfalv\u00e1n. Zilahon tanfel\u00fcgyel\u0151 (1947\u201353), Zilahon az Ady Endre K\u00f6z\u00e9piskola igazgat\u00f3ja (1953\u201360), amikor is a l\u00e9tez\u0151 k\u00e9t k\u00f6z\u00e9piskol\u00e1t, a rom\u00e1n \u00e9s m. iskol\u00e1t, egyes\u00edtett\u00e9k \u00e9s Vasile F\u0103rca\u0219 lett az igazgat\u00f3. \u00c1thelyez\u00e9ssel ker\u00fclt Mv.-re, ahol tanfel\u00fcgyel\u0151 nyugd\u00edjaz\u00e1s\u00e1ig (1960\u201376). <br \/><strong>Irod.:<\/strong> L\u00e1szl\u00f3 L\u00e1szl\u00f3: A Reform\u00e1tus Koll\u00e9giumt\u00f3l a Silvania F\u0151gimn\u00e1ziumig (Zilah, 2014); [Nekrol\u00f3g] (N\u00fa., 1997. dec. 4.).<\/br><\/p>\n","protected":false},"excerpt":{"rendered":"<p>Marosb\u00e9ld,\u00a01916. j\u00fan. 12., \u2020\u00a0Eger, 1997. dec.: tan\u00e1r. \u2013 Sz\u00fcl\u0151faluj\u00e1ban kezdte tanulm\u00e1nyait, majd Nagyenyeden a tan\u00edt\u00f3k\u00e9pz\u0151ben v\u00e9gzett (1936). A kv.-i Bolyai ill. a BBTE m. nyelv \u00e9s irodalom szak\u00e1n szerzett tan\u00e1ri oklevelet (1955\u201361). Tan\u00edt\u00f3 volt Vajdahunyadon, majd Atya-ban, \u00c9rmih\u00e1lyfalv\u00e1n. Zilahon tanfel\u00fcgyel\u0151 (1947\u201353), Zilahon az Ady Endre K\u00f6z\u00e9piskola igazgat\u00f3ja (1953\u201360), amikor is a l\u00e9tez\u0151 k\u00e9t k\u00f6z\u00e9piskol\u00e1t, a [&hellip;]<\/p>\n","protected":false},"featured_media":0,"comment_status":"open","ping_status":"closed","template":"","meta":[],"product_brand":[],"product_cat":[137],"product_tag":[],"class_list":{"0":"post-21810","1":"product","2":"type-product","3":"status-publish","5":"product_cat-maros-megyei-eletrajzi-lexikon","7":"first","8":"instock","9":"shipping-taxable","10":"product-type-simple"},"_links":{"self":[{"href":"https:\/\/uj.adatbank.ro\/lexikon\/wp-json\/wp\/v2\/product\/21810","targetHints":{"allow":["GET"]}}],"collection":[{"href":"https:\/\/uj.adatbank.ro\/lexikon\/wp-json\/wp\/v2\/product"}],"about":[{"href":"https:\/\/uj.adatbank.ro\/lexikon\/wp-json\/wp\/v2\/types\/product"}],"replies":[{"embeddable":true,"href":"https:\/\/uj.adatbank.ro\/lexikon\/wp-json\/wp\/v2\/comments?post=21810"}],"wp:attachment":[{"href":"https:\/\/uj.adatbank.ro\/lexikon\/wp-json\/wp\/v2\/media?parent=21810"}],"wp:term":[{"taxonomy":"product_brand","embeddable":true,"href":"https:\/\/uj.adatbank.ro\/lexikon\/wp-json\/wp\/v2\/product_brand?post=21810"},{"taxonomy":"product_cat","embeddable":true,"href":"https:\/\/uj.adatbank.ro\/lexikon\/wp-json\/wp\/v2\/product_cat?post=21810"},{"taxonomy":"product_tag","embeddable":true,"href":"https:\/\/uj.adatbank.ro\/lexikon\/wp-json\/wp\/v2\/product_tag?post=21810"}],"curies":[{"name":"wp","href":"https:\/\/api.w.org\/{rel}","templated":true}]}}