{"id":21820,"date":"2025-07-22T19:38:52","date_gmt":"2025-07-22T17:38:52","guid":{"rendered":"https:\/\/uj.adatbank.ro\/lexikon\/termek\/szekely-marton-3\/"},"modified":"2025-07-22T19:38:52","modified_gmt":"2025-07-22T17:38:52","slug":"szekely-marton-3","status":"publish","type":"product","link":"https:\/\/uj.adatbank.ro\/lexikon\/termek\/szekely-marton-3\/","title":{"rendered":"SZ\u00c9KELY M\u00e1rton"},"content":{"rendered":"<p>Somosd,\u00a01768, \u2020\u00a0Mv., 1825. okt. 29.: ref. lelk\u00e9sz. \u2013 Tanult a mv.-i Ref. Koll.-ban, ahol contrascriba (sz\u00e1mvev\u0151) \u00e9s k\u00f6nyvt\u00e1ros is volt (1787\u2013), majd Marburgban folytatta tanulm\u00e1nyait (1796). A mv.-i Ref. Koll. k\u00f6nyvt\u00e1r\u00e1ban k\u00f6nyvt\u00e1ros (1794. okt. 16.\u20131796. m\u00e1j. 23). K\u00fcl\u00f6n\u00f6s term\u00e9szete miatt a di\u00e1ks\u00e1g nem kedvelte, amit az 1795 j\u00fan. 4.-\u00e9n kelt beadv\u00e1ny is bizonyit. S\u00e1romberk\u00e9n udvari k\u00e1pl\u00e1n (1786 \u20131799), mv.-i ref. lelk\u00e9sz ism\u00e9t (1799\u20131825). Irodalmi t\u00e9ren latin \u00e9s m. nyelv\u0171 k\u00e9zirata ismert mely 2 darabb\u00f3l \u00e1ll \u00e9s 5 pontban \u00edrja meg (1803. aug. 8.-\u00e1n) a mv.-i ref. v\u00e1rtemplom k\u00f6r\u00fcl v\u00e9gzett \u00e9p\u00edtkez\u00e9si \u00e9s \u00e1talak\u00edt\u00e1si munk\u00e1latokat. Memori\u00e1l\u00e9ja a ref. egyh\u00e1z lev\u00e9lt\u00e1r\u00e1ban van. Besz\u00e9det tartott a ref. koll. sz\u00e1zadfordul\u00f3i \u00fcnnep\u00e9n (1808). Ebben az id\u0151ben tett\u00e9k le a Gecse utcai Kistemplom alapk\u00f6v\u00e9t, amelynek \u00fcnnepi szertart\u00e1s\u00e1t tartotta (1815. j\u00fal. 31.). A v\u00e1rtemplom toronygombj\u00e1ban elhelyezett jegyzetei besz\u00e1molnak az 1820-as \u00e9v esem\u00e9nyeir\u0151l, az egyh\u00e1zi \u00e9s a v\u00e1rosi vezet\u0151kr\u0151l. A koll\u00e9gium 100.-ik \u00e9vfordul\u00f3j\u00e1n (1818. j\u00fan. 18.) \u00fcnnepi besz\u00e9det mondott (k\u00e9zirat\u00e1t \u0151rzi a Teleki T\u00e9ka). Aranka Gy\u00f6rgy els\u0151 \u00e9letrajz\u00edr\u00f3ja. Cikke jelent meg a Tudom. Gy\u0171jtem\u00e9ny-ben (Z\u00e1goni Aranka Gy\u00f6rgy \u00e9lete, 1818). Temet\u00e9si pr\u00e9dik\u00e1ci\u00f3t felette Agyag\u00e1si Mih\u00e1ly somosdi lelk\u00e9sz tartotta. \u2013 <strong>F. m.<\/strong>: <strong>K\u00e9ziratban:<\/strong> A mv.-i ref. koll\u00e9gium els\u0151 sz\u00e1zados \u00fcnnep\u00e9n 1818. j\u00fan. 28. a v\u00e1rtemplomban mondott pr\u00e9dik\u00e1ci\u00f3ja (a mv.-i Teleki K\u00f6nyvt\u00e1rban). <br \/><strong>Irod.:<\/strong> Aranka Gy\u00f6rgy; Cs\u00e1ky; Farcz\u00e1dy; Farcz\u00e1dy Elek: A mv.-i Bolyai tudom\u00e1nyos k\u00f6nyvt\u00e1r = Eml\u00e9kk. K.L. 80; Gy\u00e1szjelent\u0151; Id\u0151t\u00e1r 1; Kelemen Lajos 1982; Keszeg; Koncz; Kr\u00f3n. F\u00fcz. (1939. 4\/5); A mv.-i ref. egyh\u00e1z (1727\u2013) anyak\u00f6nyve [k\u00e9zirat]; Rugonfalvi Kiss; P\u00e1l-Antal 2009; Rugonfalvi Kiss; Somosd; Szab\u00f3\u2013Sz\u00f6gi; Sz\u00e9kelykakasd; Szinnyei; V\u00e1rtemplomi lelk\u00e9szek n\u00e9vsora, 1571\u20132000 (\u00daj Kezdet, 2. sz., 2000).<\/br><\/p>\n","protected":false},"excerpt":{"rendered":"<p>Somosd,\u00a01768, \u2020\u00a0Mv., 1825. okt. 29.: ref. lelk\u00e9sz. \u2013 Tanult a mv.-i Ref. Koll.-ban, ahol contrascriba (sz\u00e1mvev\u0151) \u00e9s k\u00f6nyvt\u00e1ros is volt (1787\u2013), majd Marburgban folytatta tanulm\u00e1nyait (1796). A mv.-i Ref. Koll. k\u00f6nyvt\u00e1r\u00e1ban k\u00f6nyvt\u00e1ros (1794. okt. 16.\u20131796. m\u00e1j. 23). K\u00fcl\u00f6n\u00f6s term\u00e9szete miatt a di\u00e1ks\u00e1g nem kedvelte, amit az 1795 j\u00fan. 4.-\u00e9n kelt beadv\u00e1ny is bizonyit. S\u00e1romberk\u00e9n udvari [&hellip;]<\/p>\n","protected":false},"featured_media":0,"comment_status":"open","ping_status":"closed","template":"","meta":[],"product_brand":[],"product_cat":[137],"product_tag":[],"class_list":{"0":"post-21820","1":"product","2":"type-product","3":"status-publish","5":"product_cat-maros-megyei-eletrajzi-lexikon","7":"first","8":"instock","9":"shipping-taxable","10":"product-type-simple"},"_links":{"self":[{"href":"https:\/\/uj.adatbank.ro\/lexikon\/wp-json\/wp\/v2\/product\/21820","targetHints":{"allow":["GET"]}}],"collection":[{"href":"https:\/\/uj.adatbank.ro\/lexikon\/wp-json\/wp\/v2\/product"}],"about":[{"href":"https:\/\/uj.adatbank.ro\/lexikon\/wp-json\/wp\/v2\/types\/product"}],"replies":[{"embeddable":true,"href":"https:\/\/uj.adatbank.ro\/lexikon\/wp-json\/wp\/v2\/comments?post=21820"}],"wp:attachment":[{"href":"https:\/\/uj.adatbank.ro\/lexikon\/wp-json\/wp\/v2\/media?parent=21820"}],"wp:term":[{"taxonomy":"product_brand","embeddable":true,"href":"https:\/\/uj.adatbank.ro\/lexikon\/wp-json\/wp\/v2\/product_brand?post=21820"},{"taxonomy":"product_cat","embeddable":true,"href":"https:\/\/uj.adatbank.ro\/lexikon\/wp-json\/wp\/v2\/product_cat?post=21820"},{"taxonomy":"product_tag","embeddable":true,"href":"https:\/\/uj.adatbank.ro\/lexikon\/wp-json\/wp\/v2\/product_tag?post=21820"}],"curies":[{"name":"wp","href":"https:\/\/api.w.org\/{rel}","templated":true}]}}