{"id":21825,"date":"2025-07-22T19:39:02","date_gmt":"2025-07-22T17:39:02","guid":{"rendered":"https:\/\/uj.adatbank.ro\/lexikon\/termek\/szekely-mihaly-3\/"},"modified":"2025-07-22T19:39:02","modified_gmt":"2025-07-22T17:39:02","slug":"szekely-mihaly-3","status":"publish","type":"product","link":"https:\/\/uj.adatbank.ro\/lexikon\/termek\/szekely-mihaly-3\/","title":{"rendered":"SZ\u00c9KELY Mih\u00e1ly"},"content":{"rendered":"<p>? \u2020?: a marossz\u00e9ki darabontok \/ gyalogosok hadnagya, v\u00e1rosi nemes. \u2013 Mih\u00e1ly vajda megparancsolta, hogy a sz\u00e9kelyv\u00e1s\u00e1rhelyi nemeseket \u00e9s polg\u00e1rokat oltalm\u00e1ba vegye (1599); B\u00e1sta Gy\u00f6rgy elrendelte az \u0151 panasz\u00e1ra, hogy a Marossz\u00e9ki darabont hadnagyok, tizedesek \u00e9s az \u00f6sszes gyalogs\u00e1g kiv\u00e1lts\u00e1gait mindenki tiszteletbe tartsa (1602. aug. 30.). Felesk\u00fcd\u00f6tt a kir\u00e1ly h\u0171s\u00e9g\u00e9re B\u00e1sta idej\u00e9ben (1603). <br \/><strong>Irod.:<\/strong> Basta; Id\u0151t\u00e1r 1; P\u00e1l Antal 2009; SzOkl, 4, 1998.<\/br><\/p>\n","protected":false},"excerpt":{"rendered":"<p>? \u2020?: a marossz\u00e9ki darabontok \/ gyalogosok hadnagya, v\u00e1rosi nemes. \u2013 Mih\u00e1ly vajda megparancsolta, hogy a sz\u00e9kelyv\u00e1s\u00e1rhelyi nemeseket \u00e9s polg\u00e1rokat oltalm\u00e1ba vegye (1599); B\u00e1sta Gy\u00f6rgy elrendelte az \u0151 panasz\u00e1ra, hogy a Marossz\u00e9ki darabont hadnagyok, tizedesek \u00e9s az \u00f6sszes gyalogs\u00e1g kiv\u00e1lts\u00e1gait mindenki tiszteletbe tartsa (1602. aug. 30.). Felesk\u00fcd\u00f6tt a kir\u00e1ly h\u0171s\u00e9g\u00e9re B\u00e1sta idej\u00e9ben (1603). Irod.: Basta; [&hellip;]<\/p>\n","protected":false},"featured_media":0,"comment_status":"open","ping_status":"closed","template":"","meta":[],"product_brand":[],"product_cat":[137],"product_tag":[],"class_list":{"0":"post-21825","1":"product","2":"type-product","3":"status-publish","5":"product_cat-maros-megyei-eletrajzi-lexikon","7":"first","8":"instock","9":"shipping-taxable","10":"product-type-simple"},"_links":{"self":[{"href":"https:\/\/uj.adatbank.ro\/lexikon\/wp-json\/wp\/v2\/product\/21825","targetHints":{"allow":["GET"]}}],"collection":[{"href":"https:\/\/uj.adatbank.ro\/lexikon\/wp-json\/wp\/v2\/product"}],"about":[{"href":"https:\/\/uj.adatbank.ro\/lexikon\/wp-json\/wp\/v2\/types\/product"}],"replies":[{"embeddable":true,"href":"https:\/\/uj.adatbank.ro\/lexikon\/wp-json\/wp\/v2\/comments?post=21825"}],"wp:attachment":[{"href":"https:\/\/uj.adatbank.ro\/lexikon\/wp-json\/wp\/v2\/media?parent=21825"}],"wp:term":[{"taxonomy":"product_brand","embeddable":true,"href":"https:\/\/uj.adatbank.ro\/lexikon\/wp-json\/wp\/v2\/product_brand?post=21825"},{"taxonomy":"product_cat","embeddable":true,"href":"https:\/\/uj.adatbank.ro\/lexikon\/wp-json\/wp\/v2\/product_cat?post=21825"},{"taxonomy":"product_tag","embeddable":true,"href":"https:\/\/uj.adatbank.ro\/lexikon\/wp-json\/wp\/v2\/product_tag?post=21825"}],"curies":[{"name":"wp","href":"https:\/\/api.w.org\/{rel}","templated":true}]}}