{"id":21835,"date":"2025-07-22T19:39:23","date_gmt":"2025-07-22T17:39:23","guid":{"rendered":"https:\/\/uj.adatbank.ro\/lexikon\/termek\/szekely-miklos-%c2%a7\/"},"modified":"2025-07-22T19:39:23","modified_gmt":"2025-07-22T17:39:23","slug":"szekely-miklos-%c2%a7","status":"publish","type":"product","link":"https:\/\/uj.adatbank.ro\/lexikon\/termek\/szekely-miklos-%c2%a7\/","title":{"rendered":"SZ\u00c9KELY Mikl\u00f3s, \u00a7"},"content":{"rendered":"<p>Mv., 1965. j\u00fan. 7., \u2020\u00a0Mv., 2010. jan. 14.: fest\u0151m\u0171v\u00e9sz. \u2013 Mv.-en tanult, a M\u0171v\u00e9szeti. L\u00edc.-ban \u00e9retts\u00e9gizett, grafika szakon (1983). Tan\u00e1rai voltak: Moln\u00e1r D\u00e9nes, Major Gizella, Kis Levente, Datu Victor \u00e9s Bordi G\u00e9za. Kv.-on v\u00e9gezett a K\u00e9pz\u0151m\u0171v. Egyetem fest\u00e9szeti szak\u00e1n (1994). Tan\u00e1rai: Theodor Botis, Ciato Viktor, Gheorghe Arion. Betegs\u00e9ge szak\u00edtotta meg \u00edg\u00e9retes indul\u00e1s\u00e1t, jobb oldala leb\u00e9nult, bal k\u00e9zzel festett. Tagja a k\u00e9pz\u0151m\u0171v\u00e9szeti sz\u00f6vets\u00e9g mv.-i fi\u00f3kj\u00e1nak (2003\u2013). \u2013 F. ki\u00e1ll. egy\u00e9ni: Egyetemi K\u00f6nyvt\u00e1r, Prescan Claudi\u00e1val (Kv., 1990); Unico K\u00e1v\u00e9h\u00e1z (Kv., 1994); Unit. Egyh\u00e1z tan\u00e1csterme (Mv., 2001, 2003); Bolyai \u2013Gauss k\u00f6nyvesbolt (Mv., 2001); Deus Probidebit (Mv., 2002); Bern\u00e1dy H\u00e1z (Mv., 2004); Bolyai \u2013Gauss Kommunik\u00e1ci\u00f3s-Inform\u00e1ci\u00f3s K\u00f6zpont (Mv., 2005), Pro Art Gal\u00e9ria (Gyergy\u00f3szentmikl\u00f3s, 2005); Megyeh\u00e1za Gal\u00e9ria (Cs\u00edkszereda, 2006); <strong>csoportos:<\/strong> Fest\u00e9szeti szalon (Kv., 1990\u201398); UAP terem XII.C k\u00f6z\u00f6s ki\u00e1ll. Er\u0151ss Istv\u00e1nnal, Kolozsi Tiborral, S\u00e1ndor J\u00e1nossal, Balogh Csab\u00e1val \u00e9s Peth\u0151 Barn\u00e1val (Kv., 1998); Fest\u00e9szeti szalon (Mv., 2003\u20132005); Homor\u00f3dszentm\u00e1rtoni M\u0171v\u00e9sztelep ki\u00e1ll. (Sz\u00e9kelyudvarhelyi M\u00fazeum, 2004 \u00e9s Bp., MAM\u00da pincegal\u00e9ria, 2005); Kapcsok M\u0171v\u00e9sztelep ki\u00e1ll. (Gyergy\u00f3sz\u00e1rhegy L\u00e1z\u00e1r Kast\u00e9ly, 2005); XII.C k\u00f6z\u00f6s ki\u00e1ll. Er\u0151ss Istv\u00e1nnal, Kolozsi Tiborral, S\u00e1ndor J\u00e1nossal, Balogh Csab\u00e1val \u00e9s Peth\u0151 Barn\u00e1val (Mv., 2005); M. \u00cdr\u00f3sz\u00f6vets\u00e9g Sz\u00e9kh\u00e1za (Bp., 2007). \u2013 <strong>F. m.<\/strong>: t\u00e1rssz: Nagy-Gy\u00f6rgy Ferenc (Mv., 2001); Rejtett gy\u00f6ngyszemek: Mozg\u00e1ss\u00e9r\u00fcltek alkot\u00e1sai (Mv., 2005). <br \/><strong>Irod.:<\/strong> 100 \u00e9v; [Nekrol\u00f3g] (N\u00fa., 2010. jan.15.); Nagy Mikl\u00f3s Kund: B\u00facs\u00fa Sz. M. fest\u0151m\u0171v\u00e9szt\u0151l (N\u00fa., M\u00fazsa, 2010. jan. 16.); Sz. M. [katal\u00f3gus] (Tg.M., 2005), Sz. M. 1965\u20132010 \/ Er\u0151ss Istv\u00e1n, Sz\u00e9kely Mikl\u00f3s, V\u00e9csi Nagy Zolt\u00e1n m., rom\u00e1n, angol nyelv\u0171 sz\u00f6veg (Kork\u00e9P K\u00f6nyvek, 2014); Todea 2013.<\/br><\/p>\n","protected":false},"excerpt":{"rendered":"<p>Mv., 1965. j\u00fan. 7., \u2020\u00a0Mv., 2010. jan. 14.: fest\u0151m\u0171v\u00e9sz. \u2013 Mv.-en tanult, a M\u0171v\u00e9szeti. L\u00edc.-ban \u00e9retts\u00e9gizett, grafika szakon (1983). Tan\u00e1rai voltak: Moln\u00e1r D\u00e9nes, Major Gizella, Kis Levente, Datu Victor \u00e9s Bordi G\u00e9za. Kv.-on v\u00e9gezett a K\u00e9pz\u0151m\u0171v. Egyetem fest\u00e9szeti szak\u00e1n (1994). Tan\u00e1rai: Theodor Botis, Ciato Viktor, Gheorghe Arion. Betegs\u00e9ge szak\u00edtotta meg \u00edg\u00e9retes indul\u00e1s\u00e1t, jobb oldala leb\u00e9nult, [&hellip;]<\/p>\n","protected":false},"featured_media":0,"comment_status":"open","ping_status":"closed","template":"","meta":[],"product_brand":[],"product_cat":[137],"product_tag":[],"class_list":{"0":"post-21835","1":"product","2":"type-product","3":"status-publish","5":"product_cat-maros-megyei-eletrajzi-lexikon","7":"first","8":"instock","9":"shipping-taxable","10":"product-type-simple"},"_links":{"self":[{"href":"https:\/\/uj.adatbank.ro\/lexikon\/wp-json\/wp\/v2\/product\/21835","targetHints":{"allow":["GET"]}}],"collection":[{"href":"https:\/\/uj.adatbank.ro\/lexikon\/wp-json\/wp\/v2\/product"}],"about":[{"href":"https:\/\/uj.adatbank.ro\/lexikon\/wp-json\/wp\/v2\/types\/product"}],"replies":[{"embeddable":true,"href":"https:\/\/uj.adatbank.ro\/lexikon\/wp-json\/wp\/v2\/comments?post=21835"}],"wp:attachment":[{"href":"https:\/\/uj.adatbank.ro\/lexikon\/wp-json\/wp\/v2\/media?parent=21835"}],"wp:term":[{"taxonomy":"product_brand","embeddable":true,"href":"https:\/\/uj.adatbank.ro\/lexikon\/wp-json\/wp\/v2\/product_brand?post=21835"},{"taxonomy":"product_cat","embeddable":true,"href":"https:\/\/uj.adatbank.ro\/lexikon\/wp-json\/wp\/v2\/product_cat?post=21835"},{"taxonomy":"product_tag","embeddable":true,"href":"https:\/\/uj.adatbank.ro\/lexikon\/wp-json\/wp\/v2\/product_tag?post=21835"}],"curies":[{"name":"wp","href":"https:\/\/api.w.org\/{rel}","templated":true}]}}