{"id":2184,"date":"2025-06-28T12:06:17","date_gmt":"2025-06-28T10:06:17","guid":{"rendered":"https:\/\/uj.adatbank.ro\/lexikon\/termek\/banffy-istvan-losonczi-br-2\/"},"modified":"2025-06-28T12:06:17","modified_gmt":"2025-06-28T10:06:17","slug":"banffy-istvan-losonczi-br-2","status":"publish","type":"product","link":"https:\/\/uj.adatbank.ro\/lexikon\/termek\/banffy-istvan-losonczi-br-2\/","title":{"rendered":"B\u00c1NFFY Istv\u00e1n, losonczi br."},"content":{"rendered":"<p>Marosgezse, 1898. dec. 28., \u2020 Debrecen, 1944. okt. 10.: hadnagy. \u2013 B. Zolt\u00e1n \u00e9s \u00e1br\u00e1nfalvi Ugron R\u00f3za fia. Testv\u00e9rei: J\u00e1nos \u00e9s L\u00e1szl\u00f3. Feles\u00e9ge: zabolai gr. Mikes Emma (Kv., 1899. m\u00e1j. 3. \u2013 Mez\u0151z\u00e1h, 1929. aug. 1.), M. Zsigmond \u00e9s gr. B\u00e9ldi Zs\u00f3fia l\u00e1nya. Gyermekeik: M\u00e1ria (Kv., 1926. j\u00fal. 20\u2013), Istv\u00e1n (Kv., 1928. okt. 31. \u20132005. jan. 7.), adopt\u00e1ci\u00f3 r\u00e9v\u00e9n a pannonhalmi Ugron-B\u00e1nffy benc\u00e9s szerzetes testv\u00e9re. \u2013 Ugron Istv\u00e1n nagyb\u00e1tyj\u00e1t\u00f3l egy lakr\u00e9szt kapott a z\u00e1hi kast\u00e9lyban (1925). R\u00e9szt vett az I. vh.-ban (1917. j\u00fan. 20. \u2013), hadnagy. <br \/><strong>Irod.:<\/strong> Bicsok\u2013Orb\u00e1n; Der\u00e9k m. embernek \u00e9s kereszt\u00e9nynek maradni \/ Ol\u00e1h-G\u00e1l Elvira besz\u00e9lget\u00e9se Ugron Istv\u00e1nn\u00e9 b\u00e1r\u00f3 B\u00e1nffy M\u00e1ri\u00e1val (Sz\u00e9kelyf\u00f6ld, 1. sz., 2012); Dragomir, Silviu: La Transylvanie roumaine et ses minorit\u00e9s ethniques (Buc., 1934); Gudenus; Keresztes; Kornis; Koszta; Nagy Mikl\u00f3s Kk\u00e9k pajzsban arany griff: Besz\u00e9lget\u00e9s B\u00e1nffy Istv\u00e1n b\u00e1r\u00f3val = Nagy Mikl\u00f3s K.: M\u00edg a magn\u00f3; Lev\u00e9lt\u00e1ri gy\u00e1szj.<\/br><\/p>\n","protected":false},"excerpt":{"rendered":"<p>Marosgezse, 1898. dec. 28., \u2020 Debrecen, 1944. okt. 10.: hadnagy. \u2013 B. Zolt\u00e1n \u00e9s \u00e1br\u00e1nfalvi Ugron R\u00f3za fia. Testv\u00e9rei: J\u00e1nos \u00e9s L\u00e1szl\u00f3. Feles\u00e9ge: zabolai gr. Mikes Emma (Kv., 1899. m\u00e1j. 3. \u2013 Mez\u0151z\u00e1h, 1929. aug. 1.), M. Zsigmond \u00e9s gr. B\u00e9ldi Zs\u00f3fia l\u00e1nya. Gyermekeik: M\u00e1ria (Kv., 1926. j\u00fal. 20\u2013), Istv\u00e1n (Kv., 1928. okt. 31. \u20132005. [&hellip;]<\/p>\n","protected":false},"featured_media":0,"comment_status":"open","ping_status":"closed","template":"","meta":[],"product_brand":[],"product_cat":[137],"product_tag":[],"class_list":{"0":"post-2184","1":"product","2":"type-product","3":"status-publish","5":"product_cat-maros-megyei-eletrajzi-lexikon","7":"first","8":"instock","9":"shipping-taxable","10":"product-type-simple"},"_links":{"self":[{"href":"https:\/\/uj.adatbank.ro\/lexikon\/wp-json\/wp\/v2\/product\/2184","targetHints":{"allow":["GET"]}}],"collection":[{"href":"https:\/\/uj.adatbank.ro\/lexikon\/wp-json\/wp\/v2\/product"}],"about":[{"href":"https:\/\/uj.adatbank.ro\/lexikon\/wp-json\/wp\/v2\/types\/product"}],"replies":[{"embeddable":true,"href":"https:\/\/uj.adatbank.ro\/lexikon\/wp-json\/wp\/v2\/comments?post=2184"}],"wp:attachment":[{"href":"https:\/\/uj.adatbank.ro\/lexikon\/wp-json\/wp\/v2\/media?parent=2184"}],"wp:term":[{"taxonomy":"product_brand","embeddable":true,"href":"https:\/\/uj.adatbank.ro\/lexikon\/wp-json\/wp\/v2\/product_brand?post=2184"},{"taxonomy":"product_cat","embeddable":true,"href":"https:\/\/uj.adatbank.ro\/lexikon\/wp-json\/wp\/v2\/product_cat?post=2184"},{"taxonomy":"product_tag","embeddable":true,"href":"https:\/\/uj.adatbank.ro\/lexikon\/wp-json\/wp\/v2\/product_tag?post=2184"}],"curies":[{"name":"wp","href":"https:\/\/api.w.org\/{rel}","templated":true}]}}

BÁNFFY István, losonczi br.

<p>Marosgezse, 1898. dec. 28., † Debrecen, 1944. okt. 10.: hadnagy. – B. Zoltán és ábránfalvi Ugron Róza fia. Testvérei: János és László. Felesége: zabolai gr. Mikes Emma (Kv., 1899. máj. 3. – Mezőzáh, 1929. aug. 1.), M. Zsigmond és gr. Béldi Zsófia lánya. Gyermekeik: Mária (Kv., 1926. júl. 20–), István (Kv., 1928. okt. 31. –2005. jan. 7.), adoptáció révén a pannonhalmi Ugron-Bánffy bencés szerzetes testvére. – Ugron István nagybátyjától egy lakrészt kapott a záhi kastélyban (1925). Részt vett az I. vh.-ban (1917. jún. 20. –), hadnagy. <br /><strong>Irod.:</strong> Bicsok–Orbán; Derék m. embernek és kereszténynek maradni / Oláh-Gál Elvira beszélgetése Ugron Istvánné báró Bánffy Máriával (Székelyföld, 1. sz., 2012); Dragomir, Silviu: La Transylvanie roumaine et ses minorités ethniques (Buc., 1934); Gudenus; Keresztes; Kornis; Koszta; Nagy Miklós Kkék pajzsban arany griff: Beszélgetés Bánffy István báróval = Nagy Miklós K.: Míg a magnó; Levéltári gyászj.</br></p>

<p>Marosgezse, 1898. dec. 28., † Debrecen, 1944. okt. 10.: hadnagy. – B. Zoltán és ábránfalvi Ugron Róza fia. Testvérei: János és László. Felesége: zabolai gr. Mikes Emma (Kv., 1899. máj. 3. – Mezőzáh, 1929. aug. 1.), M. Zsigmond és gr. Béldi Zsófia lánya. Gyermekeik: Mária (Kv., 1926. júl. 20–), István (Kv., 1928. okt. 31. –2005. [&hellip;]</p>
