{"id":21847,"date":"2025-07-22T19:39:48","date_gmt":"2025-07-22T17:39:48","guid":{"rendered":"https:\/\/uj.adatbank.ro\/lexikon\/termek\/szekely-rene-gulyas-menyhertne\/"},"modified":"2025-07-22T19:39:48","modified_gmt":"2025-07-22T17:39:48","slug":"szekely-rene-gulyas-menyhertne","status":"publish","type":"product","link":"https:\/\/uj.adatbank.ro\/lexikon\/termek\/szekely-rene-gulyas-menyhertne\/","title":{"rendered":"SZ\u00c9KELY Ren\u00e9; Guly\u00e1s Menyh\u00e9rtn\u00e9"},"content":{"rendered":"<p>Mv., 1875. jan. 5., \u2020 Bp., 1939. aug. 5.: sz\u00edn\u00e9szn\u0151. \u2013 \u00c9nekesn\u0151k\u00e9nt kezdte p\u00e1ly\u00e1j\u00e1t Zomborban (1899), majd komikak\u00e9nt szerepelt. T\u00f6bb mint h\u00e1rom \u00e9s f\u00e9l \u00e9vtizedig volt sz\u00ednpadon. Baghy Gyula (1900\u2013), Micskey F. Gy\u00f6rgy (1903\u201304), P. Polg\u00e1r B\u00e9la (1904\u2013), Mezei K\u00e1lm\u00e1n (1906\u2013), Szab\u00f3 Ferenc (1910\u2013), Fodor Oszk\u00e1r (1917) t\u00e1rsulat\u00e1n\u00e1l m\u0171k\u00f6d\u00f6tt. F\u00e9rjhez ment Guly\u00e1s Menyh\u00e9rthez (1906), aki az I. vh. ut\u00e1n saj\u00e1t t\u00e1rsulatot alak\u00edtott, ott j\u00e1tszott \u00e9vtizedekig. \u2013 F-sz.: De Rouvresn\u00e9, fiatal \u00f6zvegy (Zilahy Lajos: Boh\u00e9m\u00e9let); Vaszilisza (Gorkij: \u00c9jjeli mened\u00e9khely); Mim\u00f3za (Lajtai Lajos: A r\u00e9gi ny\u00e1r); \u00d6zvegy gr\u00f3f Salg\u00f3 Mikl\u00f3sn\u00e9 (Pr\u00e9m J\u00f3zsef: Adorj\u00e1n b\u00e1r\u00f3); Donna Conception (Echegaray: Folt, amely tisztit); T\u00f3thn\u00e9 (Miksz\u00e1th-Hars\u00e1nyi: A Noszty fi\u00fa esete T\u00f3th Marival); Postamestern\u00e9 (Zilahy Lajos: S\u00fct a nap); Hunyadin\u00e9 (Zerkovitz B\u00e9la: Cs\u00f3kos asszony). <br \/><strong>Irod.:<\/strong> Enyedi; Sch\u00f6pflin.<\/br><\/p>\n","protected":false},"excerpt":{"rendered":"<p>Mv., 1875. jan. 5., \u2020 Bp., 1939. aug. 5.: sz\u00edn\u00e9szn\u0151. \u2013 \u00c9nekesn\u0151k\u00e9nt kezdte p\u00e1ly\u00e1j\u00e1t Zomborban (1899), majd komikak\u00e9nt szerepelt. T\u00f6bb mint h\u00e1rom \u00e9s f\u00e9l \u00e9vtizedig volt sz\u00ednpadon. Baghy Gyula (1900\u2013), Micskey F. Gy\u00f6rgy (1903\u201304), P. Polg\u00e1r B\u00e9la (1904\u2013), Mezei K\u00e1lm\u00e1n (1906\u2013), Szab\u00f3 Ferenc (1910\u2013), Fodor Oszk\u00e1r (1917) t\u00e1rsulat\u00e1n\u00e1l m\u0171k\u00f6d\u00f6tt. F\u00e9rjhez ment Guly\u00e1s Menyh\u00e9rthez (1906), aki [&hellip;]<\/p>\n","protected":false},"featured_media":0,"comment_status":"open","ping_status":"closed","template":"","meta":[],"product_brand":[],"product_cat":[137],"product_tag":[],"class_list":{"0":"post-21847","1":"product","2":"type-product","3":"status-publish","5":"product_cat-maros-megyei-eletrajzi-lexikon","7":"first","8":"instock","9":"shipping-taxable","10":"product-type-simple"},"_links":{"self":[{"href":"https:\/\/uj.adatbank.ro\/lexikon\/wp-json\/wp\/v2\/product\/21847","targetHints":{"allow":["GET"]}}],"collection":[{"href":"https:\/\/uj.adatbank.ro\/lexikon\/wp-json\/wp\/v2\/product"}],"about":[{"href":"https:\/\/uj.adatbank.ro\/lexikon\/wp-json\/wp\/v2\/types\/product"}],"replies":[{"embeddable":true,"href":"https:\/\/uj.adatbank.ro\/lexikon\/wp-json\/wp\/v2\/comments?post=21847"}],"wp:attachment":[{"href":"https:\/\/uj.adatbank.ro\/lexikon\/wp-json\/wp\/v2\/media?parent=21847"}],"wp:term":[{"taxonomy":"product_brand","embeddable":true,"href":"https:\/\/uj.adatbank.ro\/lexikon\/wp-json\/wp\/v2\/product_brand?post=21847"},{"taxonomy":"product_cat","embeddable":true,"href":"https:\/\/uj.adatbank.ro\/lexikon\/wp-json\/wp\/v2\/product_cat?post=21847"},{"taxonomy":"product_tag","embeddable":true,"href":"https:\/\/uj.adatbank.ro\/lexikon\/wp-json\/wp\/v2\/product_tag?post=21847"}],"curies":[{"name":"wp","href":"https:\/\/api.w.org\/{rel}","templated":true}]}}