{"id":21849,"date":"2025-07-22T19:39:54","date_gmt":"2025-07-22T17:39:54","guid":{"rendered":"https:\/\/uj.adatbank.ro\/lexikon\/termek\/szekely-sandor\/"},"modified":"2025-07-22T19:39:54","modified_gmt":"2025-07-22T17:39:54","slug":"szekely-sandor","status":"publish","type":"product","link":"https:\/\/uj.adatbank.ro\/lexikon\/termek\/szekely-sandor\/","title":{"rendered":"SZ\u00c9KELY S\u00e1ndor"},"content":{"rendered":"<p>Maross\u00e1rpatak, 1898., \u2020??: gazd\u00e1lkod\u00f3. \u2013 \u00d6n\u00e1ll\u00f3 gazda sz\u00fcl\u0151faluj\u00e1ban (1925\u2013). Az els\u0151 vh.-ban a 62. gy. e.-ben az olasz fronton esett fogs\u00e1gba, ahol 32 h\u00f3napot t\u00f6lt\u00f6tt, mint tizedes, a bronz v. \u00e9. \u00e9s a K\u00e1roly Csapatkereszt kit\u00fcntet\u00e9st kapta. A Hangya igazgat\u00f3ja 12 \u00e9vig, majd p\u00e9nzt\u00e1rosa, a presbit\u00e9rium tagja 13 \u00e9vig gondnoka volt. <br \/><strong>Irod.:<\/strong> Sz\u00e9kelyf\u00f6ld \u00ed. k.<\/br><\/p>\n","protected":false},"excerpt":{"rendered":"<p>Maross\u00e1rpatak, 1898., \u2020??: gazd\u00e1lkod\u00f3. \u2013 \u00d6n\u00e1ll\u00f3 gazda sz\u00fcl\u0151faluj\u00e1ban (1925\u2013). Az els\u0151 vh.-ban a 62. gy. e.-ben az olasz fronton esett fogs\u00e1gba, ahol 32 h\u00f3napot t\u00f6lt\u00f6tt, mint tizedes, a bronz v. \u00e9. \u00e9s a K\u00e1roly Csapatkereszt kit\u00fcntet\u00e9st kapta. A Hangya igazgat\u00f3ja 12 \u00e9vig, majd p\u00e9nzt\u00e1rosa, a presbit\u00e9rium tagja 13 \u00e9vig gondnoka volt. Irod.: Sz\u00e9kelyf\u00f6ld \u00ed. k.<\/p>\n","protected":false},"featured_media":0,"comment_status":"open","ping_status":"closed","template":"","meta":[],"product_brand":[],"product_cat":[137],"product_tag":[],"class_list":{"0":"post-21849","1":"product","2":"type-product","3":"status-publish","5":"product_cat-maros-megyei-eletrajzi-lexikon","7":"first","8":"instock","9":"shipping-taxable","10":"product-type-simple"},"_links":{"self":[{"href":"https:\/\/uj.adatbank.ro\/lexikon\/wp-json\/wp\/v2\/product\/21849","targetHints":{"allow":["GET"]}}],"collection":[{"href":"https:\/\/uj.adatbank.ro\/lexikon\/wp-json\/wp\/v2\/product"}],"about":[{"href":"https:\/\/uj.adatbank.ro\/lexikon\/wp-json\/wp\/v2\/types\/product"}],"replies":[{"embeddable":true,"href":"https:\/\/uj.adatbank.ro\/lexikon\/wp-json\/wp\/v2\/comments?post=21849"}],"wp:attachment":[{"href":"https:\/\/uj.adatbank.ro\/lexikon\/wp-json\/wp\/v2\/media?parent=21849"}],"wp:term":[{"taxonomy":"product_brand","embeddable":true,"href":"https:\/\/uj.adatbank.ro\/lexikon\/wp-json\/wp\/v2\/product_brand?post=21849"},{"taxonomy":"product_cat","embeddable":true,"href":"https:\/\/uj.adatbank.ro\/lexikon\/wp-json\/wp\/v2\/product_cat?post=21849"},{"taxonomy":"product_tag","embeddable":true,"href":"https:\/\/uj.adatbank.ro\/lexikon\/wp-json\/wp\/v2\/product_tag?post=21849"}],"curies":[{"name":"wp","href":"https:\/\/api.w.org\/{rel}","templated":true}]}}