{"id":21851,"date":"2025-07-22T19:39:58","date_gmt":"2025-07-22T17:39:58","guid":{"rendered":"https:\/\/uj.adatbank.ro\/lexikon\/termek\/szekely-sandor-aranyosrakosi\/"},"modified":"2025-07-22T19:39:58","modified_gmt":"2025-07-22T17:39:58","slug":"szekely-sandor-aranyosrakosi","status":"publish","type":"product","link":"https:\/\/uj.adatbank.ro\/lexikon\/termek\/szekely-sandor-aranyosrakosi\/","title":{"rendered":"SZ\u00c9KELY S\u00e1ndor, aranyosr\u00e1kosi"},"content":{"rendered":"<p>Sz\u00e9kelyk\u00e1l, 1797. szept. 13., \u2020 Marosszentkir\u00e1ly, 1852. jan. 22.: k\u00f6lt\u0151, unit. lelk\u00e9sz, p\u00fcsp\u00f6k, pedag\u00f3gus. \u2013 Apja: Sz\u00e9kely Istv\u00e1n unit. lelk\u00e9sz volt Sz\u00e9kelyk\u00e1lban. Feles\u00e9ge. Fodor S\u00e1ra. \u2013 A csal\u00e1d Aranyosr\u00e1kosra k\u00f6lt\u00f6z\u00f6tt, az elemi iskol\u00e1t itt v\u00e9gezte. Sz\u00e9kelykereszt\u00faron az unit. gimn.-ban tanult (1808\u201314), Kv.-on t\u00f3g\u00e1s di\u00e1k (1814\u201320); az etimologist\u00e1k k\u00f6ztan\u00edt\u00f3ja (1818\u201319); a kir. l\u00edc.-ban jogot (1819\u201320); az unit. f\u0151isk.-n teol\u00f3gi\u00e1t tanult. B\u00e9csben a prot. teol. tanint\u00e9zetben v\u00e9gzett (1820\u201322) Gondos nevel\u00e9sben r\u00e9szes\u00fclt, kit\u0171n\u0151en j\u00e1tszott heged\u0171n, B\u00e9csben m\u0171kedvel\u0151i koncerten is k\u00f6zrem\u0171k\u00f6d\u00f6tt, sz\u00edvesen \u00e9nekelt, unit\u00e1rius egyh\u00e1zi \u00e9nekeket is \u00edrt. Az Erd. M\u00faz. munkat\u00e1rsa (1816\u2013). A b\u00e9csi prot. teol. int. ev. teol. fakult\u00e1s\u00e1nak hallgat\u00f3ja (1821\u2013). Tord\u00e1n ev. lelk\u00e9sz (1822\u2013), egy\u00fattal a gimn.-ban a teol\u00f3gia, valamint a g\u00f6r\u00f6g \u00e9s n\u00e9met nyelv tan\u00e1ra (1823\u201332), a kv.-i unit. f\u0151gimn.-ban tan\u00e1r (1832\u2013), majd igazgat\u00f3 (1836\u201338). egyh\u00e1zker\u00fcleti f\u0151jegyz\u0151 (1838\u201343), p\u00fcsp\u00f6khelyettes (1843\u201345), a homor\u00f3dalm\u00e1si zsinaton p\u00fcsp\u00f6kk\u00e9 v\u00e1lasztott\u00e1k (1845. aug. 24.\u201352), beiktatt\u00e1k (1846. j\u00fan. 30.). Meghalt Marosszentkir\u00e1lyon p\u00fcsp\u00f6ki k\u00f6r\u00fatja alkalm\u00e1val. Felette Gy\u00f6ngy\u00f6si Istv\u00e1n tartott gy\u00e1szbesz\u00e9det. K\u00f6lt\u00e9szet\u00e9t\u00e9re a romantika hatott, nemzeti mitol\u00f3gi\u00e1t teremtett. T\u00f6rt\u00e9nelmi \u00e9s egyh\u00e1zt\u00f6rt\u00e9neti m\u0171veket is \u00edrt. \u00c1tdolgozta \u00e9s b\u0151v\u00edtette t\u00f6bb mint hatvan \u00faj darabbal (tizenhetet maga szerzett) az unit\u00e1rius \u00c9nekesk\u00f6nyvet (1837). \u00cdr\u00e1sai megjelentek: Erd\u00e9lyi M\u00fazeum, Sz\u00e9pirodalmi Aj\u00e1nd\u00e9k, Hebe, Koszor\u00fa, Ur\u00e1nia, Aglaja, Tudom\u00e1nyos gy\u0171jtem\u00e9nyben. A csal\u00e1dja aj\u00e1nd\u00e9kozta k\u00e9ziratait a kv.-i Unit. Gimn.-nak. \u2013 <strong><strong>F. m.<\/strong><\/strong>: A sz\u00e9kelyek Erd\u00e9lyben: H\u0151sk\u00f6ltem\u00e9ny h\u00e1rom \u00e9nekben (H\u00e9be [zsebk\u00f6nyv], 1823; Torda, 1895; Bp., 1897; Bp., 1904); Unit\u00e1ria vall\u00e1s t\u00f6rt\u00e9netei&#8230; (Kv., 1839); Vil\u00e1gt\u00f6rt\u00e9netek, I\u2014II. (Kv., 1844); Erd\u00e9lyorsz\u00e1g t\u00f6rt\u00e9netei hiteles k\u00fatf\u0151kb\u0151l (Kv., 1845); Szent besz\u00e9dek (Kv., 1845), <strong>antol\u00f3g.:<\/strong> Versekben t\u00fcnd\u00f6kl\u0151 Erd\u00e9ly (Kv., 1941). <br \/><strong>Irod.:<\/strong> Bisztray Gyula: \u00cdr\u00f3 \u00e9s nemzet (Bp., 1943); B\u00f6l\u00f6ni Domokos: A sz\u00e9kelyek Erd\u00e9lyben (N\u00fa., 1997. m\u00e1rc. 5.); Encyc. Hung.; Erd\u00e9lyi unit. 1848\u201349.; Ga\u00e1l Gy.; Ga\u00e1l 2001; G\u00e1l Kelemen: A kv.-i Unit. Koll. T\u00f6rt\u00e9nete (Kv., 1935); Gy\u00f6ngy\u00f6ssy Istv\u00e1n: Erd\u00e9lyi unit. P\u00fcsp\u00f6k n\u00e9hai Sz\u00e9kely S\u00e1ndor \u00far gy\u00e1szeml\u00e9ke (Kv., 1852); H\u00e1zsong\u00e1rd; Horv\u00e1th Istv\u00e1n magyar irodalomt\u00f6rt\u00e9nete (Bp., 1932); Jakab Elek: A. Sz. S. (Figyel\u0151, 1882); Kelemen; Kriza levelez\u00e9s; M\u00e1ln\u00e1si; M\u00c9L; Pint\u00e9r; Rugonfalvi Kiss; Sim\u00f3 J\u00e1nos: Az unit. egyh\u00e1z t\u00f6rt\u00e9nete f\u0151bb fon\u00e1sokban (Kv., 1898); Szab\u00f3\u2013Sz\u00f6gi; Szinnyei; Szinnyei J; Sz\u0151cs Istv\u00e1n: T\u00fcnd\u00e9rkert k\u00fcl\u00f6n bej\u00e1rattal (Helikon, 6. sz., 1998. m\u00e1rc. 25.); \u00daM\u00c9L, Az unit. vall\u00e1s D\u00e1vid Ferenc kor\u00e1ban \u00e9s azut\u00e1n (Kv., 1910); \u00daMIL; Varga D\u00e9nes. A Tordai Unit\u00e1rius Gimn\u00e1zium t\u00f6rt\u00e9nete (Torda, 1907); Zov\u00e1nyi.<\/br><\/p>\n","protected":false},"excerpt":{"rendered":"<p>Sz\u00e9kelyk\u00e1l, 1797. szept. 13., \u2020 Marosszentkir\u00e1ly, 1852. jan. 22.: k\u00f6lt\u0151, unit. lelk\u00e9sz, p\u00fcsp\u00f6k, pedag\u00f3gus. \u2013 Apja: Sz\u00e9kely Istv\u00e1n unit. lelk\u00e9sz volt Sz\u00e9kelyk\u00e1lban. Feles\u00e9ge. Fodor S\u00e1ra. \u2013 A csal\u00e1d Aranyosr\u00e1kosra k\u00f6lt\u00f6z\u00f6tt, az elemi iskol\u00e1t itt v\u00e9gezte. Sz\u00e9kelykereszt\u00faron az unit. gimn.-ban tanult (1808\u201314), Kv.-on t\u00f3g\u00e1s di\u00e1k (1814\u201320); az etimologist\u00e1k k\u00f6ztan\u00edt\u00f3ja (1818\u201319); a kir. l\u00edc.-ban jogot (1819\u201320); az [&hellip;]<\/p>\n","protected":false},"featured_media":0,"comment_status":"open","ping_status":"closed","template":"","meta":[],"product_brand":[],"product_cat":[137],"product_tag":[],"class_list":{"0":"post-21851","1":"product","2":"type-product","3":"status-publish","5":"product_cat-maros-megyei-eletrajzi-lexikon","7":"first","8":"instock","9":"shipping-taxable","10":"product-type-simple"},"_links":{"self":[{"href":"https:\/\/uj.adatbank.ro\/lexikon\/wp-json\/wp\/v2\/product\/21851","targetHints":{"allow":["GET"]}}],"collection":[{"href":"https:\/\/uj.adatbank.ro\/lexikon\/wp-json\/wp\/v2\/product"}],"about":[{"href":"https:\/\/uj.adatbank.ro\/lexikon\/wp-json\/wp\/v2\/types\/product"}],"replies":[{"embeddable":true,"href":"https:\/\/uj.adatbank.ro\/lexikon\/wp-json\/wp\/v2\/comments?post=21851"}],"wp:attachment":[{"href":"https:\/\/uj.adatbank.ro\/lexikon\/wp-json\/wp\/v2\/media?parent=21851"}],"wp:term":[{"taxonomy":"product_brand","embeddable":true,"href":"https:\/\/uj.adatbank.ro\/lexikon\/wp-json\/wp\/v2\/product_brand?post=21851"},{"taxonomy":"product_cat","embeddable":true,"href":"https:\/\/uj.adatbank.ro\/lexikon\/wp-json\/wp\/v2\/product_cat?post=21851"},{"taxonomy":"product_tag","embeddable":true,"href":"https:\/\/uj.adatbank.ro\/lexikon\/wp-json\/wp\/v2\/product_tag?post=21851"}],"curies":[{"name":"wp","href":"https:\/\/api.w.org\/{rel}","templated":true}]}}