{"id":21855,"date":"2025-07-22T19:40:06","date_gmt":"2025-07-22T17:40:06","guid":{"rendered":"https:\/\/uj.adatbank.ro\/lexikon\/termek\/szekely-viktor-jozsef\/"},"modified":"2025-07-22T19:40:06","modified_gmt":"2025-07-22T17:40:06","slug":"szekely-viktor-jozsef","status":"publish","type":"product","link":"https:\/\/uj.adatbank.ro\/lexikon\/termek\/szekely-viktor-jozsef\/","title":{"rendered":"SZ\u00c9KELY Viktor J\u00f3zsef"},"content":{"rendered":"<p>1946? \u2020\u00a0Mv., 2005. febr. 13.: zenetan\u00e1r. \u2013 A mv.-i M\u0171v\u00e9szeti L\u00edc.-ban \u00e9retts\u00e9gizett (1966). Buk.-i konzervat\u00f3riumban klarin\u00e9t f\u0151szakot v\u00e9gzett. Klarin\u00e9tos volt \u00e9s a mv.-i N\u00e9pi M\u0171v\u00e9szeti iskol\u00e1ban tan\u00edtott klarin\u00e9tot \u00e9s szaxofont. Hangszeresk\u00e9nt f\u0151leg dzsesszmuzsik\u00e1t j\u00e1tszott. <br \/><strong>Irod.:<\/strong> [Nekrol\u00f3g] (N\u00fa., 2005. febr. 16.); inf. Elekes M\u00e1rta, Kov\u00e1cs Zsuzsa zenetan\u00e1rn\u0151kt\u0151l.<\/br><\/p>\n","protected":false},"excerpt":{"rendered":"<p>1946? \u2020\u00a0Mv., 2005. febr. 13.: zenetan\u00e1r. \u2013 A mv.-i M\u0171v\u00e9szeti L\u00edc.-ban \u00e9retts\u00e9gizett (1966). Buk.-i konzervat\u00f3riumban klarin\u00e9t f\u0151szakot v\u00e9gzett. Klarin\u00e9tos volt \u00e9s a mv.-i N\u00e9pi M\u0171v\u00e9szeti iskol\u00e1ban tan\u00edtott klarin\u00e9tot \u00e9s szaxofont. Hangszeresk\u00e9nt f\u0151leg dzsesszmuzsik\u00e1t j\u00e1tszott. Irod.: [Nekrol\u00f3g] (N\u00fa., 2005. febr. 16.); inf. Elekes M\u00e1rta, Kov\u00e1cs Zsuzsa zenetan\u00e1rn\u0151kt\u0151l.<\/p>\n","protected":false},"featured_media":0,"comment_status":"open","ping_status":"closed","template":"","meta":[],"product_brand":[],"product_cat":[137],"product_tag":[],"class_list":{"0":"post-21855","1":"product","2":"type-product","3":"status-publish","5":"product_cat-maros-megyei-eletrajzi-lexikon","7":"first","8":"instock","9":"shipping-taxable","10":"product-type-simple"},"_links":{"self":[{"href":"https:\/\/uj.adatbank.ro\/lexikon\/wp-json\/wp\/v2\/product\/21855","targetHints":{"allow":["GET"]}}],"collection":[{"href":"https:\/\/uj.adatbank.ro\/lexikon\/wp-json\/wp\/v2\/product"}],"about":[{"href":"https:\/\/uj.adatbank.ro\/lexikon\/wp-json\/wp\/v2\/types\/product"}],"replies":[{"embeddable":true,"href":"https:\/\/uj.adatbank.ro\/lexikon\/wp-json\/wp\/v2\/comments?post=21855"}],"wp:attachment":[{"href":"https:\/\/uj.adatbank.ro\/lexikon\/wp-json\/wp\/v2\/media?parent=21855"}],"wp:term":[{"taxonomy":"product_brand","embeddable":true,"href":"https:\/\/uj.adatbank.ro\/lexikon\/wp-json\/wp\/v2\/product_brand?post=21855"},{"taxonomy":"product_cat","embeddable":true,"href":"https:\/\/uj.adatbank.ro\/lexikon\/wp-json\/wp\/v2\/product_cat?post=21855"},{"taxonomy":"product_tag","embeddable":true,"href":"https:\/\/uj.adatbank.ro\/lexikon\/wp-json\/wp\/v2\/product_tag?post=21855"}],"curies":[{"name":"wp","href":"https:\/\/api.w.org\/{rel}","templated":true}]}}