{"id":21872,"date":"2025-07-22T19:40:42","date_gmt":"2025-07-22T17:40:42","guid":{"rendered":"https:\/\/uj.adatbank.ro\/lexikon\/termek\/szekeres-arpad-attila\/"},"modified":"2025-07-22T19:40:42","modified_gmt":"2025-07-22T17:40:42","slug":"szekeres-arpad-attila","status":"publish","type":"product","link":"https:\/\/uj.adatbank.ro\/lexikon\/termek\/szekeres-arpad-attila\/","title":{"rendered":"SZEKERES \u00c1rp\u00e1d Attila"},"content":{"rendered":"<p>Mv., 1961. aug. 31., \u2020 Mez\u0151b\u00e1nd, 2001. m\u00e1rc. 22.: \u00e1llatteny\u00e9szt\u00e9si m\u00e9rn\u00f6k. \u2013 Kv.-on v\u00e9gzett az Agron\u00f3miai Int\u00e9zetben (1985); doktor\u00e1lt. A B\u00e1ndi Sert\u00e9steny\u00e9szt\u0151 Telep\u00e9nek m\u00e9rn\u00f6ke (1985\u2013), majd vezet\u0151je (1986\u201399); A Mez\u0151gazdas\u00e1gi Szaktan\u00e1csad\u00e1si Hivatal igazgat\u00f3ja (1999\u2013). Kutat\u00e1si ter\u00fclete: \u00e1llatszapor\u00edt\u00e1s \u00e9s nemes\u00edt\u00e9s. Tanulm\u00e1nyai jelentek meg: Pig International, Revista de Zootehnie \u015fi Medicina Veterinar\u0103, Erd\u00e9lyi Gazda c. szaklapokban. \u2013 <strong>F. m.<\/strong>: Experien\u0163a C.A.P. Band Jud. Mure\u015f \u00een ob\u0163inerea unor produc\u0163ii mari de lapte (Buc., 1983); <strong>t\u00e1rssz.:<\/strong> Cre\u015fterea \u015fi exploatarea bovinelor (Tg. M., 1998); Cre\u015fterea porcilor \u00een gospod\u0103riile popula\u0163iei (Tg.M, 2000). <br \/><strong>Irod.:<\/strong> EMKK; MMK; Todea.<\/br><\/p>\n","protected":false},"excerpt":{"rendered":"<p>Mv., 1961. aug. 31., \u2020 Mez\u0151b\u00e1nd, 2001. m\u00e1rc. 22.: \u00e1llatteny\u00e9szt\u00e9si m\u00e9rn\u00f6k. \u2013 Kv.-on v\u00e9gzett az Agron\u00f3miai Int\u00e9zetben (1985); doktor\u00e1lt. A B\u00e1ndi Sert\u00e9steny\u00e9szt\u0151 Telep\u00e9nek m\u00e9rn\u00f6ke (1985\u2013), majd vezet\u0151je (1986\u201399); A Mez\u0151gazdas\u00e1gi Szaktan\u00e1csad\u00e1si Hivatal igazgat\u00f3ja (1999\u2013). Kutat\u00e1si ter\u00fclete: \u00e1llatszapor\u00edt\u00e1s \u00e9s nemes\u00edt\u00e9s. Tanulm\u00e1nyai jelentek meg: Pig International, Revista de Zootehnie \u015fi Medicina Veterinar\u0103, Erd\u00e9lyi Gazda c. szaklapokban. \u2013 [&hellip;]<\/p>\n","protected":false},"featured_media":0,"comment_status":"open","ping_status":"closed","template":"","meta":[],"product_brand":[],"product_cat":[137],"product_tag":[],"class_list":{"0":"post-21872","1":"product","2":"type-product","3":"status-publish","5":"product_cat-maros-megyei-eletrajzi-lexikon","7":"first","8":"instock","9":"shipping-taxable","10":"product-type-simple"},"_links":{"self":[{"href":"https:\/\/uj.adatbank.ro\/lexikon\/wp-json\/wp\/v2\/product\/21872","targetHints":{"allow":["GET"]}}],"collection":[{"href":"https:\/\/uj.adatbank.ro\/lexikon\/wp-json\/wp\/v2\/product"}],"about":[{"href":"https:\/\/uj.adatbank.ro\/lexikon\/wp-json\/wp\/v2\/types\/product"}],"replies":[{"embeddable":true,"href":"https:\/\/uj.adatbank.ro\/lexikon\/wp-json\/wp\/v2\/comments?post=21872"}],"wp:attachment":[{"href":"https:\/\/uj.adatbank.ro\/lexikon\/wp-json\/wp\/v2\/media?parent=21872"}],"wp:term":[{"taxonomy":"product_brand","embeddable":true,"href":"https:\/\/uj.adatbank.ro\/lexikon\/wp-json\/wp\/v2\/product_brand?post=21872"},{"taxonomy":"product_cat","embeddable":true,"href":"https:\/\/uj.adatbank.ro\/lexikon\/wp-json\/wp\/v2\/product_cat?post=21872"},{"taxonomy":"product_tag","embeddable":true,"href":"https:\/\/uj.adatbank.ro\/lexikon\/wp-json\/wp\/v2\/product_tag?post=21872"}],"curies":[{"name":"wp","href":"https:\/\/api.w.org\/{rel}","templated":true}]}}