{"id":21873,"date":"2025-07-22T19:40:45","date_gmt":"2025-07-22T17:40:45","guid":{"rendered":"https:\/\/uj.adatbank.ro\/lexikon\/termek\/szekeres-elek\/"},"modified":"2025-07-22T19:40:45","modified_gmt":"2025-07-22T17:40:45","slug":"szekeres-elek","status":"publish","type":"product","link":"https:\/\/uj.adatbank.ro\/lexikon\/termek\/szekeres-elek\/","title":{"rendered":"SZEKERES Elek"},"content":{"rendered":"<p>? 1843., \u2020 Mv., 1893.: tan\u00edt\u00f3. \u2013 A mv.-i polg\u00e1ri iskola \u00f3raad\u00f3 \u00e9nektan\u00edt\u00f3ja, majd ev. ref. tan\u00edt\u00f3. Voczelka Ede tan\u00edtv\u00e1nyak\u00e9nt k\u00e9pzett orgonist\u00e1ja volt a ref. egyh\u00e1znak. A Mv.-i Iparos Polg\u00e1ri Dalegylet megalakul\u00e1sakor karnagya (1870). A MT megyei \u00c1lt. Tan\u00edt\u00f3test\u00fclet k\u00f6nyvt\u00e1rosa (1878). <br \/><strong>Irod.:<\/strong> Eml\u00e9kk\u00f6nyv; K. Kiss Ferenc: A mv.-i k\u00f3rus\u00e9let m\u00faltj\u00e1r\u00f3l (\u00daj \u00c9let, 22. sz. 1980), L\u00e9n\u00e1rt J\u00f3zsef: Vocelka Ede eml\u00e9kezete (Maros-Vid\u00e9k, 1880. j\u00fal. 8., 1880. j\u00fal. 16., 1880. j\u00fal. 22.); Nemes; P\u00e1lmay J\u00f3zsef.<\/br><\/p>\n","protected":false},"excerpt":{"rendered":"<p>? 1843., \u2020 Mv., 1893.: tan\u00edt\u00f3. \u2013 A mv.-i polg\u00e1ri iskola \u00f3raad\u00f3 \u00e9nektan\u00edt\u00f3ja, majd ev. ref. tan\u00edt\u00f3. Voczelka Ede tan\u00edtv\u00e1nyak\u00e9nt k\u00e9pzett orgonist\u00e1ja volt a ref. egyh\u00e1znak. A Mv.-i Iparos Polg\u00e1ri Dalegylet megalakul\u00e1sakor karnagya (1870). A MT megyei \u00c1lt. Tan\u00edt\u00f3test\u00fclet k\u00f6nyvt\u00e1rosa (1878). Irod.: Eml\u00e9kk\u00f6nyv; K. Kiss Ferenc: A mv.-i k\u00f3rus\u00e9let m\u00faltj\u00e1r\u00f3l (\u00daj \u00c9let, 22. sz. 1980), [&hellip;]<\/p>\n","protected":false},"featured_media":0,"comment_status":"open","ping_status":"closed","template":"","meta":[],"product_brand":[],"product_cat":[137],"product_tag":[],"class_list":{"0":"post-21873","1":"product","2":"type-product","3":"status-publish","5":"product_cat-maros-megyei-eletrajzi-lexikon","7":"first","8":"instock","9":"shipping-taxable","10":"product-type-simple"},"_links":{"self":[{"href":"https:\/\/uj.adatbank.ro\/lexikon\/wp-json\/wp\/v2\/product\/21873","targetHints":{"allow":["GET"]}}],"collection":[{"href":"https:\/\/uj.adatbank.ro\/lexikon\/wp-json\/wp\/v2\/product"}],"about":[{"href":"https:\/\/uj.adatbank.ro\/lexikon\/wp-json\/wp\/v2\/types\/product"}],"replies":[{"embeddable":true,"href":"https:\/\/uj.adatbank.ro\/lexikon\/wp-json\/wp\/v2\/comments?post=21873"}],"wp:attachment":[{"href":"https:\/\/uj.adatbank.ro\/lexikon\/wp-json\/wp\/v2\/media?parent=21873"}],"wp:term":[{"taxonomy":"product_brand","embeddable":true,"href":"https:\/\/uj.adatbank.ro\/lexikon\/wp-json\/wp\/v2\/product_brand?post=21873"},{"taxonomy":"product_cat","embeddable":true,"href":"https:\/\/uj.adatbank.ro\/lexikon\/wp-json\/wp\/v2\/product_cat?post=21873"},{"taxonomy":"product_tag","embeddable":true,"href":"https:\/\/uj.adatbank.ro\/lexikon\/wp-json\/wp\/v2\/product_tag?post=21873"}],"curies":[{"name":"wp","href":"https:\/\/api.w.org\/{rel}","templated":true}]}}

<p>? 1843., † Mv., 1893.: tanító. – A mv.-i polgári iskola óraadó énektanítója, majd ev. ref. tanító. Voczelka Ede tanítványaként képzett orgonistája volt a ref. egyháznak. A Mv.-i Iparos Polgári Dalegylet megalakulásakor karnagya (1870). A MT megyei Ált. Tanítótestület könyvtárosa (1878). <br /><strong>Irod.:</strong> Emlékkönyv; K. Kiss Ferenc: A mv.-i kórusélet múltjáról (Új Élet, 22. sz. 1980), Lénárt József: Vocelka Ede emlékezete (Maros-Vidék, 1880. júl. 8., 1880. júl. 16., 1880. júl. 22.); Nemes; Pálmay József.</br></p>

<p>? 1843., † Mv., 1893.: tanító. – A mv.-i polgári iskola óraadó énektanítója, majd ev. ref. tanító. Voczelka Ede tanítványaként képzett orgonistája volt a ref. egyháznak. A Mv.-i Iparos Polgári Dalegylet megalakulásakor karnagya (1870). A MT megyei Ált. Tanítótestület könyvtárosa (1878). Irod.: Emlékkönyv; K. Kiss Ferenc: A mv.-i kórusélet múltjáról (Új Élet, 22. sz. 1980), [&hellip;]</p>
