{"id":2188,"date":"2025-06-28T12:06:24","date_gmt":"2025-06-28T10:06:24","guid":{"rendered":"https:\/\/uj.adatbank.ro\/lexikon\/termek\/banffy-janos-%c2%a7-losonczi-br-banffi-janos\/"},"modified":"2025-06-28T12:06:24","modified_gmt":"2025-06-28T10:06:24","slug":"banffy-janos-%c2%a7-losonczi-br-banffi-janos","status":"publish","type":"product","link":"https:\/\/uj.adatbank.ro\/lexikon\/termek\/banffy-janos-%c2%a7-losonczi-br-banffi-janos\/","title":{"rendered":"B\u00c1NFFY J\u00e1nos, \u00a7 losonczi br., B\u00e1nffi J\u00e1nos"},"content":{"rendered":"<p>Fugad, 1810. szept. 17., \u2020 Beresztelke, 1873. dec. 8. Sz\u00e1sz Domokos b\u00facs\u00faztatta: f\u00f6ldbirtokos, politikus, f\u0151isp\u00e1nja, ogy. k\u00e9pvisel\u0151. \u2013 Br. B. Ferenc (1784\u20131839) \u00e9s zeykfalvi Zeyk Zsuzsanna (1785\u20131865) fia. Feles\u00e9ge: hadadi br. Wessel\u00e9nyi Jozefa (1812\u20131899). Gyermekeik: Polyxena (Beresztelke, 1835. dec. 8.-Bp., 1916. okt. 28.) br. Kem\u00e9ny K\u00e1lm\u00e1nn\u00e9; Marie; Zolt\u00e1n (Beresztelke, 1841. szept. 15.- Beresztelke, 1892. j\u00fan. 7.); J\u00f3z\u00e9fa P\u00e1lffy D\u00e9nesn\u00e9; Endre; Rachel (Mv., 1859. j\u00fan. 21.-Vasasszentgoth\u00e1rd, 1936. j\u00fan. 15.) gr. Wass B\u00e9l\u00e1n\u00e9. \u2013 Id. Sz\u00e1sz K\u00e1roly tan\u00e1r vezet\u00e9se alatt v\u00e9gezte a jogot azut\u00e1n k\u00fclf\u00f6ldre ment, beutazta Sv\u00e1jcot, N\u00e9met- \u00e9s Franciao.-ot k\u00e9t rokona, br. Kem\u00e9ny Domokos \u00e9s Zeyk J\u00f3zsef t\u00e1rsas\u00e1g\u00e1ban (1830\u201334). Apj\u00e1t\u00f3l kapta a beresztelki b\u00edrtokot, ahol otthonuk a 18. sz.-i magasf\u00f6ldsz\u00edntes \u00f6tszob\u00e1s udvarh\u00e1z. Itt volt Erd\u00e9ly egyetlen mintagazdas\u00e1ga, \u00e1ll\u00edtotta a falu jegyz\u0151je, Kereszt\u00e9j Istv\u00e1n (1864). A B. csal\u00e1dnak m\u00e9g volt malma Holtmaroson, fogad\u00f3ja P\u00f3k\u00e1ban. Ogy.-i k\u00e9pvisel\u0151 (1834, 1848, 1869). A mv.-i Ref. Koll. f\u0151gondnoka (1845. okt. 2. \u201373). K\u00fck\u00fcll\u0151megye f\u0151isp\u00e1nja (1848\u201349); az 1848-as forradalmat Dics\u0151szentm\u00e1rtonban \u00e9lte \u00e1t, a csal\u00e1dot Mv.-re k\u00f6lt\u00f6ztette, a beresztelki otthonukat rom\u00e1nok kifosztott\u00e1k. Dics\u0151szentm\u00e1rtonb\u00f3l k\u00e9rt seg\u00edts\u00e9get a f\u0151kir\u00e1lyb\u00edr\u00f3 gr. Toldalagi Ferenct\u0151l, h. a Bal\u00e1zsfalv\u00e1n kasz\u00e1kkal \u00e9s vill\u00e1kkal felfegyverzett rom\u00e1nokat megf\u00e9kezhesse (1848. szept. 17.). A szabads\u00e1gharc ut\u00e1n beresztelki h\u00e1z\u00e1ban a gazdas\u00e1g\u00e1nak \u00e9lt. R\u00e9szt vett az Orsz\u00e1gos M. Gazdas\u00e1gi Egyes\u00fclet \u00fajj\u00e1alakit\u00e1s\u00e1ban \u00e9s annak v\u00e1lasztm\u00e1nyi tagja volt (1854). Tordamegy\u00e9nek t\u00f6bb ogy.-en volt k\u00e9pvisel\u0151je (1869\u2013). Gazdas\u00e1gi cikkeket \u00edrt a Falusi Gazda (1864), Erd\u00e9lyi Gazda (1869\u201370), Erd\u00e9lyi Gazdas\u00e1gi Egyes\u00fclet \u00c9vlapjaiban (1860). \u2013 <strong>F. m.:<\/strong> R\u00f6vid utas\u00edt\u00e1s egy h\u00fasz hold ter\u00fclet\u0171 v\u00e1lt\u00f3gazdas\u00e1g berendez\u00e9s\u00e9re (Kv., 1859); B\u00e1r a kertem nagyobb volna (Kv., 1866, 1867); T\u00e2rn\u0103veni: Prefectul B. I. catre guvernul Transilvaniei = Dragomir, Silviu: Studii si documente privit. la rev. Rom. din Transilvania \u00een anii 1848\u201349 (Sibiu, 1944). <br \/><strong>Irod.:<\/strong> 1848\u20131849 Marossz\u00e9k; 1848\u20131849 Transilvania; Bi\u00e1s Istv\u00e1n; Bicsok\u2013Orb\u00e1n; Gudenus; Gy\u00e1szjelent\u0151; Halotti besz\u00e9dek; Id\u0151t\u00e1r 2; Keresztes 1995; Koncz; Mo. f\u0151isp\u00e1njai; \u00d6tv\u00f6s; Paget; P\u00e1l-Antal \u2013 Szab\u00f3, 2.; P\u00e1lffy; Par\u00e1di; Pesty 2014; Szinnyei; Szinnyei J; Wessel\u00e9nyi Jozefa: B. B\u00e1nffy J\u00e1nosn\u00e9 Wessel\u00e9nyi Jozefa eml\u00e9kirata az 1848\u201349-i \u00e9lm\u00e9nyeir\u0151l (Kv., 1931)<\/br><\/p>\n","protected":false},"excerpt":{"rendered":"<p>Fugad, 1810. szept. 17., \u2020 Beresztelke, 1873. dec. 8. Sz\u00e1sz Domokos b\u00facs\u00faztatta: f\u00f6ldbirtokos, politikus, f\u0151isp\u00e1nja, ogy. k\u00e9pvisel\u0151. \u2013 Br. B. Ferenc (1784\u20131839) \u00e9s zeykfalvi Zeyk Zsuzsanna (1785\u20131865) fia. Feles\u00e9ge: hadadi br. Wessel\u00e9nyi Jozefa (1812\u20131899). Gyermekeik: Polyxena (Beresztelke, 1835. dec. 8.-Bp., 1916. okt. 28.) br. Kem\u00e9ny K\u00e1lm\u00e1nn\u00e9; Marie; Zolt\u00e1n (Beresztelke, 1841. szept. 15.- Beresztelke, 1892. j\u00fan. [&hellip;]<\/p>\n","protected":false},"featured_media":0,"comment_status":"open","ping_status":"closed","template":"","meta":[],"product_brand":[],"product_cat":[137],"product_tag":[],"class_list":{"0":"post-2188","1":"product","2":"type-product","3":"status-publish","5":"product_cat-maros-megyei-eletrajzi-lexikon","7":"first","8":"instock","9":"shipping-taxable","10":"product-type-simple"},"_links":{"self":[{"href":"https:\/\/uj.adatbank.ro\/lexikon\/wp-json\/wp\/v2\/product\/2188","targetHints":{"allow":["GET"]}}],"collection":[{"href":"https:\/\/uj.adatbank.ro\/lexikon\/wp-json\/wp\/v2\/product"}],"about":[{"href":"https:\/\/uj.adatbank.ro\/lexikon\/wp-json\/wp\/v2\/types\/product"}],"replies":[{"embeddable":true,"href":"https:\/\/uj.adatbank.ro\/lexikon\/wp-json\/wp\/v2\/comments?post=2188"}],"wp:attachment":[{"href":"https:\/\/uj.adatbank.ro\/lexikon\/wp-json\/wp\/v2\/media?parent=2188"}],"wp:term":[{"taxonomy":"product_brand","embeddable":true,"href":"https:\/\/uj.adatbank.ro\/lexikon\/wp-json\/wp\/v2\/product_brand?post=2188"},{"taxonomy":"product_cat","embeddable":true,"href":"https:\/\/uj.adatbank.ro\/lexikon\/wp-json\/wp\/v2\/product_cat?post=2188"},{"taxonomy":"product_tag","embeddable":true,"href":"https:\/\/uj.adatbank.ro\/lexikon\/wp-json\/wp\/v2\/product_tag?post=2188"}],"curies":[{"name":"wp","href":"https:\/\/api.w.org\/{rel}","templated":true}]}}

BÁNFFY János, § losonczi br., Bánffi János

<p>Fugad, 1810. szept. 17., † Beresztelke, 1873. dec. 8. Szász Domokos búcsúztatta: földbirtokos, politikus, főispánja, ogy. képviselő. – Br. B. Ferenc (1784–1839) és zeykfalvi Zeyk Zsuzsanna (1785–1865) fia. Felesége: hadadi br. Wesselényi Jozefa (1812–1899). Gyermekeik: Polyxena (Beresztelke, 1835. dec. 8.-Bp., 1916. okt. 28.) br. Kemény Kálmánné; Marie; Zoltán (Beresztelke, 1841. szept. 15.- Beresztelke, 1892. jún. 7.); Józéfa Pálffy Dénesné; Endre; Rachel (Mv., 1859. jún. 21.-Vasasszentgothárd, 1936. jún. 15.) gr. Wass Béláné. – Id. Szász Károly tanár vezetése alatt végezte a jogot azután külföldre ment, beutazta Svájcot, Német- és Franciao.-ot két rokona, br. Kemény Domokos és Zeyk József társaságában (1830–34). Apjától kapta a beresztelki bírtokot, ahol otthonuk a 18. sz.-i magasföldszíntes ötszobás udvarház. Itt volt Erdély egyetlen mintagazdasága, állította a falu jegyzője, Keresztéj István (1864). A B. családnak még volt malma Holtmaroson, fogadója Pókában. Ogy.-i képviselő (1834, 1848, 1869). A mv.-i Ref. Koll. főgondnoka (1845. okt. 2. –73). Küküllőmegye főispánja (1848–49); az 1848-as forradalmat Dicsőszentmártonban élte át, a családot Mv.-re költöztette, a beresztelki otthonukat románok kifosztották. Dicsőszentmártonból kért segítséget a főkirálybíró gr. Toldalagi Ferenctől, h. a Balázsfalván kaszákkal és villákkal felfegyverzett románokat megfékezhesse (1848. szept. 17.). A szabadságharc után beresztelki házában a gazdaságának élt. Részt vett az Országos M. Gazdasági Egyesület újjáalakitásában és annak választmányi tagja volt (1854). Tordamegyének több ogy.-en volt képviselője (1869–). Gazdasági cikkeket írt a Falusi Gazda (1864), Erdélyi Gazda (1869–70), Erdélyi Gazdasági Egyesület Évlapjaiban (1860). – <strong>F. m.:</strong> Rövid utasítás egy húsz hold területű váltógazdaság berendezésére (Kv., 1859); Bár a kertem nagyobb volna (Kv., 1866, 1867); Târnăveni: Prefectul B. I. catre guvernul Transilvaniei = Dragomir, Silviu: Studii si documente privit. la rev. Rom. din Transilvania în anii 1848–49 (Sibiu, 1944). <br /><strong>Irod.:</strong> 1848–1849 Marosszék; 1848–1849 Transilvania; Biás István; Bicsok–Orbán; Gudenus; Gyászjelentő; Halotti beszédek; Időtár 2; Keresztes 1995; Koncz; Mo. főispánjai; Ötvös; Paget; Pál-Antal – Szabó, 2.; Pálffy; Parádi; Pesty 2014; Szinnyei; Szinnyei J; Wesselényi Jozefa: B. Bánffy Jánosné Wesselényi Jozefa emlékirata az 1848–49-i élményeiről (Kv., 1931)</br></p>

<p>Fugad, 1810. szept. 17., † Beresztelke, 1873. dec. 8. Szász Domokos búcsúztatta: földbirtokos, politikus, főispánja, ogy. képviselő. – Br. B. Ferenc (1784–1839) és zeykfalvi Zeyk Zsuzsanna (1785–1865) fia. Felesége: hadadi br. Wesselényi Jozefa (1812–1899). Gyermekeik: Polyxena (Beresztelke, 1835. dec. 8.-Bp., 1916. okt. 28.) br. Kemény Kálmánné; Marie; Zoltán (Beresztelke, 1841. szept. 15.- Beresztelke, 1892. jún. [&hellip;]</p>
