{"id":21882,"date":"2025-07-22T19:41:04","date_gmt":"2025-07-22T17:41:04","guid":{"rendered":"https:\/\/uj.adatbank.ro\/lexikon\/termek\/szekeres-istvan-2\/"},"modified":"2025-07-22T19:41:04","modified_gmt":"2025-07-22T17:41:04","slug":"szekeres-istvan-2","status":"publish","type":"product","link":"https:\/\/uj.adatbank.ro\/lexikon\/termek\/szekeres-istvan-2\/","title":{"rendered":"SZEKERES Istv\u00e1n"},"content":{"rendered":"<p>Mez\u0151madaras, 1924. m\u00e1j. 15., \u2020\u00a0Sepsiszentgy\u00f6rgy, 1999. okt. 7.: ref. lelk\u00e9sz. \u2013 Fia: Sz. Ger\u0151, \u00e9p\u00edt\u00e9sz, hegym\u00e1sz\u00f3. \u2013 Mv.-en a Ref. Koll.-ban \u00e9retts\u00e9gizett (1943); Kv.-on a Ref. Teol\u00f3gi\u00e1n szerzett oklevelet (1947). Lelk\u00e9sz K\u00e9zdiv\u00e1s\u00e1rhelyen, K\u00f6pecen, Brass\u00f3ban (1947\u201351); Mez\u0151madarason (1951\u201374); Radn\u00f3ton (1974. j\u00fal.\u201395. dec.); nyugd\u00edjba vonul\u00e1sa ut\u00e1n (1995) Sepsiszentgy\u00f6rgy\u00f6n \u00e9lt. Tanulm\u00e1nyai, pr\u00e9dik\u00e1ci\u00f3i megjelentek a Reform\u00e1tus Szemle, Igehirdet\u0151, \u00dczenet-ben. \u2013 <strong>F. m.<\/strong>: Ki\u00e1lts: Pr\u00e9dik\u00e1ci\u00f3k (Radn\u00f3t, 1991), B\u00edzz\u00e1l: Pr\u00e9dik\u00e1ci\u00f3k (1996). <br \/><strong>Irod.:<\/strong> Iernut; KKACs, [Nekrol\u00f3g] (N\u00fa., 1999. okt. 8.); RMKK; Szekeres Attila Istv\u00e1n: 400 \u00e9v t\u00f6rt\u00e9nelem (N\u00fa., 2007. nov. 7.).<\/br><\/p>\n","protected":false},"excerpt":{"rendered":"<p>Mez\u0151madaras, 1924. m\u00e1j. 15., \u2020\u00a0Sepsiszentgy\u00f6rgy, 1999. okt. 7.: ref. lelk\u00e9sz. \u2013 Fia: Sz. Ger\u0151, \u00e9p\u00edt\u00e9sz, hegym\u00e1sz\u00f3. \u2013 Mv.-en a Ref. Koll.-ban \u00e9retts\u00e9gizett (1943); Kv.-on a Ref. Teol\u00f3gi\u00e1n szerzett oklevelet (1947). Lelk\u00e9sz K\u00e9zdiv\u00e1s\u00e1rhelyen, K\u00f6pecen, Brass\u00f3ban (1947\u201351); Mez\u0151madarason (1951\u201374); Radn\u00f3ton (1974. j\u00fal.\u201395. dec.); nyugd\u00edjba vonul\u00e1sa ut\u00e1n (1995) Sepsiszentgy\u00f6rgy\u00f6n \u00e9lt. Tanulm\u00e1nyai, pr\u00e9dik\u00e1ci\u00f3i megjelentek a Reform\u00e1tus Szemle, Igehirdet\u0151, \u00dczenet-ben. [&hellip;]<\/p>\n","protected":false},"featured_media":0,"comment_status":"open","ping_status":"closed","template":"","meta":[],"product_brand":[],"product_cat":[137],"product_tag":[],"class_list":{"0":"post-21882","1":"product","2":"type-product","3":"status-publish","5":"product_cat-maros-megyei-eletrajzi-lexikon","7":"first","8":"instock","9":"shipping-taxable","10":"product-type-simple"},"_links":{"self":[{"href":"https:\/\/uj.adatbank.ro\/lexikon\/wp-json\/wp\/v2\/product\/21882","targetHints":{"allow":["GET"]}}],"collection":[{"href":"https:\/\/uj.adatbank.ro\/lexikon\/wp-json\/wp\/v2\/product"}],"about":[{"href":"https:\/\/uj.adatbank.ro\/lexikon\/wp-json\/wp\/v2\/types\/product"}],"replies":[{"embeddable":true,"href":"https:\/\/uj.adatbank.ro\/lexikon\/wp-json\/wp\/v2\/comments?post=21882"}],"wp:attachment":[{"href":"https:\/\/uj.adatbank.ro\/lexikon\/wp-json\/wp\/v2\/media?parent=21882"}],"wp:term":[{"taxonomy":"product_brand","embeddable":true,"href":"https:\/\/uj.adatbank.ro\/lexikon\/wp-json\/wp\/v2\/product_brand?post=21882"},{"taxonomy":"product_cat","embeddable":true,"href":"https:\/\/uj.adatbank.ro\/lexikon\/wp-json\/wp\/v2\/product_cat?post=21882"},{"taxonomy":"product_tag","embeddable":true,"href":"https:\/\/uj.adatbank.ro\/lexikon\/wp-json\/wp\/v2\/product_tag?post=21882"}],"curies":[{"name":"wp","href":"https:\/\/api.w.org\/{rel}","templated":true}]}}