{"id":21890,"date":"2025-07-22T19:41:22","date_gmt":"2025-07-22T17:41:22","guid":{"rendered":"https:\/\/uj.adatbank.ro\/lexikon\/termek\/szekeres-janos-csikszenttamasi\/"},"modified":"2025-07-22T19:41:22","modified_gmt":"2025-07-22T17:41:22","slug":"szekeres-janos-csikszenttamasi","status":"publish","type":"product","link":"https:\/\/uj.adatbank.ro\/lexikon\/termek\/szekeres-janos-csikszenttamasi\/","title":{"rendered":"SZEKERES J\u00e1nos, cs\u00edkszenttam\u00e1si"},"content":{"rendered":"<p>? \u2020\u00a01841. szept. 27.: r. k. pap, tan\u00e1r. \u2013 Papp\u00e1 szentelt\u00e9k (1834. aug. 4.). Tan\u00e1r Mv.-en (1834\u201339), Sz\u00e9kelyudvarhelyen (1839\u2013), majd Ojtozon pl\u00e9b\u00e1nos. <br \/><strong>Irod.:<\/strong> Ferenczi S\u00e1ndor 2009.<\/br><\/p>\n","protected":false},"excerpt":{"rendered":"<p>? \u2020\u00a01841. szept. 27.: r. k. pap, tan\u00e1r. \u2013 Papp\u00e1 szentelt\u00e9k (1834. aug. 4.). Tan\u00e1r Mv.-en (1834\u201339), Sz\u00e9kelyudvarhelyen (1839\u2013), majd Ojtozon pl\u00e9b\u00e1nos. Irod.: Ferenczi S\u00e1ndor 2009.<\/p>\n","protected":false},"featured_media":0,"comment_status":"open","ping_status":"closed","template":"","meta":[],"product_brand":[],"product_cat":[137],"product_tag":[],"class_list":{"0":"post-21890","1":"product","2":"type-product","3":"status-publish","5":"product_cat-maros-megyei-eletrajzi-lexikon","7":"first","8":"instock","9":"shipping-taxable","10":"product-type-simple"},"_links":{"self":[{"href":"https:\/\/uj.adatbank.ro\/lexikon\/wp-json\/wp\/v2\/product\/21890","targetHints":{"allow":["GET"]}}],"collection":[{"href":"https:\/\/uj.adatbank.ro\/lexikon\/wp-json\/wp\/v2\/product"}],"about":[{"href":"https:\/\/uj.adatbank.ro\/lexikon\/wp-json\/wp\/v2\/types\/product"}],"replies":[{"embeddable":true,"href":"https:\/\/uj.adatbank.ro\/lexikon\/wp-json\/wp\/v2\/comments?post=21890"}],"wp:attachment":[{"href":"https:\/\/uj.adatbank.ro\/lexikon\/wp-json\/wp\/v2\/media?parent=21890"}],"wp:term":[{"taxonomy":"product_brand","embeddable":true,"href":"https:\/\/uj.adatbank.ro\/lexikon\/wp-json\/wp\/v2\/product_brand?post=21890"},{"taxonomy":"product_cat","embeddable":true,"href":"https:\/\/uj.adatbank.ro\/lexikon\/wp-json\/wp\/v2\/product_cat?post=21890"},{"taxonomy":"product_tag","embeddable":true,"href":"https:\/\/uj.adatbank.ro\/lexikon\/wp-json\/wp\/v2\/product_tag?post=21890"}],"curies":[{"name":"wp","href":"https:\/\/api.w.org\/{rel}","templated":true}]}}